{"id":816,"date":"2024-02-12T12:27:13","date_gmt":"2024-02-12T11:27:13","guid":{"rendered":"https:\/\/agora.xtec.cat\/ceiplajota\/?page_id=816"},"modified":"2024-12-19T21:57:24","modified_gmt":"2024-12-19T20:57:24","slug":"carnaval","status":"publish","type":"page","link":"https:\/\/agora.xtec.cat\/ceiplajota\/festes-a-lescola\/carnaval\/","title":{"rendered":"Carnaval"},"content":{"rendered":"<p><a href=\"https:\/\/agora.xtec.cat\/ceiplajota\/wp-content\/uploads\/usu1571\/2024\/04\/Foto-1.png\"><img loading=\"lazy\" decoding=\"async\" class=\"aligncenter size-full wp-image-6187\" src=\"https:\/\/agora.xtec.cat\/ceiplajota\/wp-content\/uploads\/usu1571\/2024\/04\/Foto-1.png\" alt=\"\" width=\"175\" height=\"121\" \/><\/a><\/p>\n<p>La festa del <strong>CARNAVAL<\/strong> \u00e9s una festa molt viscuda i arrelada a l&#8217;escola i a la poblaci\u00f3. Tota la comunitat educativa en gaudeix i es realitzen moltes activitats de gresca de forma compartida.<\/p>\n<p>Tot comen\u00e7a amb la preparaci\u00f3 de les disfresses, pensant quina i com fer-la. Aquesta disfressa va sempre relacionada amb el tema del nostre projecte d&#8217;escola del curs, el Projecte &#8220;Una finestra oberta al m\u00f3n&#8221;. La disfressa es fa al centre amb la col\u00b7laboraci\u00f3 de les fam\u00edlies que venen i ens ajuden.<\/p>\n<p>El Rei Carnestoltes ens envia les <strong>ordres o consignes<\/strong> que durant tota la setmana cal seguir. Els nens i nenes de sis\u00e8 ens les expliquen. Amb pijama, amb mitjons de colors\u00a0 o amb la cara maquillada, tota la setmana hem anat una mica esbojarrats.<\/p>\n<p>Per <strong>Dijous Gras <\/strong>\u00a0fem una desfilada dins del centre, que mostrem i compartim amb les fam\u00edlies. Cadasc\u00fa es disfressa del qu\u00e8 vol (disfressa lliure) i veiem comparses, veiem fills i pares disfressats igual &#8230; Tots molts divertits i amb moltes ganes de passar-ho b\u00e9.<\/p>\n<p>Els nens i nenes de sis\u00e8 ens fan el <strong>preg\u00f3.\u00a0<\/strong>Un treball d&#8217;expressi\u00f3 escrita que recull idees de l&#8217;actualitat del m\u00f3n, de la localitat i de l&#8217;escola. Amb rimes i gresca ens llegeixen el preg\u00f3 el divendres de carnaval.<\/p>\n<p>El divendres en agrada fer la R<strong>ua de Carnaval.<\/strong> Sortim a desfilar per la poblaci\u00f3 junt amb els altres centres educatius. Volem mostrar les nostres disfresses, les que hem anat fent a classe i veure com van els altres. Volem compartir amb la resta d&#8217;infants i adolescents de la poblaci\u00f3, amb les fam\u00edlies, amb els comer\u00e7os &#8230;. les ganes de ballar i riure. Amb la m\u00fasica\u00a0 desfilem i ballem i una bona estona passem!!!<\/p>\n<p>La imaginaci\u00f3, la creativitat, el treball motriu, la col\u00b7laboraci\u00f3, &#8230;, tot envoltat de la gresca i la disbauxa t\u00edpica del carnaval.<\/p>\n<p>En aquesta festa l&#8217;<strong>AFA<\/strong> tamb\u00e9 \u00e9s molt important, ens conviden a un petit berenar, ens ajuden en la rua, ens ajuden amb les disfresses,&#8230;<\/p>\n<p><a href=\"https:\/\/agora.xtec.cat\/ceiplajota\/wp-content\/uploads\/usu1571\/2024\/04\/Foto-4.png\"><img loading=\"lazy\" decoding=\"async\" class=\"aligncenter size-full wp-image-6188\" src=\"https:\/\/agora.xtec.cat\/ceiplajota\/wp-content\/uploads\/usu1571\/2024\/04\/Foto-4.png\" alt=\"\" width=\"168\" height=\"82\" \/><\/a><\/p>\n<p>&nbsp;<\/p>\n","protected":false},"excerpt":{"rendered":"<p><a href=\"https:\/\/agora.xtec.cat\/ceiplajota\/wp-content\/uploads\/usu1571\/2024\/04\/Foto-1.png\"><\/a><br \/>\nLa festa del CARNAVAL \u00e9s una festa molt viscuda i arrelada a l&#8217;escola i a la poblaci\u00f3. Tota la comunitat educativa en gaudeix i es realitzen moltes activitats de gresca de forma compartida.<br \/>\nTot comen\u00e7a amb la preparaci\u00f3 de les disfresses, pensant quina i com&hellip;  <a href=\"https:\/\/agora.xtec.cat\/ceiplajota\/festes-a-lescola\/carnaval\/\" title=\"Read Carnaval\">Llegeix m\u00e9s\u00bb<\/a><\/p>\n","protected":false},"author":1,"featured_media":0,"parent":721,"menu_order":0,"comment_status":"closed","ping_status":"closed","template":"page-templates\/side-menu.php","meta":{"_bbp_topic_count":0,"_bbp_reply_count":0,"_bbp_total_topic_count":0,"_bbp_total_reply_count":0,"_bbp_voice_count":0,"_bbp_anonymous_reply_count":0,"_bbp_topic_count_hidden":0,"_bbp_reply_count_hidden":0,"_bbp_forum_subforum_count":0,"footnotes":""},"class_list":["post-816","page","type-page","status-publish","hentry"],"post_mailing_queue_ids":[],"_links":{"self":[{"href":"https:\/\/agora.xtec.cat\/ceiplajota\/wp-json\/wp\/v2\/pages\/816","targetHints":{"allow":["GET"]}}],"collection":[{"href":"https:\/\/agora.xtec.cat\/ceiplajota\/wp-json\/wp\/v2\/pages"}],"about":[{"href":"https:\/\/agora.xtec.cat\/ceiplajota\/wp-json\/wp\/v2\/types\/page"}],"author":[{"embeddable":true,"href":"https:\/\/agora.xtec.cat\/ceiplajota\/wp-json\/wp\/v2\/users\/1"}],"replies":[{"embeddable":true,"href":"https:\/\/agora.xtec.cat\/ceiplajota\/wp-json\/wp\/v2\/comments?post=816"}],"version-history":[{"count":5,"href":"https:\/\/agora.xtec.cat\/ceiplajota\/wp-json\/wp\/v2\/pages\/816\/revisions"}],"predecessor-version":[{"id":6541,"href":"https:\/\/agora.xtec.cat\/ceiplajota\/wp-json\/wp\/v2\/pages\/816\/revisions\/6541"}],"up":[{"embeddable":true,"href":"https:\/\/agora.xtec.cat\/ceiplajota\/wp-json\/wp\/v2\/pages\/721"}],"wp:attachment":[{"href":"https:\/\/agora.xtec.cat\/ceiplajota\/wp-json\/wp\/v2\/media?parent=816"}],"curies":[{"name":"wp","href":"https:\/\/api.w.org\/{rel}","templated":true}]}}

<p><a href="https://agora.xtec.cat/ceiplajota/wp-content/uploads/usu1571/2024/04/Foto-1.png"><img loading="lazy" decoding="async" class="aligncenter size-full wp-image-6187" src="https://agora.xtec.cat/ceiplajota/wp-content/uploads/usu1571/2024/04/Foto-1.png" alt="" width="175" height="121" /></a></p>
<p>La festa del <strong>CARNAVAL</strong> és una festa molt viscuda i arrelada a l&#8217;escola i a la població. Tota la comunitat educativa en gaudeix i es realitzen moltes activitats de gresca de forma compartida.</p>
<p>Tot comença amb la preparació de les disfresses, pensant quina i com fer-la. Aquesta disfressa va sempre relacionada amb el tema del nostre projecte d&#8217;escola del curs, el Projecte &#8220;Una finestra oberta al món&#8221;. La disfressa es fa al centre amb la col·laboració de les famílies que venen i ens ajuden.</p>
<p>El Rei Carnestoltes ens envia les <strong>ordres o consignes</strong> que durant tota la setmana cal seguir. Els nens i nenes de sisè ens les expliquen. Amb pijama, amb mitjons de colors  o amb la cara maquillada, tota la setmana hem anat una mica esbojarrats.</p>
<p>Per <strong>Dijous Gras </strong> fem una desfilada dins del centre, que mostrem i compartim amb les famílies. Cadascú es disfressa del què vol (disfressa lliure) i veiem comparses, veiem fills i pares disfressats igual &#8230; Tots molts divertits i amb moltes ganes de passar-ho bé.</p>
<p>Els nens i nenes de sisè ens fan el <strong>pregó. </strong>Un treball d&#8217;expressió escrita que recull idees de l&#8217;actualitat del món, de la localitat i de l&#8217;escola. Amb rimes i gresca ens llegeixen el pregó el divendres de carnaval.</p>
<p>El divendres en agrada fer la R<strong>ua de Carnaval.</strong> Sortim a desfilar per la població junt amb els altres centres educatius. Volem mostrar les nostres disfresses, les que hem anat fent a classe i veure com van els altres. Volem compartir amb la resta d&#8217;infants i adolescents de la població, amb les famílies, amb els comerços &#8230;. les ganes de ballar i riure. Amb la música  desfilem i ballem i una bona estona passem!!!</p>
<p>La imaginació, la creativitat, el treball motriu, la col·laboració, &#8230;, tot envoltat de la gresca i la disbauxa típica del carnaval.</p>
<p>En aquesta festa l&#8217;<strong>AFA</strong> també és molt important, ens conviden a un petit berenar, ens ajuden en la rua, ens ajuden amb les disfresses,&#8230;</p>
<p><a href="https://agora.xtec.cat/ceiplajota/wp-content/uploads/usu1571/2024/04/Foto-4.png"><img loading="lazy" decoding="async" class="aligncenter size-full wp-image-6188" src="https://agora.xtec.cat/ceiplajota/wp-content/uploads/usu1571/2024/04/Foto-4.png" alt="" width="168" height="82" /></a></p>
<p>&nbsp;</p>

<p><a href="https://agora.xtec.cat/ceiplajota/wp-content/uploads/usu1571/2024/04/Foto-1.png"></a><br />
La festa del CARNAVAL és una festa molt viscuda i arrelada a l&#8217;escola i a la població. Tota la comunitat educativa en gaudeix i es realitzen moltes activitats de gresca de forma compartida.<br />
Tot comença amb la preparació de les disfresses, pensant quina i com&hellip;  <a href="https://agora.xtec.cat/ceiplajota/festes-a-lescola/carnaval/" title="Read Carnaval">Llegeix més»</a></p>
