{"id":808,"date":"2023-11-22T18:00:26","date_gmt":"2023-11-22T17:00:26","guid":{"rendered":"https:\/\/agora.xtec.cat\/ceiplajota\/?page_id=808"},"modified":"2024-12-19T21:55:22","modified_gmt":"2024-12-19T20:55:22","slug":"festa-de-la-musica","status":"publish","type":"page","link":"https:\/\/agora.xtec.cat\/ceiplajota\/festes-a-lescola\/festa-de-la-musica\/","title":{"rendered":"Festa de la M\u00fasica"},"content":{"rendered":"<p>&nbsp;<\/p>\n<p>El 22 de novembre , o dies propers a aquesta data, celebrem a l\u2019Institut Escola La Jota <em><strong>La Festa de la M\u00fasica. <\/strong><\/em><a href=\"https:\/\/agora.xtec.cat\/ceiplajota\/wp-content\/uploads\/usu1571\/2020\/11\/imatge-2.png\"><img loading=\"lazy\" decoding=\"async\" class=\"aligncenter wp-image-3172\" src=\"https:\/\/agora.xtec.cat\/ceiplajota\/wp-content\/uploads\/usu1571\/2020\/11\/imatge-2.png\" alt=\"\" width=\"376\" height=\"186\" srcset=\"https:\/\/agora.xtec.cat\/ceiplajota\/wp-content\/uploads\/usu1571\/2020\/11\/imatge-2.png 538w, https:\/\/agora.xtec.cat\/ceiplajota\/wp-content\/uploads\/usu1571\/2020\/11\/imatge-2-300x148.png 300w\" sizes=\"auto, (max-width: 376px) 100vw, 376px\" \/><\/a><\/p>\n<p>Al centre en tenim molta tradici\u00f3, la m\u00fasica ens acompanya al llarg de tota l&#8217;escolaritat. Cada curs dediquem la jornada a rebre m\u00fasics de diferents tipus; hem fet batucada, hem fet m\u00fasica amb instruments de vent, hem rebut una cobla, la Coral l&#8217;Espiga de Badia del Vall\u00e8s, el m\u00fasics de l&#8217;Agrupaci\u00f3 Musical de Badia del Vall\u00e8s, el Pot Petit, m\u00fasics de jazz , m\u00fasica country, m\u00fasica feta amb aigua, &#8230; Volem oferir al nostre alumnat gran diversitat musical per potenciar el seus coneixements.<\/p>\n<p>Aqu\u00ed en teniu una mostra del cursos anteriors.<\/p>\n<p>GAUDIU MOLT DE LA M\u00daSICA!!!<\/p>\n<p>Curs <strong>2022-23:<\/strong><\/p>\n<p>Infantil<\/p>\n<p>Cicle Inicial<\/p>\n<p>Cicle Mitj\u00e0<\/p>\n<p>Cicle Superior<\/p>\n<p>Curs<strong> 2021-22:<\/strong><\/p>\n<p><a href=\"https:\/\/photos.app.goo.gl\/PzGzgNAaqRPhurfU6\" target=\"_blank\" rel=\"noopener\">Infantil<\/a><\/p>\n<p><a href=\"https:\/\/photos.app.goo.gl\/Lik3Lqt6spK1AuZU9\" target=\"_blank\" rel=\"noopener\">Cicle inicial<\/a><\/p>\n<p><a href=\"https:\/\/photos.app.goo.gl\/sSFpWLAP3KHGT7Te7\" target=\"_blank\" rel=\"noopener\">Cicle mitj\u00e0<\/a><\/p>\n<p><a href=\"https:\/\/photos.app.goo.gl\/UgjBndme9T8CJj776\" target=\"_blank\" rel=\"noopener\">Cicle superior<\/a><\/p>\n<p>Si voleu veure com ho vam celebrar el <strong>curs 20-21<\/strong>, cliqueu:<\/p>\n<p><a href=\"https:\/\/youtu.be\/1XJJjfLQf04\" target=\"_blank\" rel=\"noopener noreferrer\">https:\/\/youtu.be\/1XJJjfLQf04<\/a><\/p>\n<p><a href=\"https:\/\/www.instagram.com\/escola_la_jota\/\">https:\/\/www.instagram.com\/escola_la_jota\/<\/a><\/p>\n<p><a href=\"https:\/\/agora.xtec.cat\/ceiplajota\/wp-content\/uploads\/usu1571\/2020\/11\/imatge-1.png\"><img loading=\"lazy\" decoding=\"async\" class=\"aligncenter wp-image-3174\" src=\"https:\/\/agora.xtec.cat\/ceiplajota\/wp-content\/uploads\/usu1571\/2020\/11\/imatge-1.png\" alt=\"\" width=\"511\" height=\"275\" srcset=\"https:\/\/agora.xtec.cat\/ceiplajota\/wp-content\/uploads\/usu1571\/2020\/11\/imatge-1.png 582w, https:\/\/agora.xtec.cat\/ceiplajota\/wp-content\/uploads\/usu1571\/2020\/11\/imatge-1-300x161.png 300w\" sizes=\"auto, (max-width: 511px) 100vw, 511px\" \/><\/a><\/p>\n","protected":false},"excerpt":{"rendered":"<p>&nbsp;<br \/>\nEl 22 de novembre , o dies propers a aquesta data, celebrem a l\u2019Institut Escola La Jota La Festa de la M\u00fasica. <a href=\"https:\/\/agora.xtec.cat\/ceiplajota\/wp-content\/uploads\/usu1571\/2020\/11\/imatge-2.png\"><\/a><br \/>\nAl centre en tenim molta tradici\u00f3, la m\u00fasica ens acompanya al llarg de tota l&#8217;escolaritat. Cada curs dediquem la jornada a rebre&hellip;  <a href=\"https:\/\/agora.xtec.cat\/ceiplajota\/festes-a-lescola\/festa-de-la-musica\/\" title=\"Read Festa de la M\u00fasica\">Llegeix m\u00e9s\u00bb<\/a><\/p>\n","protected":false},"author":1,"featured_media":0,"parent":721,"menu_order":0,"comment_status":"closed","ping_status":"closed","template":"page-templates\/side-menu.php","meta":{"_bbp_topic_count":0,"_bbp_reply_count":0,"_bbp_total_topic_count":0,"_bbp_total_reply_count":0,"_bbp_voice_count":0,"_bbp_anonymous_reply_count":0,"_bbp_topic_count_hidden":0,"_bbp_reply_count_hidden":0,"_bbp_forum_subforum_count":0,"footnotes":""},"class_list":["post-808","page","type-page","status-publish","hentry"],"post_mailing_queue_ids":[],"_links":{"self":[{"href":"https:\/\/agora.xtec.cat\/ceiplajota\/wp-json\/wp\/v2\/pages\/808","targetHints":{"allow":["GET"]}}],"collection":[{"href":"https:\/\/agora.xtec.cat\/ceiplajota\/wp-json\/wp\/v2\/pages"}],"about":[{"href":"https:\/\/agora.xtec.cat\/ceiplajota\/wp-json\/wp\/v2\/types\/page"}],"author":[{"embeddable":true,"href":"https:\/\/agora.xtec.cat\/ceiplajota\/wp-json\/wp\/v2\/users\/1"}],"replies":[{"embeddable":true,"href":"https:\/\/agora.xtec.cat\/ceiplajota\/wp-json\/wp\/v2\/comments?post=808"}],"version-history":[{"count":5,"href":"https:\/\/agora.xtec.cat\/ceiplajota\/wp-json\/wp\/v2\/pages\/808\/revisions"}],"predecessor-version":[{"id":6540,"href":"https:\/\/agora.xtec.cat\/ceiplajota\/wp-json\/wp\/v2\/pages\/808\/revisions\/6540"}],"up":[{"embeddable":true,"href":"https:\/\/agora.xtec.cat\/ceiplajota\/wp-json\/wp\/v2\/pages\/721"}],"wp:attachment":[{"href":"https:\/\/agora.xtec.cat\/ceiplajota\/wp-json\/wp\/v2\/media?parent=808"}],"curies":[{"name":"wp","href":"https:\/\/api.w.org\/{rel}","templated":true}]}}

Festa de la Música

<p>&nbsp;</p>
<p>El 22 de novembre , o dies propers a aquesta data, celebrem a l’Institut Escola La Jota <em><strong>La Festa de la Música. </strong></em><a href="https://agora.xtec.cat/ceiplajota/wp-content/uploads/usu1571/2020/11/imatge-2.png"><img loading="lazy" decoding="async" class="aligncenter wp-image-3172" src="https://agora.xtec.cat/ceiplajota/wp-content/uploads/usu1571/2020/11/imatge-2.png" alt="" width="376" height="186" srcset="https://agora.xtec.cat/ceiplajota/wp-content/uploads/usu1571/2020/11/imatge-2.png 538w, https://agora.xtec.cat/ceiplajota/wp-content/uploads/usu1571/2020/11/imatge-2-300x148.png 300w" sizes="auto, (max-width: 376px) 100vw, 376px" /></a></p>
<p>Al centre en tenim molta tradició, la música ens acompanya al llarg de tota l&#8217;escolaritat. Cada curs dediquem la jornada a rebre músics de diferents tipus; hem fet batucada, hem fet música amb instruments de vent, hem rebut una cobla, la Coral l&#8217;Espiga de Badia del Vallès, el músics de l&#8217;Agrupació Musical de Badia del Vallès, el Pot Petit, músics de jazz , música country, música feta amb aigua, &#8230; Volem oferir al nostre alumnat gran diversitat musical per potenciar el seus coneixements.</p>
<p>Aquí en teniu una mostra del cursos anteriors.</p>
<p>GAUDIU MOLT DE LA MÚSICA!!!</p>
<p>Curs <strong>2022-23:</strong></p>
<p>Infantil</p>
<p>Cicle Inicial</p>
<p>Cicle Mitjà</p>
<p>Cicle Superior</p>
<p>Curs<strong> 2021-22:</strong></p>
<p><a href="https://photos.app.goo.gl/PzGzgNAaqRPhurfU6" target="_blank" rel="noopener">Infantil</a></p>
<p><a href="https://photos.app.goo.gl/Lik3Lqt6spK1AuZU9" target="_blank" rel="noopener">Cicle inicial</a></p>
<p><a href="https://photos.app.goo.gl/sSFpWLAP3KHGT7Te7" target="_blank" rel="noopener">Cicle mitjà</a></p>
<p><a href="https://photos.app.goo.gl/UgjBndme9T8CJj776" target="_blank" rel="noopener">Cicle superior</a></p>
<p>Si voleu veure com ho vam celebrar el <strong>curs 20-21</strong>, cliqueu:</p>
<p><a href="https://youtu.be/1XJJjfLQf04" target="_blank" rel="noopener noreferrer">https://youtu.be/1XJJjfLQf04</a></p>
<p><a href="https://www.instagram.com/escola_la_jota/">https://www.instagram.com/escola_la_jota/</a></p>
<p><a href="https://agora.xtec.cat/ceiplajota/wp-content/uploads/usu1571/2020/11/imatge-1.png"><img loading="lazy" decoding="async" class="aligncenter wp-image-3174" src="https://agora.xtec.cat/ceiplajota/wp-content/uploads/usu1571/2020/11/imatge-1.png" alt="" width="511" height="275" srcset="https://agora.xtec.cat/ceiplajota/wp-content/uploads/usu1571/2020/11/imatge-1.png 582w, https://agora.xtec.cat/ceiplajota/wp-content/uploads/usu1571/2020/11/imatge-1-300x161.png 300w" sizes="auto, (max-width: 511px) 100vw, 511px" /></a></p>

<p>&nbsp;<br />
El 22 de novembre , o dies propers a aquesta data, celebrem a l’Institut Escola La Jota La Festa de la Música. <a href="https://agora.xtec.cat/ceiplajota/wp-content/uploads/usu1571/2020/11/imatge-2.png"></a><br />
Al centre en tenim molta tradició, la música ens acompanya al llarg de tota l&#8217;escolaritat. Cada curs dediquem la jornada a rebre&hellip;  <a href="https://agora.xtec.cat/ceiplajota/festes-a-lescola/festa-de-la-musica/" title="Read Festa de la Música">Llegeix més»</a></p>
