{"id":786,"date":"2024-09-09T12:05:56","date_gmt":"2024-09-09T10:05:56","guid":{"rendered":"https:\/\/agora.xtec.cat\/ceiplajota\/?page_id=786"},"modified":"2025-02-09T00:18:28","modified_gmt":"2025-02-08T23:18:28","slug":"jotaradio","status":"publish","type":"page","link":"https:\/\/agora.xtec.cat\/ceiplajota\/projecte-educatiu\/projectes-de-lescola\/jotaradio\/","title":{"rendered":"Jotar\u00e0dio"},"content":{"rendered":"<p>L&#8217;alumnat de cicle inicial, cicle mitj\u00e0 i secund\u00e0ria treballen amb la r\u00e0dio molts aspectes del curr\u00edculum.<\/p>\n<ul>\n<li>Parlar per comunicar-nos (el llenguatge conversacional).<\/li>\n<li>Parlar al servei del desenvolupament de totes les habilitats ling\u00fc\u00edstiques.<\/li>\n<li>Parlar i escoltar per aprendre a les \u00e0rees i mat\u00e8ries.<\/li>\n<li>Parlar per expressar-nos millor i crear bellesa. La literatura com a referent cultural i model de producci\u00f3.<\/li>\n<li>Parlar i escoltar, objecte de coneixement.<\/li>\n<li>Parlar i escoltar en una llengua que s\u2019est\u00e0 aprenent.<\/li>\n<\/ul>\n<table style=\"height: 429px;\" width=\"681\">\n<tbody>\n<tr>\n<td style=\"width: 676px;\"><strong>Objectius:<\/strong><\/p>\n<p>&#8211; Con\u00e8ixer i utilitzar la r\u00e0dio com a recurs pedag\u00f2gic transversal i de temps lliure.<\/p>\n<p>&#8211; Afavorir l\u2019expressi\u00f3 oral com a mitj\u00e0 de transmetre informaci\u00f3.<\/p>\n<p>&#8211; Afavorir el treball cooperatiu.<\/p>\n<p><strong>Descripci\u00f3 general:<\/strong><\/p>\n<p>En petits grups a l\u2019aula es preparen els continguts (not\u00edcies, entrevistes, contes, poemes,&#8230;); es fa un treball oral i escrit. Un cop tenim un contingut definitiu es grava a l\u2019espai de la r\u00e0dio de l\u2019escola; en aquest espai hi tenim tots els aparells necessaris per a fer les gravacions: taula, ordinador, aparell de so i micr\u00f2fons.<\/p>\n<p>&nbsp;<\/td>\n<\/tr>\n<tr>\n<td style=\"width: 676px;\"><strong>Temporitzaci\u00f3 i freq\u00fc\u00e8ncia de desenvolupament:<\/strong> Al llarg del curs, 1 sessi\u00f3 setmanal per grup-classe<\/td>\n<\/tr>\n<tr>\n<td style=\"width: 676px;\">Una mostra d&#8217;activitat que s&#8217;ha fet \u00e9s una entrevista a la Valle Gonz\u00e1lez Arroyo, del Club de Judo Badia, campiona d&#8217;Espanya Infantil de la categor\u00eda de menys de 40kg.<\/p>\n<p><a href=\"https:\/\/agora.xtec.cat\/ceiplajota\/wp-content\/uploads\/usu1571\/2020\/03\/2020-03-09_1907.png\"><img loading=\"lazy\" decoding=\"async\" class=\"aligncenter wp-image-963\" src=\"https:\/\/agora.xtec.cat\/ceiplajota\/wp-content\/uploads\/usu1571\/2020\/03\/2020-03-09_1907.png\" alt=\"\" width=\"238\" height=\"239\" srcset=\"https:\/\/agora.xtec.cat\/ceiplajota\/wp-content\/uploads\/usu1571\/2020\/03\/2020-03-09_1907.png 808w, https:\/\/agora.xtec.cat\/ceiplajota\/wp-content\/uploads\/usu1571\/2020\/03\/2020-03-09_1907-150x150.png 150w, https:\/\/agora.xtec.cat\/ceiplajota\/wp-content\/uploads\/usu1571\/2020\/03\/2020-03-09_1907-300x300.png 300w, https:\/\/agora.xtec.cat\/ceiplajota\/wp-content\/uploads\/usu1571\/2020\/03\/2020-03-09_1907-768x771.png 768w\" sizes=\"auto, (max-width: 238px) 100vw, 238px\" \/><\/a><\/td>\n<\/tr>\n<\/tbody>\n<\/table>\n","protected":false},"excerpt":{"rendered":"<p>L&#8217;alumnat de cicle inicial, cicle mitj\u00e0 i secund\u00e0ria treballen amb la r\u00e0dio molts aspectes del curr\u00edculum.<\/p>\n<ul>\n<li>Parlar per comunicar-nos (el llenguatge conversacional).<\/li>\n<li>Parlar al servei del desenvolupament de totes les habilitats ling\u00fc\u00edstiques.<\/li>\n<li>Parlar i escoltar per aprendre a les \u00e0rees i mat\u00e8ries.<\/li>\n<li>Parlar per expressar-nos millor i crear bellesa.&hellip;  <a href=\"https:\/\/agora.xtec.cat\/ceiplajota\/projecte-educatiu\/projectes-de-lescola\/jotaradio\/\" title=\"Read Jotar\u00e0dio\">Llegeix m\u00e9s\u00bb<\/a><br \/>\n","protected":false},"author":1,"featured_media":0,"parent":617,"menu_order":0,"comment_status":"closed","ping_status":"closed","template":"page-templates\/side-menu.php","meta":{"_bbp_topic_count":0,"_bbp_reply_count":0,"_bbp_total_topic_count":0,"_bbp_total_reply_count":0,"_bbp_voice_count":0,"_bbp_anonymous_reply_count":0,"_bbp_topic_count_hidden":0,"_bbp_reply_count_hidden":0,"_bbp_forum_subforum_count":0,"footnotes":""},"class_list":["post-786","page","type-page","status-publish","hentry"],"post_mailing_queue_ids":[],"_links":{"self":[{"href":"https:\/\/agora.xtec.cat\/ceiplajota\/wp-json\/wp\/v2\/pages\/786","targetHints":{"allow":["GET"]}}],"collection":[{"href":"https:\/\/agora.xtec.cat\/ceiplajota\/wp-json\/wp\/v2\/pages"}],"about":[{"href":"https:\/\/agora.xtec.cat\/ceiplajota\/wp-json\/wp\/v2\/types\/page"}],"author":[{"embeddable":true,"href":"https:\/\/agora.xtec.cat\/ceiplajota\/wp-json\/wp\/v2\/users\/1"}],"replies":[{"embeddable":true,"href":"https:\/\/agora.xtec.cat\/ceiplajota\/wp-json\/wp\/v2\/comments?post=786"}],"version-history":[{"count":4,"href":"https:\/\/agora.xtec.cat\/ceiplajota\/wp-json\/wp\/v2\/pages\/786\/revisions"}],"predecessor-version":[{"id":6664,"href":"https:\/\/agora.xtec.cat\/ceiplajota\/wp-json\/wp\/v2\/pages\/786\/revisions\/6664"}],"up":[{"embeddable":true,"href":"https:\/\/agora.xtec.cat\/ceiplajota\/wp-json\/wp\/v2\/pages\/617"}],"wp:attachment":[{"href":"https:\/\/agora.xtec.cat\/ceiplajota\/wp-json\/wp\/v2\/media?parent=786"}],"curies":[{"name":"wp","href":"https:\/\/api.w.org\/{rel}","templated":true}]}}

Jotaràdio

<p>L&#8217;alumnat de cicle inicial, cicle mitjà i secundària treballen amb la ràdio molts aspectes del currículum.</p>
<ul>
<li>Parlar per comunicar-nos (el llenguatge conversacional).</li>
<li>Parlar al servei del desenvolupament de totes les habilitats lingüístiques.</li>
<li>Parlar i escoltar per aprendre a les àrees i matèries.</li>
<li>Parlar per expressar-nos millor i crear bellesa. La literatura com a referent cultural i model de producció.</li>
<li>Parlar i escoltar, objecte de coneixement.</li>
<li>Parlar i escoltar en una llengua que s’està aprenent.</li>
</ul>
<table style="height: 429px;" width="681">
<tbody>
<tr>
<td style="width: 676px;"><strong>Objectius:</strong></p>
<p>&#8211; Conèixer i utilitzar la ràdio com a recurs pedagògic transversal i de temps lliure.</p>
<p>&#8211; Afavorir l’expressió oral com a mitjà de transmetre informació.</p>
<p>&#8211; Afavorir el treball cooperatiu.</p>
<p><strong>Descripció general:</strong></p>
<p>En petits grups a l’aula es preparen els continguts (notícies, entrevistes, contes, poemes,&#8230;); es fa un treball oral i escrit. Un cop tenim un contingut definitiu es grava a l’espai de la ràdio de l’escola; en aquest espai hi tenim tots els aparells necessaris per a fer les gravacions: taula, ordinador, aparell de so i micròfons.</p>
<p>&nbsp;</td>
</tr>
<tr>
<td style="width: 676px;"><strong>Temporització i freqüència de desenvolupament:</strong> Al llarg del curs, 1 sessió setmanal per grup-classe</td>
</tr>
<tr>
<td style="width: 676px;">Una mostra d&#8217;activitat que s&#8217;ha fet és una entrevista a la Valle González Arroyo, del Club de Judo Badia, campiona d&#8217;Espanya Infantil de la categoría de menys de 40kg.</p>
<p><a href="https://agora.xtec.cat/ceiplajota/wp-content/uploads/usu1571/2020/03/2020-03-09_1907.png"><img loading="lazy" decoding="async" class="aligncenter wp-image-963" src="https://agora.xtec.cat/ceiplajota/wp-content/uploads/usu1571/2020/03/2020-03-09_1907.png" alt="" width="238" height="239" srcset="https://agora.xtec.cat/ceiplajota/wp-content/uploads/usu1571/2020/03/2020-03-09_1907.png 808w, https://agora.xtec.cat/ceiplajota/wp-content/uploads/usu1571/2020/03/2020-03-09_1907-150x150.png 150w, https://agora.xtec.cat/ceiplajota/wp-content/uploads/usu1571/2020/03/2020-03-09_1907-300x300.png 300w, https://agora.xtec.cat/ceiplajota/wp-content/uploads/usu1571/2020/03/2020-03-09_1907-768x771.png 768w" sizes="auto, (max-width: 238px) 100vw, 238px" /></a></td>
</tr>
</tbody>
</table>

<p>L&#8217;alumnat de cicle inicial, cicle mitjà i secundària treballen amb la ràdio molts aspectes del currículum.</p>
<ul>
<li>Parlar per comunicar-nos (el llenguatge conversacional).</li>
<li>Parlar al servei del desenvolupament de totes les habilitats lingüístiques.</li>
<li>Parlar i escoltar per aprendre a les àrees i matèries.</li>
<li>Parlar per expressar-nos millor i crear bellesa.&hellip;  <a href="https://agora.xtec.cat/ceiplajota/projecte-educatiu/projectes-de-lescola/jotaradio/" title="Read Jotaràdio">Llegeix més»</a><br />
