{"id":780,"date":"2024-09-09T12:02:15","date_gmt":"2024-09-09T10:02:15","guid":{"rendered":"https:\/\/agora.xtec.cat\/ceiplajota\/?page_id=780"},"modified":"2025-02-09T00:26:25","modified_gmt":"2025-02-08T23:26:25","slug":"teatre-a-lescola","status":"publish","type":"page","link":"https:\/\/agora.xtec.cat\/ceiplajota\/projecte-educatiu\/projectes-de-lescola\/teatre-a-lescola\/","title":{"rendered":"Teatre a l&#8217;escola"},"content":{"rendered":"<p>&nbsp;<\/p>\n<p><a href=\"https:\/\/agora.xtec.cat\/ceiplajota\/wp-content\/uploads\/usu1571\/2020\/05\/Dibuix_teatre.png\"><img loading=\"lazy\" decoding=\"async\" class=\"alignleft size-full wp-image-2300\" src=\"https:\/\/agora.xtec.cat\/ceiplajota\/wp-content\/uploads\/usu1571\/2020\/05\/Dibuix_teatre.png\" alt=\"\" width=\"267\" height=\"232\" \/><\/a><\/p>\n<p>Fa m\u00e9s de 15 cursos que els nens i les nenes de 4t fan teatre a l&#8217;escola.<\/p>\n<p>Dins l&#8217;horari setmanal, tenen una sessi\u00f3 per preparar una obra de teatre que podran veure els companys de les altres classes i les fam\u00edlies.<\/p>\n<p>Al llarg del curs prepararan i s&#8217;aprendran el seu paper (molt sovint tamb\u00e9 el dels altres), els moviments, les expressions, l&#8217;atrezzo &#8230;<\/p>\n<p>Com a recurs transversal, el teatre a l&#8217;aula fomenta la imaginaci\u00f3, la creativitat i la mem\u00f2ria. Ajuda en la din\u00e0mica de grup i cohesiona als seus integrants.<\/p>\n<p>Objectius:<\/p>\n<ul>\n<li>Potenciar el teatre a l\u2019escola, com recurs per millorar la expressi\u00f3 oral, l\u2019expressi\u00f3 corporal, la lectura i comprensi\u00f3 lectora i l&#8217;expressi\u00f3 de sentiments i emocions.<\/li>\n<li>Afavorir\u00a0el treball\u00a0interdisciplinari.<\/li>\n<li>La sensibilitzaci\u00f3 pel teatre com a espectacle: musical, cl\u00e0ssic, tradicional, &#8230;<\/li>\n<li>Fomentar en els alumnes valors com el respecte vers l\u2019altre, l\u2019esfor\u00e7, la cooperaci\u00f3, la iniciativa, el creixement personal i l&#8217;autoestima<\/li>\n<li>La creaci\u00f3 d\u2019h\u00e0bits de conducta davant de l\u2019espectacle teatral.<\/li>\n<li>L\u2019adquisici\u00f3 d\u2019h\u00e0bits d\u2019atenci\u00f3, respecte envers les actuacions, ja siguin les de la pr\u00f2pia escola o les dels altres centres.<\/li>\n<li>Afavorir l\u2019intercanvi d\u2019experi\u00e8ncies entre les escoles de la poblaci\u00f3.<\/li>\n<\/ul>\n<p>Aquesta activitat es realitza al teatre del centre. Aquest teatre \u00e9s un espai confortable i funcional on es realitzen moltes activitats amb alumnes i amb fam\u00edlies.<\/p>\n<p>&nbsp;<\/p>\n<p>&nbsp;<\/p>\n","protected":false},"excerpt":{"rendered":"<p>&nbsp;<br \/>\n<a href=\"https:\/\/agora.xtec.cat\/ceiplajota\/wp-content\/uploads\/usu1571\/2020\/05\/Dibuix_teatre.png\"><\/a><br \/>\nFa m\u00e9s de 15 cursos que els nens i les nenes de 4t fan teatre a l&#8217;escola.<br \/>\nDins l&#8217;horari setmanal, tenen una sessi\u00f3 per preparar una obra de teatre que podran veure els companys de les altres classes i les fam\u00edlies.<br \/>\nAl llarg del curs prepararan&hellip;  <a href=\"https:\/\/agora.xtec.cat\/ceiplajota\/projecte-educatiu\/projectes-de-lescola\/teatre-a-lescola\/\" title=\"Read Teatre a l&#8217;escola\">Llegeix m\u00e9s\u00bb<\/a><\/p>\n","protected":false},"author":1,"featured_media":0,"parent":617,"menu_order":0,"comment_status":"closed","ping_status":"closed","template":"page-templates\/side-menu.php","meta":{"_bbp_topic_count":0,"_bbp_reply_count":0,"_bbp_total_topic_count":0,"_bbp_total_reply_count":0,"_bbp_voice_count":0,"_bbp_anonymous_reply_count":0,"_bbp_topic_count_hidden":0,"_bbp_reply_count_hidden":0,"_bbp_forum_subforum_count":0,"footnotes":""},"class_list":["post-780","page","type-page","status-publish","hentry"],"post_mailing_queue_ids":[],"_links":{"self":[{"href":"https:\/\/agora.xtec.cat\/ceiplajota\/wp-json\/wp\/v2\/pages\/780","targetHints":{"allow":["GET"]}}],"collection":[{"href":"https:\/\/agora.xtec.cat\/ceiplajota\/wp-json\/wp\/v2\/pages"}],"about":[{"href":"https:\/\/agora.xtec.cat\/ceiplajota\/wp-json\/wp\/v2\/types\/page"}],"author":[{"embeddable":true,"href":"https:\/\/agora.xtec.cat\/ceiplajota\/wp-json\/wp\/v2\/users\/1"}],"replies":[{"embeddable":true,"href":"https:\/\/agora.xtec.cat\/ceiplajota\/wp-json\/wp\/v2\/comments?post=780"}],"version-history":[{"count":4,"href":"https:\/\/agora.xtec.cat\/ceiplajota\/wp-json\/wp\/v2\/pages\/780\/revisions"}],"predecessor-version":[{"id":6667,"href":"https:\/\/agora.xtec.cat\/ceiplajota\/wp-json\/wp\/v2\/pages\/780\/revisions\/6667"}],"up":[{"embeddable":true,"href":"https:\/\/agora.xtec.cat\/ceiplajota\/wp-json\/wp\/v2\/pages\/617"}],"wp:attachment":[{"href":"https:\/\/agora.xtec.cat\/ceiplajota\/wp-json\/wp\/v2\/media?parent=780"}],"curies":[{"name":"wp","href":"https:\/\/api.w.org\/{rel}","templated":true}]}}