{"id":778,"date":"2020-02-24T12:01:43","date_gmt":"2020-02-24T11:01:43","guid":{"rendered":"https:\/\/agora.xtec.cat\/ceiplajota\/?page_id=778"},"modified":"2025-02-08T23:20:55","modified_gmt":"2025-02-08T22:20:55","slug":"cantania","status":"publish","type":"page","link":"https:\/\/agora.xtec.cat\/ceiplajota\/projecte-educatiu\/projectes-de-lescola\/cantania\/","title":{"rendered":"Cant\u00e0nia"},"content":{"rendered":"<p><a href=\"https:\/\/www.ccma.cat\/tv3\/alacarta\/programa\/Cantania-a-Sant-Cugat\/video\/4590331\/\" target=\"_blank\" rel=\"noopener noreferrer\">Cant\u00e0nia<\/a> \u00e9s una activitat participativa en la que s\u2019inscriuen escolars de cicle mitj\u00e0 i superior de prim\u00e0ria de Catalunya.<\/p>\n<p><a href=\"http:\/\/auditoricantania.blogspot.com\/p\/el-projecte.html\" target=\"_blank\" rel=\"noopener\">http:\/\/auditoricantania.blogspot.com\/p\/el-projecte.html<\/a><\/p>\n<p>Cada any s\u2019estrena un obra encarregada especialment per a aquesta activitat. Els enc\u00e0rrecs fins avui en dia, s\u2019han fet a compositors i escriptors catalans de reconegut prestigi.<\/p>\n<p>L\u2019Institut Escola La Jota participa a Cant\u00e0nia des del curs 2013-2014.<\/p>\n<p>Inicialment van participar els alumnes de 4rt, despr\u00e9s els de 6\u00e8, quedant instaurada la participaci\u00f3 dels alumnes de 5\u00e8.<\/p>\n<p>Els alumnes viuen una experi\u00e8ncia musical inoblidable damunt de l\u2019escenari i veuen recompensat l\u2019esfor\u00e7 que fan durant tot l\u2019any, treballant transversalment en diverses \u00e0rees (m\u00fasica, catal\u00e0, pl\u00e0stica,..)<\/p>\n<p>A m\u00e9s, cada any tamb\u00e9 es treballen aspectes evolutius, morals, emocionals,&#8230; molt importants en el desenvolupament emocional i psicol\u00f2gic dels infants.<\/p>\n<p>Clica i veur\u00e0s com hem gaudit d&#8217;aquesta activitat al llarg dels cursos. <a href=\"https:\/\/agora.xtec.cat\/ceiplajota\/wp-content\/uploads\/usu1571\/2022\/02\/Cantania-a-lEscola-La-Jota.pdf\">Cant\u00e0nia a l&#8217;Escola La Jota<\/a><\/p>\n","protected":false},"excerpt":{"rendered":"<p><a href=\"https:\/\/www.ccma.cat\/tv3\/alacarta\/programa\/Cantania-a-Sant-Cugat\/video\/4590331\/\" target=\"_blank\" rel=\"noopener noreferrer\">Cant\u00e0nia<\/a> \u00e9s una activitat participativa en la que s\u2019inscriuen escolars de cicle mitj\u00e0 i superior de prim\u00e0ria de Catalunya.<br \/>\n<a href=\"http:\/\/auditoricantania.blogspot.com\/p\/el-projecte.html\" target=\"_blank\" rel=\"noopener\">http:\/\/auditoricantania.blogspot.com\/p\/el-projecte.html<\/a><br \/>\nCada any s\u2019estrena un obra encarregada especialment per a aquesta activitat. Els enc\u00e0rrecs fins avui en dia, s\u2019han fet a&hellip;  <a href=\"https:\/\/agora.xtec.cat\/ceiplajota\/projecte-educatiu\/projectes-de-lescola\/cantania\/\" title=\"Read Cant\u00e0nia\">Llegeix m\u00e9s\u00bb<\/a><\/p>\n","protected":false},"author":1,"featured_media":0,"parent":617,"menu_order":0,"comment_status":"closed","ping_status":"closed","template":"page-templates\/side-menu.php","meta":{"_bbp_topic_count":0,"_bbp_reply_count":0,"_bbp_total_topic_count":0,"_bbp_total_reply_count":0,"_bbp_voice_count":0,"_bbp_anonymous_reply_count":0,"_bbp_topic_count_hidden":0,"_bbp_reply_count_hidden":0,"_bbp_forum_subforum_count":0,"footnotes":""},"class_list":["post-778","page","type-page","status-publish","hentry"],"post_mailing_queue_ids":[],"_links":{"self":[{"href":"https:\/\/agora.xtec.cat\/ceiplajota\/wp-json\/wp\/v2\/pages\/778","targetHints":{"allow":["GET"]}}],"collection":[{"href":"https:\/\/agora.xtec.cat\/ceiplajota\/wp-json\/wp\/v2\/pages"}],"about":[{"href":"https:\/\/agora.xtec.cat\/ceiplajota\/wp-json\/wp\/v2\/types\/page"}],"author":[{"embeddable":true,"href":"https:\/\/agora.xtec.cat\/ceiplajota\/wp-json\/wp\/v2\/users\/1"}],"replies":[{"embeddable":true,"href":"https:\/\/agora.xtec.cat\/ceiplajota\/wp-json\/wp\/v2\/comments?post=778"}],"version-history":[{"count":5,"href":"https:\/\/agora.xtec.cat\/ceiplajota\/wp-json\/wp\/v2\/pages\/778\/revisions"}],"predecessor-version":[{"id":6650,"href":"https:\/\/agora.xtec.cat\/ceiplajota\/wp-json\/wp\/v2\/pages\/778\/revisions\/6650"}],"up":[{"embeddable":true,"href":"https:\/\/agora.xtec.cat\/ceiplajota\/wp-json\/wp\/v2\/pages\/617"}],"wp:attachment":[{"href":"https:\/\/agora.xtec.cat\/ceiplajota\/wp-json\/wp\/v2\/media?parent=778"}],"curies":[{"name":"wp","href":"https:\/\/api.w.org\/{rel}","templated":true}]}}

Cantània

<p><a href="https://www.ccma.cat/tv3/alacarta/programa/Cantania-a-Sant-Cugat/video/4590331/" target="_blank" rel="noopener noreferrer">Cantània</a> és una activitat participativa en la que s’inscriuen escolars de cicle mitjà i superior de primària de Catalunya.</p>
<p><a href="http://auditoricantania.blogspot.com/p/el-projecte.html" target="_blank" rel="noopener">http://auditoricantania.blogspot.com/p/el-projecte.html</a></p>
<p>Cada any s’estrena un obra encarregada especialment per a aquesta activitat. Els encàrrecs fins avui en dia, s’han fet a compositors i escriptors catalans de reconegut prestigi.</p>
<p>L’Institut Escola La Jota participa a Cantània des del curs 2013-2014.</p>
<p>Inicialment van participar els alumnes de 4rt, després els de 6è, quedant instaurada la participació dels alumnes de 5è.</p>
<p>Els alumnes viuen una experiència musical inoblidable damunt de l’escenari i veuen recompensat l’esforç que fan durant tot l’any, treballant transversalment en diverses àrees (música, català, plàstica,..)</p>
<p>A més, cada any també es treballen aspectes evolutius, morals, emocionals,&#8230; molt importants en el desenvolupament emocional i psicològic dels infants.</p>
<p>Clica i veuràs com hem gaudit d&#8217;aquesta activitat al llarg dels cursos. <a href="https://agora.xtec.cat/ceiplajota/wp-content/uploads/usu1571/2022/02/Cantania-a-lEscola-La-Jota.pdf">Cantània a l&#8217;Escola La Jota</a></p>

<p><a href="https://www.ccma.cat/tv3/alacarta/programa/Cantania-a-Sant-Cugat/video/4590331/" target="_blank" rel="noopener noreferrer">Cantània</a> és una activitat participativa en la que s’inscriuen escolars de cicle mitjà i superior de primària de Catalunya.<br />
<a href="http://auditoricantania.blogspot.com/p/el-projecte.html" target="_blank" rel="noopener">http://auditoricantania.blogspot.com/p/el-projecte.html</a><br />
Cada any s’estrena un obra encarregada especialment per a aquesta activitat. Els encàrrecs fins avui en dia, s’han fet a&hellip;  <a href="https://agora.xtec.cat/ceiplajota/projecte-educatiu/projectes-de-lescola/cantania/" title="Read Cantània">Llegeix més»</a></p>
