{"id":774,"date":"2024-09-09T12:00:40","date_gmt":"2024-09-09T10:00:40","guid":{"rendered":"https:\/\/agora.xtec.cat\/ceiplajota\/?page_id=774"},"modified":"2025-02-09T00:31:52","modified_gmt":"2025-02-08T23:31:52","slug":"projecte-els-nostres-llibres","status":"publish","type":"page","link":"https:\/\/agora.xtec.cat\/ceiplajota\/projecte-educatiu\/projectes-de-lescola\/projecte-els-nostres-llibres\/","title":{"rendered":"Projecte &#8220;Els nostres llibres&#8221;"},"content":{"rendered":"<p><strong>Qu\u00e8 \u00e9s el Projecte ELS NOSTRES LLIBRES?<br \/>\n<\/strong> \u00c9s el projecte de socialitzaci\u00f3 i reutilitzaci\u00f3 de llibres de text i lectura, aprovat pel Consell Escolar, que es du a terme al centre des del curs 2007 \u2013 08.<\/p>\n<p><strong>Per qu\u00e8 ELS NOSTRES LLIBRES?<\/strong> Perqu\u00e8 els llibres de text que gestiona s\u00f3n els nostres llibres, els llibres dels nens i les nenes de l\u2019escola i tots ens hem d\u2019ocupar d\u2019ells.<\/p>\n<p><strong>Per qu\u00e8 es va iniciar aquest projecte?<\/strong> Per ajudar a les fam\u00edlies en l\u2019adquisici\u00f3 de llibres de text amb un cost m\u00e9s barat, aconseguint l\u2019estalvi de diners per elles, perqu\u00e8 pensem que aix\u00ed contribu\u00efm a la millora del medi ambient, estalviant paper i perqu\u00e8 volem continuar educant als infants per tenir cura dels materials escolars.<\/p>\n<p><strong> Qui ho fa?<\/strong> Aquests llibres s\u00f3n gestionats per la comissi\u00f3 ELS NOSTRES LLIBRES i custodiats pels docents del centre, amb l\u2019ajuda dels nens i nenes, joves i de les fam\u00edlies.<\/p>\n<p><strong>Com hi participen les fam\u00edlies?<\/strong> Col\u00b7laborant quan faltin mans per a revisar els llibres, folrant-los i etiquetant-los, i educant als nens i les nenes per tenir cura dels llibres que s\u00f3n de tots.<\/p>\n<p><strong>Quines fam\u00edlies participen?<\/strong> Totes les dels alumnes que estan a cursos on hi ha llibres socialitzats. Aquest projecte \u00e9s progressiu i poc a poc va abastant a m\u00e9s alumnes.<\/p>\n<p><strong>Quins llibres reutilitzem?<\/strong> Els llibres de lectura, els diccionaris i els llibres de text que no tinguin activitats que s\u2019hagin d\u2019escriure directament.<\/p>\n<p><strong>I si es fan malb\u00e9?<\/strong> S\u2019hauran de substituir. Cada fam\u00edlia ser\u00e0 responsable dels llibres que fan servir els seus fills i filles. Si cal haur\u00e0 de reposar els llibres perduts o malmesos. Al final de cada curs es comprovar\u00e0 l\u2019estat dels llibres i es determinaran les compres necess\u00e0ries.<\/p>\n<p><strong>S\u2019ha de pagar quota?<\/strong> Les fam\u00edlies podran pagar una petita quota per poder fer \u00fas dels llibres socialitzats i aix\u00ed es podran anar renovant els llibres que es vagin fent vells. Si la fam\u00edlia no vol fer l\u2019aportaci\u00f3 de la quota haur\u00e0 de comprar els seus llibres de text.<\/p>\n","protected":false},"excerpt":{"rendered":"<p>Qu\u00e8 \u00e9s el Projecte ELS NOSTRES LLIBRES?<br \/>\n \u00c9s el projecte de socialitzaci\u00f3 i reutilitzaci\u00f3 de llibres de text i lectura, aprovat pel Consell Escolar, que es du a terme al centre des del curs 2007 \u2013 08.<br \/>\nPer qu\u00e8 ELS NOSTRES LLIBRES? Perqu\u00e8 els llibres de&hellip;  <a href=\"https:\/\/agora.xtec.cat\/ceiplajota\/projecte-educatiu\/projectes-de-lescola\/projecte-els-nostres-llibres\/\" title=\"Read Projecte &#8220;Els nostres llibres&#8221;\">Llegeix m\u00e9s\u00bb<\/a><\/p>\n","protected":false},"author":1,"featured_media":0,"parent":617,"menu_order":0,"comment_status":"closed","ping_status":"closed","template":"page-templates\/side-menu.php","meta":{"_bbp_topic_count":0,"_bbp_reply_count":0,"_bbp_total_topic_count":0,"_bbp_total_reply_count":0,"_bbp_voice_count":0,"_bbp_anonymous_reply_count":0,"_bbp_topic_count_hidden":0,"_bbp_reply_count_hidden":0,"_bbp_forum_subforum_count":0,"footnotes":""},"class_list":["post-774","page","type-page","status-publish","hentry"],"post_mailing_queue_ids":[],"_links":{"self":[{"href":"https:\/\/agora.xtec.cat\/ceiplajota\/wp-json\/wp\/v2\/pages\/774","targetHints":{"allow":["GET"]}}],"collection":[{"href":"https:\/\/agora.xtec.cat\/ceiplajota\/wp-json\/wp\/v2\/pages"}],"about":[{"href":"https:\/\/agora.xtec.cat\/ceiplajota\/wp-json\/wp\/v2\/types\/page"}],"author":[{"embeddable":true,"href":"https:\/\/agora.xtec.cat\/ceiplajota\/wp-json\/wp\/v2\/users\/1"}],"replies":[{"embeddable":true,"href":"https:\/\/agora.xtec.cat\/ceiplajota\/wp-json\/wp\/v2\/comments?post=774"}],"version-history":[{"count":3,"href":"https:\/\/agora.xtec.cat\/ceiplajota\/wp-json\/wp\/v2\/pages\/774\/revisions"}],"predecessor-version":[{"id":6669,"href":"https:\/\/agora.xtec.cat\/ceiplajota\/wp-json\/wp\/v2\/pages\/774\/revisions\/6669"}],"up":[{"embeddable":true,"href":"https:\/\/agora.xtec.cat\/ceiplajota\/wp-json\/wp\/v2\/pages\/617"}],"wp:attachment":[{"href":"https:\/\/agora.xtec.cat\/ceiplajota\/wp-json\/wp\/v2\/media?parent=774"}],"curies":[{"name":"wp","href":"https:\/\/api.w.org\/{rel}","templated":true}]}}

<p><strong>Què és el Projecte ELS NOSTRES LLIBRES?<br />
</strong> És el projecte de socialització i reutilització de llibres de text i lectura, aprovat pel Consell Escolar, que es du a terme al centre des del curs 2007 – 08.</p>
<p><strong>Per què ELS NOSTRES LLIBRES?</strong> Perquè els llibres de text que gestiona són els nostres llibres, els llibres dels nens i les nenes de l’escola i tots ens hem d’ocupar d’ells.</p>
<p><strong>Per què es va iniciar aquest projecte?</strong> Per ajudar a les famílies en l’adquisició de llibres de text amb un cost més barat, aconseguint l’estalvi de diners per elles, perquè pensem que així contribuïm a la millora del medi ambient, estalviant paper i perquè volem continuar educant als infants per tenir cura dels materials escolars.</p>
<p><strong> Qui ho fa?</strong> Aquests llibres són gestionats per la comissió ELS NOSTRES LLIBRES i custodiats pels docents del centre, amb l’ajuda dels nens i nenes, joves i de les famílies.</p>
<p><strong>Com hi participen les famílies?</strong> Col·laborant quan faltin mans per a revisar els llibres, folrant-los i etiquetant-los, i educant als nens i les nenes per tenir cura dels llibres que són de tots.</p>
<p><strong>Quines famílies participen?</strong> Totes les dels alumnes que estan a cursos on hi ha llibres socialitzats. Aquest projecte és progressiu i poc a poc va abastant a més alumnes.</p>
<p><strong>Quins llibres reutilitzem?</strong> Els llibres de lectura, els diccionaris i els llibres de text que no tinguin activitats que s’hagin d’escriure directament.</p>
<p><strong>I si es fan malbé?</strong> S’hauran de substituir. Cada família serà responsable dels llibres que fan servir els seus fills i filles. Si cal haurà de reposar els llibres perduts o malmesos. Al final de cada curs es comprovarà l’estat dels llibres i es determinaran les compres necessàries.</p>
<p><strong>S’ha de pagar quota?</strong> Les famílies podran pagar una petita quota per poder fer ús dels llibres socialitzats i així es podran anar renovant els llibres que es vagin fent vells. Si la família no vol fer l’aportació de la quota haurà de comprar els seus llibres de text.</p>

<p>Què és el Projecte ELS NOSTRES LLIBRES?<br />
 És el projecte de socialització i reutilització de llibres de text i lectura, aprovat pel Consell Escolar, que es du a terme al centre des del curs 2007 – 08.<br />
Per què ELS NOSTRES LLIBRES? Perquè els llibres de&hellip;  <a href="https://agora.xtec.cat/ceiplajota/projecte-educatiu/projectes-de-lescola/projecte-els-nostres-llibres/" title="Read Projecte &#8220;Els nostres llibres&#8221;">Llegeix més»</a></p>
