{"id":770,"date":"2024-09-09T11:59:15","date_gmt":"2024-09-09T09:59:15","guid":{"rendered":"https:\/\/agora.xtec.cat\/ceiplajota\/?page_id=770"},"modified":"2025-02-09T00:03:42","modified_gmt":"2025-02-08T23:03:42","slug":"escoltam-2","status":"publish","type":"page","link":"https:\/\/agora.xtec.cat\/ceiplajota\/projecte-educatiu\/projectes-de-lescola\/escoltam-2\/","title":{"rendered":"Escolta&#8217;m"},"content":{"rendered":"<p><a href=\"https:\/\/agora.xtec.cat\/ceiplajota\/wp-content\/uploads\/usu1571\/2020\/02\/escoltam.jpg\"><img loading=\"lazy\" decoding=\"async\" class=\" wp-image-620 alignleft\" src=\"https:\/\/agora.xtec.cat\/ceiplajota\/wp-content\/uploads\/usu1571\/2020\/02\/escoltam.jpg\" alt=\"\" width=\"206\" height=\"194\" \/><\/a>El curs 2005-06 al nostre centre vam encetar un\u00a0 projecte, el &#8220;Projecte Escolta&#8217;m&#8221;, que consisteix en qu\u00e8 el docent tutor de la classe fa un treball individualitzat amb cadascun dels seus alumnes, que els facilita la comunicaci\u00f3 dels seus problemes, neguits i necessitats dins de l&#8217;\u00e0mbit escolar, el docent escolta les necessitats afectivo-socials dels nens i les nenes, nois i noies i els ajuda a madurar en aquests aspectes.<\/p>\n<p>&nbsp;<\/p>\n<p>Aquest projecte innovador va n\u00e9ixer a l&#8217;Escola La Jota i s&#8217;ha est\u00e8s a molts altres centres escolars de Catalunya i de fora de Catalunya, que l&#8217;han adoptat com a m\u00e8tode de treball per a aconseguir una tutoria m\u00e9s personalitzada, eficient i c\u00e0lida, on cada alumne\/a \u00e9s tractat, valorat i reconegut com a individu, amb les seves potencialitats, necessitats i il\u00b7lusions.<\/p>\n<p><a href=\"https:\/\/agora.xtec.cat\/ceiplajota\/wp-content\/uploads\/usu1571\/2021\/02\/PROJECTE-ESCOLTA\u2019M.pdf\">PROJECTE ESCOLTA\u2019M<\/a><\/p>\n","protected":false},"excerpt":{"rendered":"<p><a href=\"https:\/\/agora.xtec.cat\/ceiplajota\/wp-content\/uploads\/usu1571\/2020\/02\/escoltam.jpg\"><\/a>El curs 2005-06 al nostre centre vam encetar un\u00a0 projecte, el &#8220;Projecte Escolta&#8217;m&#8221;, que consisteix en qu\u00e8 el docent tutor de la classe fa un treball individualitzat amb cadascun dels seus alumnes, que els facilita la comunicaci\u00f3 dels seus problemes, neguits i necessitats dins&hellip;  <a href=\"https:\/\/agora.xtec.cat\/ceiplajota\/projecte-educatiu\/projectes-de-lescola\/escoltam-2\/\" title=\"Read Escolta&#8217;m\">Llegeix m\u00e9s\u00bb<\/a><\/p>\n","protected":false},"author":1,"featured_media":0,"parent":617,"menu_order":0,"comment_status":"closed","ping_status":"closed","template":"page-templates\/side-menu.php","meta":{"_bbp_topic_count":0,"_bbp_reply_count":0,"_bbp_total_topic_count":0,"_bbp_total_reply_count":0,"_bbp_voice_count":0,"_bbp_anonymous_reply_count":0,"_bbp_topic_count_hidden":0,"_bbp_reply_count_hidden":0,"_bbp_forum_subforum_count":0,"footnotes":""},"class_list":["post-770","page","type-page","status-publish","hentry"],"post_mailing_queue_ids":[],"_links":{"self":[{"href":"https:\/\/agora.xtec.cat\/ceiplajota\/wp-json\/wp\/v2\/pages\/770","targetHints":{"allow":["GET"]}}],"collection":[{"href":"https:\/\/agora.xtec.cat\/ceiplajota\/wp-json\/wp\/v2\/pages"}],"about":[{"href":"https:\/\/agora.xtec.cat\/ceiplajota\/wp-json\/wp\/v2\/types\/page"}],"author":[{"embeddable":true,"href":"https:\/\/agora.xtec.cat\/ceiplajota\/wp-json\/wp\/v2\/users\/1"}],"replies":[{"embeddable":true,"href":"https:\/\/agora.xtec.cat\/ceiplajota\/wp-json\/wp\/v2\/comments?post=770"}],"version-history":[{"count":4,"href":"https:\/\/agora.xtec.cat\/ceiplajota\/wp-json\/wp\/v2\/pages\/770\/revisions"}],"predecessor-version":[{"id":6660,"href":"https:\/\/agora.xtec.cat\/ceiplajota\/wp-json\/wp\/v2\/pages\/770\/revisions\/6660"}],"up":[{"embeddable":true,"href":"https:\/\/agora.xtec.cat\/ceiplajota\/wp-json\/wp\/v2\/pages\/617"}],"wp:attachment":[{"href":"https:\/\/agora.xtec.cat\/ceiplajota\/wp-json\/wp\/v2\/media?parent=770"}],"curies":[{"name":"wp","href":"https:\/\/api.w.org\/{rel}","templated":true}]}}

<p><a href="https://agora.xtec.cat/ceiplajota/wp-content/uploads/usu1571/2020/02/escoltam.jpg"><img loading="lazy" decoding="async" class=" wp-image-620 alignleft" src="https://agora.xtec.cat/ceiplajota/wp-content/uploads/usu1571/2020/02/escoltam.jpg" alt="" width="206" height="194" /></a>El curs 2005-06 al nostre centre vam encetar un  projecte, el &#8220;Projecte Escolta&#8217;m&#8221;, que consisteix en què el docent tutor de la classe fa un treball individualitzat amb cadascun dels seus alumnes, que els facilita la comunicació dels seus problemes, neguits i necessitats dins de l&#8217;àmbit escolar, el docent escolta les necessitats afectivo-socials dels nens i les nenes, nois i noies i els ajuda a madurar en aquests aspectes.</p>
<p>&nbsp;</p>
<p>Aquest projecte innovador va néixer a l&#8217;Escola La Jota i s&#8217;ha estès a molts altres centres escolars de Catalunya i de fora de Catalunya, que l&#8217;han adoptat com a mètode de treball per a aconseguir una tutoria més personalitzada, eficient i càlida, on cada alumne/a és tractat, valorat i reconegut com a individu, amb les seves potencialitats, necessitats i il·lusions.</p>
<p><a href="https://agora.xtec.cat/ceiplajota/wp-content/uploads/usu1571/2021/02/PROJECTE-ESCOLTA’M.pdf">PROJECTE ESCOLTA’M</a></p>

<p><a href="https://agora.xtec.cat/ceiplajota/wp-content/uploads/usu1571/2020/02/escoltam.jpg"></a>El curs 2005-06 al nostre centre vam encetar un  projecte, el &#8220;Projecte Escolta&#8217;m&#8221;, que consisteix en què el docent tutor de la classe fa un treball individualitzat amb cadascun dels seus alumnes, que els facilita la comunicació dels seus problemes, neguits i necessitats dins&hellip;  <a href="https://agora.xtec.cat/ceiplajota/projecte-educatiu/projectes-de-lescola/escoltam-2/" title="Read Escolta&#8217;m">Llegeix més»</a></p>
