{"id":77,"date":"2024-10-01T09:00:08","date_gmt":"2024-10-01T07:00:08","guid":{"rendered":"http:\/\/agora.xtec.cat\/ceiplajota\/?page_id=77"},"modified":"2024-10-28T20:08:19","modified_gmt":"2024-10-28T19:08:19","slug":"acollida","status":"publish","type":"page","link":"https:\/\/agora.xtec.cat\/ceiplajota\/serveis\/acollida\/","title":{"rendered":"Acollida Matinal"},"content":{"rendered":"<p><strong><span style=\"color: #000000;\">ACOLLIDA MATINAL<\/span><\/strong><\/p>\n<p>L&#8217;Institut Escola La Jota\u00a0 ofereix el servei d&#8217;acollida al mat\u00ed per aquelles fam\u00edlies del centre que ho necessitin.<\/p>\n<p><strong>HORARI: <\/strong>de 08:00 a 09:00h de dilluns a divendres en dies d\u2019escola.<\/p>\n<p><strong>PREU : 2,60\u20ac\/dia<\/strong><\/p>\n<p>Entrada per la porta principal , edifici d&#8217;Educaci\u00f3 Infantil i Prim\u00e0ria. Caldr\u00e0 tocar el timbre i esperar a que la coordinadora de menjador (Montse) o el conserge (Francisco) us vingui a obrir la porta.<\/p>\n<p>Aquest servei es gestiona a trav\u00e9s de l&#8217;App de Roca Gonzalez S.L.<\/p>\n<p>Aqu\u00ed teniu les dades de contacte:<\/p>\n<p><a href=\"https:\/\/agora.xtec.cat\/ceiplajota\/wp-content\/uploads\/usu1571\/2024\/10\/Contacte-RG.png\"><img loading=\"lazy\" decoding=\"async\" class=\"aligncenter size-full wp-image-6423\" src=\"https:\/\/agora.xtec.cat\/ceiplajota\/wp-content\/uploads\/usu1571\/2024\/10\/Contacte-RG.png\" alt=\"\" width=\"987\" height=\"517\" srcset=\"https:\/\/agora.xtec.cat\/ceiplajota\/wp-content\/uploads\/usu1571\/2024\/10\/Contacte-RG.png 987w, https:\/\/agora.xtec.cat\/ceiplajota\/wp-content\/uploads\/usu1571\/2024\/10\/Contacte-RG-300x157.png 300w, https:\/\/agora.xtec.cat\/ceiplajota\/wp-content\/uploads\/usu1571\/2024\/10\/Contacte-RG-768x402.png 768w\" sizes=\"auto, (max-width: 987px) 100vw, 987px\" \/><\/a><\/p>\n","protected":false},"excerpt":{"rendered":"<p>ACOLLIDA MATINAL<br \/>\nL&#8217;Institut Escola La Jota\u00a0 ofereix el servei d&#8217;acollida al mat\u00ed per aquelles fam\u00edlies del centre que ho necessitin.<br \/>\nHORARI: de 08:00 a 09:00h de dilluns a divendres en dies d\u2019escola.<br \/>\nPREU : 2,60\u20ac\/dia<br \/>\nEntrada per la porta principal , edifici d&#8217;Educaci\u00f3 Infantil i Prim\u00e0ria. Caldr\u00e0 tocar el&hellip;  <a href=\"https:\/\/agora.xtec.cat\/ceiplajota\/serveis\/acollida\/\" title=\"Read Acollida Matinal\">Llegeix m\u00e9s\u00bb<\/a><\/p>\n","protected":false},"author":1,"featured_media":0,"parent":66,"menu_order":20,"comment_status":"closed","ping_status":"closed","template":"page-templates\/side-menu.php","meta":{"_bbp_topic_count":0,"_bbp_reply_count":0,"_bbp_total_topic_count":0,"_bbp_total_reply_count":0,"_bbp_voice_count":0,"_bbp_anonymous_reply_count":0,"_bbp_topic_count_hidden":0,"_bbp_reply_count_hidden":0,"_bbp_forum_subforum_count":0,"footnotes":""},"class_list":["post-77","page","type-page","status-publish","hentry"],"post_mailing_queue_ids":[],"_links":{"self":[{"href":"https:\/\/agora.xtec.cat\/ceiplajota\/wp-json\/wp\/v2\/pages\/77","targetHints":{"allow":["GET"]}}],"collection":[{"href":"https:\/\/agora.xtec.cat\/ceiplajota\/wp-json\/wp\/v2\/pages"}],"about":[{"href":"https:\/\/agora.xtec.cat\/ceiplajota\/wp-json\/wp\/v2\/types\/page"}],"author":[{"embeddable":true,"href":"https:\/\/agora.xtec.cat\/ceiplajota\/wp-json\/wp\/v2\/users\/1"}],"replies":[{"embeddable":true,"href":"https:\/\/agora.xtec.cat\/ceiplajota\/wp-json\/wp\/v2\/comments?post=77"}],"version-history":[{"count":5,"href":"https:\/\/agora.xtec.cat\/ceiplajota\/wp-json\/wp\/v2\/pages\/77\/revisions"}],"predecessor-version":[{"id":6424,"href":"https:\/\/agora.xtec.cat\/ceiplajota\/wp-json\/wp\/v2\/pages\/77\/revisions\/6424"}],"up":[{"embeddable":true,"href":"https:\/\/agora.xtec.cat\/ceiplajota\/wp-json\/wp\/v2\/pages\/66"}],"wp:attachment":[{"href":"https:\/\/agora.xtec.cat\/ceiplajota\/wp-json\/wp\/v2\/media?parent=77"}],"curies":[{"name":"wp","href":"https:\/\/api.w.org\/{rel}","templated":true}]}}

<p><strong><span style="color: #000000;">ACOLLIDA MATINAL</span></strong></p>
<p>L&#8217;Institut Escola La Jota  ofereix el servei d&#8217;acollida al matí per aquelles famílies del centre que ho necessitin.</p>
<p><strong>HORARI: </strong>de 08:00 a 09:00h de dilluns a divendres en dies d’escola.</p>
<p><strong>PREU : 2,60€/dia</strong></p>
<p>Entrada per la porta principal , edifici d&#8217;Educació Infantil i Primària. Caldrà tocar el timbre i esperar a que la coordinadora de menjador (Montse) o el conserge (Francisco) us vingui a obrir la porta.</p>
<p>Aquest servei es gestiona a través de l&#8217;App de Roca Gonzalez S.L.</p>
<p>Aquí teniu les dades de contacte:</p>
<p><a href="https://agora.xtec.cat/ceiplajota/wp-content/uploads/usu1571/2024/10/Contacte-RG.png"><img loading="lazy" decoding="async" class="aligncenter size-full wp-image-6423" src="https://agora.xtec.cat/ceiplajota/wp-content/uploads/usu1571/2024/10/Contacte-RG.png" alt="" width="987" height="517" srcset="https://agora.xtec.cat/ceiplajota/wp-content/uploads/usu1571/2024/10/Contacte-RG.png 987w, https://agora.xtec.cat/ceiplajota/wp-content/uploads/usu1571/2024/10/Contacte-RG-300x157.png 300w, https://agora.xtec.cat/ceiplajota/wp-content/uploads/usu1571/2024/10/Contacte-RG-768x402.png 768w" sizes="auto, (max-width: 987px) 100vw, 987px" /></a></p>

<p>ACOLLIDA MATINAL<br />
L&#8217;Institut Escola La Jota  ofereix el servei d&#8217;acollida al matí per aquelles famílies del centre que ho necessitin.<br />
HORARI: de 08:00 a 09:00h de dilluns a divendres en dies d’escola.<br />
PREU : 2,60€/dia<br />
Entrada per la porta principal , edifici d&#8217;Educació Infantil i Primària. Caldrà tocar el&hellip;  <a href="https://agora.xtec.cat/ceiplajota/serveis/acollida/" title="Read Acollida Matinal">Llegeix més»</a></p>
