{"id":766,"date":"2020-02-24T11:58:03","date_gmt":"2020-02-24T10:58:03","guid":{"rendered":"https:\/\/agora.xtec.cat\/ceiplajota\/?page_id=766"},"modified":"2022-02-27T13:11:13","modified_gmt":"2022-02-27T12:11:13","slug":"jotahort","status":"publish","type":"page","link":"https:\/\/agora.xtec.cat\/ceiplajota\/projecte-educatiu\/projectes-de-lescola\/jotahort\/","title":{"rendered":"Jotahort"},"content":{"rendered":"<h3>\u201cL\u2019hort \u00e9s el vincle que encara ens uneix a la terra, que ens permet a tots ser agricultors, obtenir els nostres propis aliments sense rec\u00f3rrer al sistema monetari. L\u2019hort ens connecta amb els nostres avantpassats\u201d (Escutia, 2009)<\/h3>\n<p><span style=\"color: #008000;\"><strong>L&#8217;hort com a recurs pedag\u00f2gic:<\/strong><\/span><\/p>\n<p>L\u2019hort \u00e9s una eina pedag\u00f2gica destinada a nens i nenes que permet el treball de conceptes, h\u00e0bits, actituds i procediments, aix\u00ed com valors.<br \/>\nL\u2019hort ecol\u00f2gic \u00e9s un projecte de Centre amb l\u2019objectiu fonamental d\u2019educar en uns valors de progr\u00e9s sostenible, de respecte a la natura, de socialitzaci\u00f3 de l\u2019entorn i de treball en equip.<br \/>\n\u00c9s un projecte que afecta a bona part del curr\u00edculum de l\u2019alumne,<br \/>\nL\u2019hort escolar i ecol\u00f2gic no nom\u00e9s afavoreix l\u2019adquisici\u00f3 d\u2019aquests valors esmentats si no que permet el coneixement d\u2019una realitat rural i agr\u00e0ria que es va perdent poc a poc i que \u00e9s generadora d\u2019uns valors<br \/>\nrics i propis.<\/p>\n<p><a href=\"https:\/\/agora.xtec.cat\/ceiplajota\/wp-content\/uploads\/usu1571\/2022\/02\/Frasse-hort.png\"><img loading=\"lazy\" decoding=\"async\" class=\"aligncenter size-full wp-image-4536\" src=\"https:\/\/agora.xtec.cat\/ceiplajota\/wp-content\/uploads\/usu1571\/2022\/02\/Frasse-hort.png\" alt=\"\" width=\"756\" height=\"119\" srcset=\"https:\/\/agora.xtec.cat\/ceiplajota\/wp-content\/uploads\/usu1571\/2022\/02\/Frasse-hort.png 756w, https:\/\/agora.xtec.cat\/ceiplajota\/wp-content\/uploads\/usu1571\/2022\/02\/Frasse-hort-300x47.png 300w\" sizes=\"auto, (max-width: 756px) 100vw, 756px\" \/><\/a><\/p>\n<h3>EL CURR\u00cdCULUM DE L\u2019HORT<\/h3>\n<p><strong>L\u2019hort \u00e9s un entorn que facilita els aprenentatges vivencials<\/strong>\u00a0on els alumnes aprenen fent i manipulant. Aprenen conceptes i assoleixen compet\u00e8ncies b\u00e0siques, cosa que cal tenir en compte a l\u2019hora de plantejar un projecte transversal d\u2019hort escolar que es pugui incloure en el Projecte de Centre.<\/p>\n<p><a href=\"https:\/\/drive.google.com\/drive\/folders\/1yx5y3zMJqSD1GWe5gjBh3RcGi6uXwPX9?usp=sharing\" target=\"_blank\" rel=\"noopener\">Imatges<\/a><\/p>\n<p>&nbsp;<\/p>\n","protected":false},"excerpt":{"rendered":"<p>\u201cL\u2019hort \u00e9s el vincle que encara ens uneix a la terra, que ens permet a tots ser agricultors, obtenir els nostres propis aliments sense rec\u00f3rrer al sistema monetari. L\u2019hort ens connecta amb els nostres avantpassats\u201d (Escutia, 2009)<br \/>\nL&#8217;hort com a recurs pedag\u00f2gic:<br \/>\nL\u2019hort \u00e9s una eina pedag\u00f2gica&hellip;  <a href=\"https:\/\/agora.xtec.cat\/ceiplajota\/projecte-educatiu\/projectes-de-lescola\/jotahort\/\" title=\"Read Jotahort\">Llegeix m\u00e9s\u00bb<\/a><\/p>\n","protected":false},"author":1,"featured_media":0,"parent":617,"menu_order":0,"comment_status":"closed","ping_status":"closed","template":"page-templates\/side-menu.php","meta":{"_bbp_topic_count":0,"_bbp_reply_count":0,"_bbp_total_topic_count":0,"_bbp_total_reply_count":0,"_bbp_voice_count":0,"_bbp_anonymous_reply_count":0,"_bbp_topic_count_hidden":0,"_bbp_reply_count_hidden":0,"_bbp_forum_subforum_count":0,"footnotes":""},"class_list":["post-766","page","type-page","status-publish","hentry"],"post_mailing_queue_ids":[],"_links":{"self":[{"href":"https:\/\/agora.xtec.cat\/ceiplajota\/wp-json\/wp\/v2\/pages\/766","targetHints":{"allow":["GET"]}}],"collection":[{"href":"https:\/\/agora.xtec.cat\/ceiplajota\/wp-json\/wp\/v2\/pages"}],"about":[{"href":"https:\/\/agora.xtec.cat\/ceiplajota\/wp-json\/wp\/v2\/types\/page"}],"author":[{"embeddable":true,"href":"https:\/\/agora.xtec.cat\/ceiplajota\/wp-json\/wp\/v2\/users\/1"}],"replies":[{"embeddable":true,"href":"https:\/\/agora.xtec.cat\/ceiplajota\/wp-json\/wp\/v2\/comments?post=766"}],"version-history":[{"count":3,"href":"https:\/\/agora.xtec.cat\/ceiplajota\/wp-json\/wp\/v2\/pages\/766\/revisions"}],"predecessor-version":[{"id":4537,"href":"https:\/\/agora.xtec.cat\/ceiplajota\/wp-json\/wp\/v2\/pages\/766\/revisions\/4537"}],"up":[{"embeddable":true,"href":"https:\/\/agora.xtec.cat\/ceiplajota\/wp-json\/wp\/v2\/pages\/617"}],"wp:attachment":[{"href":"https:\/\/agora.xtec.cat\/ceiplajota\/wp-json\/wp\/v2\/media?parent=766"}],"curies":[{"name":"wp","href":"https:\/\/api.w.org\/{rel}","templated":true}]}}

<h3>“L’hort és el vincle que encara ens uneix a la terra, que ens permet a tots ser agricultors, obtenir els nostres propis aliments sense recórrer al sistema monetari. L’hort ens connecta amb els nostres avantpassats” (Escutia, 2009)</h3>
<p><span style="color: #008000;"><strong>L&#8217;hort com a recurs pedagògic:</strong></span></p>
<p>L’hort és una eina pedagògica destinada a nens i nenes que permet el treball de conceptes, hàbits, actituds i procediments, així com valors.<br />
L’hort ecològic és un projecte de Centre amb l’objectiu fonamental d’educar en uns valors de progrés sostenible, de respecte a la natura, de socialització de l’entorn i de treball en equip.<br />
És un projecte que afecta a bona part del currículum de l’alumne,<br />
L’hort escolar i ecològic no només afavoreix l’adquisició d’aquests valors esmentats si no que permet el coneixement d’una realitat rural i agrària que es va perdent poc a poc i que és generadora d’uns valors<br />
rics i propis.</p>
<p><a href="https://agora.xtec.cat/ceiplajota/wp-content/uploads/usu1571/2022/02/Frasse-hort.png"><img loading="lazy" decoding="async" class="aligncenter size-full wp-image-4536" src="https://agora.xtec.cat/ceiplajota/wp-content/uploads/usu1571/2022/02/Frasse-hort.png" alt="" width="756" height="119" srcset="https://agora.xtec.cat/ceiplajota/wp-content/uploads/usu1571/2022/02/Frasse-hort.png 756w, https://agora.xtec.cat/ceiplajota/wp-content/uploads/usu1571/2022/02/Frasse-hort-300x47.png 300w" sizes="auto, (max-width: 756px) 100vw, 756px" /></a></p>
<h3>EL CURRÍCULUM DE L’HORT</h3>
<p><strong>L’hort és un entorn que facilita els aprenentatges vivencials</strong> on els alumnes aprenen fent i manipulant. Aprenen conceptes i assoleixen competències bàsiques, cosa que cal tenir en compte a l’hora de plantejar un projecte transversal d’hort escolar que es pugui incloure en el Projecte de Centre.</p>
<p><a href="https://drive.google.com/drive/folders/1yx5y3zMJqSD1GWe5gjBh3RcGi6uXwPX9?usp=sharing" target="_blank" rel="noopener">Imatges</a></p>
<p>&nbsp;</p>

<p>“L’hort és el vincle que encara ens uneix a la terra, que ens permet a tots ser agricultors, obtenir els nostres propis aliments sense recórrer al sistema monetari. L’hort ens connecta amb els nostres avantpassats” (Escutia, 2009)<br />
L&#8217;hort com a recurs pedagògic:<br />
L’hort és una eina pedagògica&hellip;  <a href="https://agora.xtec.cat/ceiplajota/projecte-educatiu/projectes-de-lescola/jotahort/" title="Read Jotahort">Llegeix més»</a></p>
