{"id":762,"date":"2024-09-09T11:56:55","date_gmt":"2024-09-09T09:56:55","guid":{"rendered":"https:\/\/agora.xtec.cat\/ceiplajota\/?page_id=762"},"modified":"2025-02-08T23:57:33","modified_gmt":"2025-02-08T22:57:33","slug":"biblioteca","status":"publish","type":"page","link":"https:\/\/agora.xtec.cat\/ceiplajota\/projecte-educatiu\/projectes-de-lescola\/biblioteca\/","title":{"rendered":"El Pla Lector a L&#8217;Institut Escola La Jota"},"content":{"rendered":"<p><span style=\"font-weight: 400;\">El Pla Lector de Centre t\u00e9 per objectiu incrementar l\u2019\u00e8xit educatiu dels infants i adolescents a trav\u00e9s de la millora de la comprensi\u00f3 lectora. Tenim el repte de garantir que tot l\u2019alumnat finalitzi l\u2019etapa de secund\u00e0ria amb un bon nivell de compet\u00e8ncia lectora que els asseguri al llarg de la vida el seu desenvolupament educatiu, personal i social. Treballem de forma l\u00fadica i amena el gust per la lectura dissenyant i impulsant activitats de promoci\u00f3 lectora i escriptora oferint la participaci\u00f3 a tota la comunitat educativa.<\/span><\/p>\n<p>Quins s\u00f3n els nostres objectius al llarg de l&#8217;escolaritzaci\u00f3 al centre, des d&#8217;i3 fins a secund\u00e0ria?<\/p>\n<ul>\n<li aria-level=\"1\"><b><b>1. SABER LLEGIR<\/b><\/b><\/li>\n<li aria-level=\"1\"><b>2. LLEGIR PER APRENDRE<\/b><\/li>\n<li aria-level=\"1\"><b>3. GUST PER LLEGIR<\/b><\/li>\n<li aria-level=\"1\">Per fer-ho,\u00a0 tenim aquests <a href=\"https:\/\/drive.google.com\/file\/d\/14aD_P_3fUnWefOjrqhdJyKY4fUrpx3MZ\/view?usp=drive_link\" target=\"_blank\" rel=\"noopener\">llibres de centre (socialitzats)<\/a> des de 3r de prim\u00e0ria per fer la lectura al centre.<\/li>\n<li aria-level=\"1\">Tenim tamb\u00e9 molts altres recursos com la biblioteca de centre, les biblioteques de cada aula i\/o cicle, els projectes de lectura intercicle\u00a0 (Lectura en parella), l&#8217;Hora del Conte, la Capsa de les Lletres, la Maleta Viatgera, les Carpetes de Contes, els Racons de Llengua, els 30 minuts diaris de lectura a tota la prim\u00e0ria i secund\u00e0ria, a l&#8217;Apadrinament Lector, els Clubs de les Lletres, la Lectura en Parella, les lectures dirigides en Veu Alta, les comprensions lectores, el Tallers d&#8217;Escriptura, els diversos cotacontes i escriptors que visiten el centre, la participaci\u00f3 al Cert\u00e0men de Lectura en Veu Alta, la participaci\u00f3 als Jocs Florals,&#8230;<\/li>\n<\/ul>\n","protected":false},"excerpt":{"rendered":"<p>El Pla Lector de Centre t\u00e9 per objectiu incrementar l\u2019\u00e8xit educatiu dels infants i adolescents a trav\u00e9s de la millora de la comprensi\u00f3 lectora. Tenim el repte de garantir que tot l\u2019alumnat finalitzi l\u2019etapa de secund\u00e0ria amb un bon nivell de compet\u00e8ncia lectora que els&hellip;  <a href=\"https:\/\/agora.xtec.cat\/ceiplajota\/projecte-educatiu\/projectes-de-lescola\/biblioteca\/\" title=\"Read El Pla Lector a L&#8217;Institut Escola La Jota\">Llegeix m\u00e9s\u00bb<\/a><\/p>\n","protected":false},"author":1,"featured_media":0,"parent":617,"menu_order":0,"comment_status":"closed","ping_status":"closed","template":"page-templates\/side-menu.php","meta":{"_bbp_topic_count":0,"_bbp_reply_count":0,"_bbp_total_topic_count":0,"_bbp_total_reply_count":0,"_bbp_voice_count":0,"_bbp_anonymous_reply_count":0,"_bbp_topic_count_hidden":0,"_bbp_reply_count_hidden":0,"_bbp_forum_subforum_count":0,"footnotes":""},"class_list":["post-762","page","type-page","status-publish","hentry"],"post_mailing_queue_ids":[],"_links":{"self":[{"href":"https:\/\/agora.xtec.cat\/ceiplajota\/wp-json\/wp\/v2\/pages\/762","targetHints":{"allow":["GET"]}}],"collection":[{"href":"https:\/\/agora.xtec.cat\/ceiplajota\/wp-json\/wp\/v2\/pages"}],"about":[{"href":"https:\/\/agora.xtec.cat\/ceiplajota\/wp-json\/wp\/v2\/types\/page"}],"author":[{"embeddable":true,"href":"https:\/\/agora.xtec.cat\/ceiplajota\/wp-json\/wp\/v2\/users\/1"}],"replies":[{"embeddable":true,"href":"https:\/\/agora.xtec.cat\/ceiplajota\/wp-json\/wp\/v2\/comments?post=762"}],"version-history":[{"count":6,"href":"https:\/\/agora.xtec.cat\/ceiplajota\/wp-json\/wp\/v2\/pages\/762\/revisions"}],"predecessor-version":[{"id":6657,"href":"https:\/\/agora.xtec.cat\/ceiplajota\/wp-json\/wp\/v2\/pages\/762\/revisions\/6657"}],"up":[{"embeddable":true,"href":"https:\/\/agora.xtec.cat\/ceiplajota\/wp-json\/wp\/v2\/pages\/617"}],"wp:attachment":[{"href":"https:\/\/agora.xtec.cat\/ceiplajota\/wp-json\/wp\/v2\/media?parent=762"}],"curies":[{"name":"wp","href":"https:\/\/api.w.org\/{rel}","templated":true}]}}

<p><span style="font-weight: 400;">El Pla Lector de Centre té per objectiu incrementar l’èxit educatiu dels infants i adolescents a través de la millora de la comprensió lectora. Tenim el repte de garantir que tot l’alumnat finalitzi l’etapa de secundària amb un bon nivell de competència lectora que els asseguri al llarg de la vida el seu desenvolupament educatiu, personal i social. Treballem de forma lúdica i amena el gust per la lectura dissenyant i impulsant activitats de promoció lectora i escriptora oferint la participació a tota la comunitat educativa.</span></p>
<p>Quins són els nostres objectius al llarg de l&#8217;escolarització al centre, des d&#8217;i3 fins a secundària?</p>
<ul>
<li aria-level="1"><b><b>1. SABER LLEGIR</b></b></li>
<li aria-level="1"><b>2. LLEGIR PER APRENDRE</b></li>
<li aria-level="1"><b>3. GUST PER LLEGIR</b></li>
<li aria-level="1">Per fer-ho,  tenim aquests <a href="https://drive.google.com/file/d/14aD_P_3fUnWefOjrqhdJyKY4fUrpx3MZ/view?usp=drive_link" target="_blank" rel="noopener">llibres de centre (socialitzats)</a> des de 3r de primària per fer la lectura al centre.</li>
<li aria-level="1">Tenim també molts altres recursos com la biblioteca de centre, les biblioteques de cada aula i/o cicle, els projectes de lectura intercicle  (Lectura en parella), l&#8217;Hora del Conte, la Capsa de les Lletres, la Maleta Viatgera, les Carpetes de Contes, els Racons de Llengua, els 30 minuts diaris de lectura a tota la primària i secundària, a l&#8217;Apadrinament Lector, els Clubs de les Lletres, la Lectura en Parella, les lectures dirigides en Veu Alta, les comprensions lectores, el Tallers d&#8217;Escriptura, els diversos cotacontes i escriptors que visiten el centre, la participació al Certàmen de Lectura en Veu Alta, la participació als Jocs Florals,&#8230;</li>
</ul>

<p>El Pla Lector de Centre té per objectiu incrementar l’èxit educatiu dels infants i adolescents a través de la millora de la comprensió lectora. Tenim el repte de garantir que tot l’alumnat finalitzi l’etapa de secundària amb un bon nivell de competència lectora que els&hellip;  <a href="https://agora.xtec.cat/ceiplajota/projecte-educatiu/projectes-de-lescola/biblioteca/" title="Read El Pla Lector a L&#8217;Institut Escola La Jota">Llegeix més»</a></p>
