{"id":755,"date":"2020-02-24T11:49:23","date_gmt":"2020-02-24T10:49:23","guid":{"rendered":"https:\/\/agora.xtec.cat\/ceiplajota\/?page_id=755"},"modified":"2025-02-08T23:20:03","modified_gmt":"2025-02-08T22:20:03","slug":"avac","status":"publish","type":"page","link":"https:\/\/agora.xtec.cat\/ceiplajota\/projecte-educatiu\/projectes-de-lescola\/avac\/","title":{"rendered":"A.V.A.C."},"content":{"rendered":"<p><a href=\"https:\/\/agora.xtec.cat\/ceiplajota\/wp-content\/uploads\/usu1571\/2020\/02\/miniAVAC2.jpg\"><img loading=\"lazy\" decoding=\"async\" class=\" wp-image-756 aligncenter\" src=\"https:\/\/agora.xtec.cat\/ceiplajota\/wp-content\/uploads\/usu1571\/2020\/02\/miniAVAC2-300x262.jpg\" alt=\"\" width=\"235\" height=\"205\" srcset=\"https:\/\/agora.xtec.cat\/ceiplajota\/wp-content\/uploads\/usu1571\/2020\/02\/miniAVAC2-300x262.jpg 300w, https:\/\/agora.xtec.cat\/ceiplajota\/wp-content\/uploads\/usu1571\/2020\/02\/miniAVAC2.jpg 332w\" sizes=\"auto, (max-width: 235px) 100vw, 235px\" \/><\/a><\/p>\n<p>El Projecte AVAC va n\u00e9ixer a l\u2019Escola La Jota el curs 2005-2006 com un espai de trobada entre\u00a0 els diferents membres de la comunitat educativa. Un espai compartit, que potencia la comunicaci\u00f3, la coneixen\u00e7a i la coher\u00e8ncia educativa entre all\u00f2 que els infants fan a l\u2019escola i a casa.<\/p>\n<p>Es tracta d\u2019una manera d\u2019entendre l\u2019educaci\u00f3 que, cada curs, anem reconstruint i reinventant.<\/p>\n<p>L\u2019AVAC promou moltes activitats, com les xerrades a i3, visites d\u2019exalumnes, familiars experts, el Club de Lectura, el Club de les \u00e0vies i els avis, &#8230; i la jornada de jocs AVAC compartida entre alumnes, fam\u00edlies i equip docent.<\/p>\n<p>La din\u00e0mica ha estat sempre la mateixa: fer reunions inicials entre mestres i fam\u00edlies per organitzar les actuacions del curs. D\u2019aquestes reunions en sorgeixen comissions, activitats,&#8230;<\/p>\n<p>Com a reptes de futur immediat ens plantegem connectar aquest projecte amb la nostra ciutat, amb el nostre entorn. En definitiva: una major implicaci\u00f3 en la vida del poble.<\/p>\n<p><a href=\"https:\/\/agora.xtec.cat\/ceiplajota\/wp-content\/uploads\/usu1571\/2021\/02\/Flyer-AVAC-20-21.pdf\">Flyer AVAC 20-21<\/a><\/p>\n","protected":false},"excerpt":{"rendered":"<p><a href=\"https:\/\/agora.xtec.cat\/ceiplajota\/wp-content\/uploads\/usu1571\/2020\/02\/miniAVAC2.jpg\"><\/a><br \/>\nEl Projecte AVAC va n\u00e9ixer a l\u2019Escola La Jota el curs 2005-2006 com un espai de trobada entre\u00a0 els diferents membres de la comunitat educativa. Un espai compartit, que potencia la comunicaci\u00f3, la coneixen\u00e7a i la coher\u00e8ncia educativa entre all\u00f2 que els infants fan&hellip;  <a href=\"https:\/\/agora.xtec.cat\/ceiplajota\/projecte-educatiu\/projectes-de-lescola\/avac\/\" title=\"Read A.V.A.C.\">Llegeix m\u00e9s\u00bb<\/a><\/p>\n","protected":false},"author":1,"featured_media":0,"parent":617,"menu_order":0,"comment_status":"closed","ping_status":"closed","template":"page-templates\/side-menu.php","meta":{"_bbp_topic_count":0,"_bbp_reply_count":0,"_bbp_total_topic_count":0,"_bbp_total_reply_count":0,"_bbp_voice_count":0,"_bbp_anonymous_reply_count":0,"_bbp_topic_count_hidden":0,"_bbp_reply_count_hidden":0,"_bbp_forum_subforum_count":0,"footnotes":""},"class_list":["post-755","page","type-page","status-publish","hentry"],"post_mailing_queue_ids":[],"_links":{"self":[{"href":"https:\/\/agora.xtec.cat\/ceiplajota\/wp-json\/wp\/v2\/pages\/755","targetHints":{"allow":["GET"]}}],"collection":[{"href":"https:\/\/agora.xtec.cat\/ceiplajota\/wp-json\/wp\/v2\/pages"}],"about":[{"href":"https:\/\/agora.xtec.cat\/ceiplajota\/wp-json\/wp\/v2\/types\/page"}],"author":[{"embeddable":true,"href":"https:\/\/agora.xtec.cat\/ceiplajota\/wp-json\/wp\/v2\/users\/1"}],"replies":[{"embeddable":true,"href":"https:\/\/agora.xtec.cat\/ceiplajota\/wp-json\/wp\/v2\/comments?post=755"}],"version-history":[{"count":4,"href":"https:\/\/agora.xtec.cat\/ceiplajota\/wp-json\/wp\/v2\/pages\/755\/revisions"}],"predecessor-version":[{"id":6649,"href":"https:\/\/agora.xtec.cat\/ceiplajota\/wp-json\/wp\/v2\/pages\/755\/revisions\/6649"}],"up":[{"embeddable":true,"href":"https:\/\/agora.xtec.cat\/ceiplajota\/wp-json\/wp\/v2\/pages\/617"}],"wp:attachment":[{"href":"https:\/\/agora.xtec.cat\/ceiplajota\/wp-json\/wp\/v2\/media?parent=755"}],"curies":[{"name":"wp","href":"https:\/\/api.w.org\/{rel}","templated":true}]}}

<p><a href="https://agora.xtec.cat/ceiplajota/wp-content/uploads/usu1571/2020/02/miniAVAC2.jpg"><img loading="lazy" decoding="async" class=" wp-image-756 aligncenter" src="https://agora.xtec.cat/ceiplajota/wp-content/uploads/usu1571/2020/02/miniAVAC2-300x262.jpg" alt="" width="235" height="205" srcset="https://agora.xtec.cat/ceiplajota/wp-content/uploads/usu1571/2020/02/miniAVAC2-300x262.jpg 300w, https://agora.xtec.cat/ceiplajota/wp-content/uploads/usu1571/2020/02/miniAVAC2.jpg 332w" sizes="auto, (max-width: 235px) 100vw, 235px" /></a></p>
<p>El Projecte AVAC va néixer a l’Escola La Jota el curs 2005-2006 com un espai de trobada entre  els diferents membres de la comunitat educativa. Un espai compartit, que potencia la comunicació, la coneixença i la coherència educativa entre allò que els infants fan a l’escola i a casa.</p>
<p>Es tracta d’una manera d’entendre l’educació que, cada curs, anem reconstruint i reinventant.</p>
<p>L’AVAC promou moltes activitats, com les xerrades a i3, visites d’exalumnes, familiars experts, el Club de Lectura, el Club de les àvies i els avis, &#8230; i la jornada de jocs AVAC compartida entre alumnes, famílies i equip docent.</p>
<p>La dinàmica ha estat sempre la mateixa: fer reunions inicials entre mestres i famílies per organitzar les actuacions del curs. D’aquestes reunions en sorgeixen comissions, activitats,&#8230;</p>
<p>Com a reptes de futur immediat ens plantegem connectar aquest projecte amb la nostra ciutat, amb el nostre entorn. En definitiva: una major implicació en la vida del poble.</p>
<p><a href="https://agora.xtec.cat/ceiplajota/wp-content/uploads/usu1571/2021/02/Flyer-AVAC-20-21.pdf">Flyer AVAC 20-21</a></p>

<p><a href="https://agora.xtec.cat/ceiplajota/wp-content/uploads/usu1571/2020/02/miniAVAC2.jpg"></a><br />
El Projecte AVAC va néixer a l’Escola La Jota el curs 2005-2006 com un espai de trobada entre  els diferents membres de la comunitat educativa. Un espai compartit, que potencia la comunicació, la coneixença i la coherència educativa entre allò que els infants fan&hellip;  <a href="https://agora.xtec.cat/ceiplajota/projecte-educatiu/projectes-de-lescola/avac/" title="Read A.V.A.C.">Llegeix més»</a></p>
