{"id":744,"date":"2026-03-16T19:00:03","date_gmt":"2026-03-16T18:00:03","guid":{"rendered":"https:\/\/agora.xtec.cat\/ceiplajota\/?page_id=744"},"modified":"2026-03-16T22:05:26","modified_gmt":"2026-03-16T21:05:26","slug":"documents-de-centre","status":"publish","type":"page","link":"https:\/\/agora.xtec.cat\/ceiplajota\/lescola\/documents-de-centre\/","title":{"rendered":"Documents de centre"},"content":{"rendered":"<p>En aquesta p\u00e0gina trobar\u00e0s la documentaci\u00f3 del centre.<\/p>\n<p><a href=\"https:\/\/drive.google.com\/file\/d\/1959NSMyxWQ0upiYlq9Rke5oH8yjogZnK\/view?usp=drive_link\" target=\"_blank\" rel=\"noopener\">Principis Educatius Institut Escola La Jota<\/a><\/p>\n<p><a href=\"https:\/\/drive.google.com\/file\/d\/106xcdR7Ty3tk00eNC1vg8MIBg3I_I2d7\/view?usp=drive_link\" target=\"_blank\" rel=\"noopener\">PEM 2024-2028<\/a><\/p>\n<p>NOFC:<\/p>\n<ul>\n<li><a href=\"https:\/\/drive.google.com\/file\/d\/1fYnxWDxvdQ1w5WaQ9mbu9w71yRWOg8iY\/view?usp=drive_link\" target=\"_blank\" rel=\"noopener\">Normativa Consell Escolar del centre<\/a>. Aprovat el 03\/12\/2025<\/li>\n<li><a href=\"https:\/\/drive.google.com\/file\/d\/1SqGRAkb-WQ9kINjIx9gkVUBxIVA5J8vN\/view?usp=drive_link\" target=\"_blank\" rel=\"noopener\">Conductes contr\u00e0ries a la conviv\u00e8ncia en el menjador.<\/a> Aprovades el 06\/11\/2024<\/li>\n<li><a href=\"https:\/\/drive.google.com\/file\/d\/1iXADz1XPcElAwmFh5GtSjdahrk5A_KjB\/view?usp=drive_link\" target=\"_blank\" rel=\"noopener\">Conductes contr\u00e0ries a la conviv\u00e8ncia a 4t de prim\u00e0ria<\/a>. Aprovades el 04\/02\/2026<\/li>\n<li><a href=\"https:\/\/drive.google.com\/file\/d\/130jrMKWHSq4Qi8AV8dd79gjkZgPzrE9v\/view?usp=drive_link\" target=\"_blank\" rel=\"noopener\">Conductes contr\u00e0ries a la conviv\u00e8ncia a C.S.<\/a> Aprovades el 03\/12\/2025<\/li>\n<li><a href=\"https:\/\/drive.google.com\/file\/d\/1lyT4UniVI2qF7ypxXgqL_UVDTp3QZxp2\/view?usp=drive_link\" target=\"_blank\" rel=\"noopener\">Conductes contr\u00e0ries a la conviv\u00e8ncia a l&#8217;ESO<\/a>. Aprovades el 16\/03\/2026<\/li>\n<\/ul>\n<p><a href=\"https:\/\/drive.google.com\/file\/d\/1NngS5D1617boOP7e1ctffPXqP-g4PmUX\/view?usp=share_link\" target=\"_blank\" rel=\"noopener\">Projecte Ling\u00fc\u00edstic de centre\u00a0<\/a><\/p>\n<p><a href=\"https:\/\/agora.xtec.cat\/ceiplajota\/projecte-educatiu\/carta-de-compromis\/\" target=\"_blank\" rel=\"noopener noreferrer\">Carta de compromi\u0301s educatiu<\/a><\/p>\n<p><a href=\"https:\/\/agora.xtec.cat\/ceiplajota\/wp-content\/uploads\/usu1571\/2020\/02\/Projecte-ELS-NOSTRES-LLIBRES-4.pdf\" target=\"_blank\" rel=\"noopener noreferrer\">Projecte &#8220;ELS NOSTRES LLIBRES&#8221;<\/a><\/p>\n<p><a href=\"https:\/\/drive.google.com\/file\/d\/1l0z-iXCZVIRiHbZfi_djGthBs_ESfKxh\/view?usp=drive_link\" target=\"_blank\" rel=\"noopener\">Exercici 2026: pressupost<\/a><\/p>\n<p><a href=\"https:\/\/drive.google.com\/file\/d\/1upukat-PLPnsUmo7JsmRgYXxXvavh9ty\/view?usp=drive_link\" target=\"_blank\" rel=\"noopener\">CONVENI DE COL\u00b7LABORACI\u00d3<\/a> PER A LA PROMOCI\u00d3 EDUCATIVA ENTRE L\u2019AJUNTAMENT DE BADIA DEL VALL\u00c8S I L\u2019ESCOLA LA JOTA DES DEL 2024 FINS EL 2027<\/p>\n<p>ALTRES:<\/p>\n<p><a href=\"https:\/\/agora.xtec.cat\/ceiplajota\/wp-content\/uploads\/usu1571\/2021\/09\/Criteris-de-no-assistencia-de-lalumnat-a-lescola-o-llar-dinfants-durant-un-periode-de-temps-determinat-a-causa-de-malalties-transmissibles.pdf\" target=\"_blank\" rel=\"noopener\">Criteris de no assist\u00e8ncia de l&#8217;alumnat a l&#8217;escola o llar d&#8217;infants durant un per\u00edode de temps determinat a causa de malalties transmissibles<\/a><\/p>\n<p>CENTRE FORMADOR:<\/p>\n<p><a href=\"https:\/\/drive.google.com\/file\/d\/11I8VJxK8Yh3SFe8oAaOtzx_rAtaHWVl-\/view?usp=drive_link\" target=\"_blank\" rel=\"noopener\">Curs 2025-2026<\/a><\/p>\n<p>&nbsp;<\/p>\n","protected":false},"excerpt":{"rendered":"<p>En aquesta p\u00e0gina trobar\u00e0s la documentaci\u00f3 del centre.<br \/>\n<a href=\"https:\/\/drive.google.com\/file\/d\/1959NSMyxWQ0upiYlq9Rke5oH8yjogZnK\/view?usp=drive_link\" target=\"_blank\" rel=\"noopener\">Principis Educatius Institut Escola La Jota<\/a><br \/>\n<a href=\"https:\/\/drive.google.com\/file\/d\/106xcdR7Ty3tk00eNC1vg8MIBg3I_I2d7\/view?usp=drive_link\" target=\"_blank\" rel=\"noopener\">PEM 2024-2028<\/a><br \/>\nNOFC:<\/p>\n<ul>\n<li><a href=\"https:\/\/drive.google.com\/file\/d\/1fYnxWDxvdQ1w5WaQ9mbu9w71yRWOg8iY\/view?usp=drive_link\" target=\"_blank\" rel=\"noopener\">Normativa Consell Escolar del centre<\/a>. Aprovat el 03\/12\/2025<\/li>\n<li><a href=\"https:\/\/drive.google.com\/file\/d\/1SqGRAkb-WQ9kINjIx9gkVUBxIVA5J8vN\/view?usp=drive_link\" target=\"_blank\" rel=\"noopener\">Conductes contr\u00e0ries a la conviv\u00e8ncia en el menjador.<\/a> Aprovades el 06\/11\/2024<\/li>\n<li><a href=\"https:\/\/drive.google.com\/file\/d\/1iXADz1XPcElAwmFh5GtSjdahrk5A_KjB\/view?usp=drive_link\" target=\"_blank\"&hellip;  <a href=\"https:\/\/agora.xtec.cat\/ceiplajota\/lescola\/documents-de-centre\/\" title=\"Read Documents de centre\">Llegeix m\u00e9s\u00bb<\/a><br \/>\n","protected":false},"author":1,"featured_media":0,"parent":22,"menu_order":25,"comment_status":"closed","ping_status":"closed","template":"page-templates\/side-menu.php","meta":{"_bbp_topic_count":0,"_bbp_reply_count":0,"_bbp_total_topic_count":0,"_bbp_total_reply_count":0,"_bbp_voice_count":0,"_bbp_anonymous_reply_count":0,"_bbp_topic_count_hidden":0,"_bbp_reply_count_hidden":0,"_bbp_forum_subforum_count":0,"footnotes":""},"class_list":["post-744","page","type-page","status-publish","hentry"],"post_mailing_queue_ids":[],"_links":{"self":[{"href":"https:\/\/agora.xtec.cat\/ceiplajota\/wp-json\/wp\/v2\/pages\/744","targetHints":{"allow":["GET"]}}],"collection":[{"href":"https:\/\/agora.xtec.cat\/ceiplajota\/wp-json\/wp\/v2\/pages"}],"about":[{"href":"https:\/\/agora.xtec.cat\/ceiplajota\/wp-json\/wp\/v2\/types\/page"}],"author":[{"embeddable":true,"href":"https:\/\/agora.xtec.cat\/ceiplajota\/wp-json\/wp\/v2\/users\/1"}],"replies":[{"embeddable":true,"href":"https:\/\/agora.xtec.cat\/ceiplajota\/wp-json\/wp\/v2\/comments?post=744"}],"version-history":[{"count":7,"href":"https:\/\/agora.xtec.cat\/ceiplajota\/wp-json\/wp\/v2\/pages\/744\/revisions"}],"predecessor-version":[{"id":7242,"href":"https:\/\/agora.xtec.cat\/ceiplajota\/wp-json\/wp\/v2\/pages\/744\/revisions\/7242"}],"up":[{"embeddable":true,"href":"https:\/\/agora.xtec.cat\/ceiplajota\/wp-json\/wp\/v2\/pages\/22"}],"wp:attachment":[{"href":"https:\/\/agora.xtec.cat\/ceiplajota\/wp-json\/wp\/v2\/media?parent=744"}],"curies":[{"name":"wp","href":"https:\/\/api.w.org\/{rel}","templated":true}]}}

<p>En aquesta pàgina trobaràs la documentació del centre.</p>
<p><a href="https://drive.google.com/file/d/1959NSMyxWQ0upiYlq9Rke5oH8yjogZnK/view?usp=drive_link" target="_blank" rel="noopener">Principis Educatius Institut Escola La Jota</a></p>
<p><a href="https://drive.google.com/file/d/106xcdR7Ty3tk00eNC1vg8MIBg3I_I2d7/view?usp=drive_link" target="_blank" rel="noopener">PEM 2024-2028</a></p>
<p>NOFC:</p>
<ul>
<li><a href="https://drive.google.com/file/d/1fYnxWDxvdQ1w5WaQ9mbu9w71yRWOg8iY/view?usp=drive_link" target="_blank" rel="noopener">Normativa Consell Escolar del centre</a>. Aprovat el 03/12/2025</li>
<li><a href="https://drive.google.com/file/d/1SqGRAkb-WQ9kINjIx9gkVUBxIVA5J8vN/view?usp=drive_link" target="_blank" rel="noopener">Conductes contràries a la convivència en el menjador.</a> Aprovades el 06/11/2024</li>
<li><a href="https://drive.google.com/file/d/1iXADz1XPcElAwmFh5GtSjdahrk5A_KjB/view?usp=drive_link" target="_blank" rel="noopener">Conductes contràries a la convivència a 4t de primària</a>. Aprovades el 04/02/2026</li>
<li><a href="https://drive.google.com/file/d/130jrMKWHSq4Qi8AV8dd79gjkZgPzrE9v/view?usp=drive_link" target="_blank" rel="noopener">Conductes contràries a la convivència a C.S.</a> Aprovades el 03/12/2025</li>
<li><a href="https://drive.google.com/file/d/1lyT4UniVI2qF7ypxXgqL_UVDTp3QZxp2/view?usp=drive_link" target="_blank" rel="noopener">Conductes contràries a la convivència a l&#8217;ESO</a>. Aprovades el 16/03/2026</li>
</ul>
<p><a href="https://drive.google.com/file/d/1NngS5D1617boOP7e1ctffPXqP-g4PmUX/view?usp=share_link" target="_blank" rel="noopener">Projecte Lingüístic de centre </a></p>
<p><a href="https://agora.xtec.cat/ceiplajota/projecte-educatiu/carta-de-compromis/" target="_blank" rel="noopener noreferrer">Carta de compromís educatiu</a></p>
<p><a href="https://agora.xtec.cat/ceiplajota/wp-content/uploads/usu1571/2020/02/Projecte-ELS-NOSTRES-LLIBRES-4.pdf" target="_blank" rel="noopener noreferrer">Projecte &#8220;ELS NOSTRES LLIBRES&#8221;</a></p>
<p><a href="https://drive.google.com/file/d/1l0z-iXCZVIRiHbZfi_djGthBs_ESfKxh/view?usp=drive_link" target="_blank" rel="noopener">Exercici 2026: pressupost</a></p>
<p><a href="https://drive.google.com/file/d/1upukat-PLPnsUmo7JsmRgYXxXvavh9ty/view?usp=drive_link" target="_blank" rel="noopener">CONVENI DE COL·LABORACIÓ</a> PER A LA PROMOCIÓ EDUCATIVA ENTRE L’AJUNTAMENT DE BADIA DEL VALLÈS I L’ESCOLA LA JOTA DES DEL 2024 FINS EL 2027</p>
<p>ALTRES:</p>
<p><a href="https://agora.xtec.cat/ceiplajota/wp-content/uploads/usu1571/2021/09/Criteris-de-no-assistencia-de-lalumnat-a-lescola-o-llar-dinfants-durant-un-periode-de-temps-determinat-a-causa-de-malalties-transmissibles.pdf" target="_blank" rel="noopener">Criteris de no assistència de l&#8217;alumnat a l&#8217;escola o llar d&#8217;infants durant un període de temps determinat a causa de malalties transmissibles</a></p>
<p>CENTRE FORMADOR:</p>
<p><a href="https://drive.google.com/file/d/11I8VJxK8Yh3SFe8oAaOtzx_rAtaHWVl-/view?usp=drive_link" target="_blank" rel="noopener">Curs 2025-2026</a></p>
<p>&nbsp;</p>

<p>En aquesta pàgina trobaràs la documentació del centre.<br />
<a href="https://drive.google.com/file/d/1959NSMyxWQ0upiYlq9Rke5oH8yjogZnK/view?usp=drive_link" target="_blank" rel="noopener">Principis Educatius Institut Escola La Jota</a><br />
<a href="https://drive.google.com/file/d/106xcdR7Ty3tk00eNC1vg8MIBg3I_I2d7/view?usp=drive_link" target="_blank" rel="noopener">PEM 2024-2028</a><br />
NOFC:</p>
<ul>
<li><a href="https://drive.google.com/file/d/1fYnxWDxvdQ1w5WaQ9mbu9w71yRWOg8iY/view?usp=drive_link" target="_blank" rel="noopener">Normativa Consell Escolar del centre</a>. Aprovat el 03/12/2025</li>
<li><a href="https://drive.google.com/file/d/1SqGRAkb-WQ9kINjIx9gkVUBxIVA5J8vN/view?usp=drive_link" target="_blank" rel="noopener">Conductes contràries a la convivència en el menjador.</a> Aprovades el 06/11/2024</li>
<li><a href="https://drive.google.com/file/d/1iXADz1XPcElAwmFh5GtSjdahrk5A_KjB/view?usp=drive_link" target="_blank"&hellip;  <a href="https://agora.xtec.cat/ceiplajota/lescola/documents-de-centre/" title="Read Documents de centre">Llegeix més»</a><br />
