{"id":733,"date":"2024-09-09T01:53:20","date_gmt":"2024-09-08T23:53:20","guid":{"rendered":"https:\/\/agora.xtec.cat\/ceiplajota\/?page_id=733"},"modified":"2024-12-19T21:40:26","modified_gmt":"2024-12-19T20:40:26","slug":"centre-formador","status":"publish","type":"page","link":"https:\/\/agora.xtec.cat\/ceiplajota\/lescola\/centre-formador\/","title":{"rendered":"Centre formador"},"content":{"rendered":"<p><strong>INSTITUT ESCOLA LA JOTA: CENTRE FORMADOR.<\/strong><\/p>\n<p>Els centres formadors s\u00f3n aquells centres educatius sostinguts amb fons p\u00fablics que imparteixen ensenyaments d&#8217;educaci\u00f3 infantil, prim\u00e0ria, secund\u00e0ria obligat\u00f2ria, batxillerat, formaci\u00f3 professional, ensenyaments de r\u00e8gim especial i\/o formaci\u00f3 de persones adultes, aix\u00ed com els serveis educatius i unitats del Departament d\u2019Educaci\u00f3 els quals s\u2019ofereixen per rebre i tutoritzar estudiants universitaris en pr\u00e0ctiques, incorporant-los en la vida di\u00e0ria del centre, amb l\u2019objectiu que rebin formaci\u00f3 professionalitzadora en l\u2019entorn real de centre i aula. Aix\u00f2 requereix una coordinaci\u00f3 estreta amb les universitats i l\u2019establiment d\u2019un pla de treball que guiar\u00e0 l\u2019acompanyament d\u2019aquests estudiants en pr\u00e0ctiques al llarg de la seva estada al centre.<\/p>\n<p>Ser-ho, implica un acord de claustre i establir un protocol d\u2019acollida i al llarg de l\u2019estada formativa de l\u2019estudiant, que es concreta amb\u00a0l&#8217;Informe de Centre Formador.<\/p>\n<p>El Departament d&#8217;Educaci\u00f3 considera fonamental que els futurs mestres i professors facin les pr\u00e0ctiques en centres educatius sostinguts amb fons p\u00fablics, per tal que puguin assolir les compet\u00e8ncies necess\u00e0ries per exercir una doc\u00e8ncia de qualitat. L&#8217;organitzaci\u00f3 de les pr\u00e0ctiques en centres formadors ha de permetre la simultane\u00eftat entre la teoria i la pr\u00e0ctica, i ha de facilitar l&#8217;acompanyament professional des de la universitat i des del centre educatiu.<\/p>\n<p>Aquestes pr\u00e0ctiques es realitzen en el marc de convenis de col\u00b7laboraci\u00f3 entre el Departament d&#8217;Educaci\u00f3 i les universitats per una durada de quatre anys amb possibilitat de renovaci\u00f3.<\/p>\n<p>Per aquest motiu, el Departament estableix el procediment per a la selecci\u00f3 i acreditaci\u00f3 de centres educatius sostinguts amb fons p\u00fablics, aix\u00ed com de serveis educatius i les pr\u00f2pies depend\u00e8ncies del Departament d&#8217;Educaci\u00f3, com a centres formadors de les pr\u00e0ctiques acad\u00e8miques externes dels estudiants universitaris i d&#8217;altres institucions formadores, i regula el desenvolupament de les pr\u00e0ctiques als centres formadors.<\/p>\n<p>L&#8217;Institut Escola La Jota rep alumnes de pr\u00e0ctiques des de les universitats, la U.A.B., Blanquerna, Universidad de la Rioja i des de\u00a0 diferents instituts de la zona.<\/p>\n<p><a href=\"https:\/\/educacio.gencat.cat\/web\/.content\/home\/arees-actuacio\/professors\/formacio\/practiques-centres\/centres_formadors\/centres-valles-occidental.pdf\" target=\"_blank\" rel=\"noopener\">Relaci\u00f3 de centres formadors al Vall\u00e8s Occidental<\/a><\/p>\n","protected":false},"excerpt":{"rendered":"<p>INSTITUT ESCOLA LA JOTA: CENTRE FORMADOR.<br \/>\nEls centres formadors s\u00f3n aquells centres educatius sostinguts amb fons p\u00fablics que imparteixen ensenyaments d&#8217;educaci\u00f3 infantil, prim\u00e0ria, secund\u00e0ria obligat\u00f2ria, batxillerat, formaci\u00f3 professional, ensenyaments de r\u00e8gim especial i\/o formaci\u00f3 de persones adultes, aix\u00ed com els serveis educatius i unitats del Departament&hellip;  <a href=\"https:\/\/agora.xtec.cat\/ceiplajota\/lescola\/centre-formador\/\" title=\"Read Centre formador\">Llegeix m\u00e9s\u00bb<\/a><\/p>\n","protected":false},"author":1,"featured_media":0,"parent":22,"menu_order":80,"comment_status":"closed","ping_status":"closed","template":"page-templates\/side-menu.php","meta":{"_bbp_topic_count":0,"_bbp_reply_count":0,"_bbp_total_topic_count":0,"_bbp_total_reply_count":0,"_bbp_voice_count":0,"_bbp_anonymous_reply_count":0,"_bbp_topic_count_hidden":0,"_bbp_reply_count_hidden":0,"_bbp_forum_subforum_count":0,"footnotes":""},"class_list":["post-733","page","type-page","status-publish","hentry"],"post_mailing_queue_ids":[],"_links":{"self":[{"href":"https:\/\/agora.xtec.cat\/ceiplajota\/wp-json\/wp\/v2\/pages\/733","targetHints":{"allow":["GET"]}}],"collection":[{"href":"https:\/\/agora.xtec.cat\/ceiplajota\/wp-json\/wp\/v2\/pages"}],"about":[{"href":"https:\/\/agora.xtec.cat\/ceiplajota\/wp-json\/wp\/v2\/types\/page"}],"author":[{"embeddable":true,"href":"https:\/\/agora.xtec.cat\/ceiplajota\/wp-json\/wp\/v2\/users\/1"}],"replies":[{"embeddable":true,"href":"https:\/\/agora.xtec.cat\/ceiplajota\/wp-json\/wp\/v2\/comments?post=733"}],"version-history":[{"count":5,"href":"https:\/\/agora.xtec.cat\/ceiplajota\/wp-json\/wp\/v2\/pages\/733\/revisions"}],"predecessor-version":[{"id":6535,"href":"https:\/\/agora.xtec.cat\/ceiplajota\/wp-json\/wp\/v2\/pages\/733\/revisions\/6535"}],"up":[{"embeddable":true,"href":"https:\/\/agora.xtec.cat\/ceiplajota\/wp-json\/wp\/v2\/pages\/22"}],"wp:attachment":[{"href":"https:\/\/agora.xtec.cat\/ceiplajota\/wp-json\/wp\/v2\/media?parent=733"}],"curies":[{"name":"wp","href":"https:\/\/api.w.org\/{rel}","templated":true}]}}

<p><strong>INSTITUT ESCOLA LA JOTA: CENTRE FORMADOR.</strong></p>
<p>Els centres formadors són aquells centres educatius sostinguts amb fons públics que imparteixen ensenyaments d&#8217;educació infantil, primària, secundària obligatòria, batxillerat, formació professional, ensenyaments de règim especial i/o formació de persones adultes, així com els serveis educatius i unitats del Departament d’Educació els quals s’ofereixen per rebre i tutoritzar estudiants universitaris en pràctiques, incorporant-los en la vida diària del centre, amb l’objectiu que rebin formació professionalitzadora en l’entorn real de centre i aula. Això requereix una coordinació estreta amb les universitats i l’establiment d’un pla de treball que guiarà l’acompanyament d’aquests estudiants en pràctiques al llarg de la seva estada al centre.</p>
<p>Ser-ho, implica un acord de claustre i establir un protocol d’acollida i al llarg de l’estada formativa de l’estudiant, que es concreta amb l&#8217;Informe de Centre Formador.</p>
<p>El Departament d&#8217;Educació considera fonamental que els futurs mestres i professors facin les pràctiques en centres educatius sostinguts amb fons públics, per tal que puguin assolir les competències necessàries per exercir una docència de qualitat. L&#8217;organització de les pràctiques en centres formadors ha de permetre la simultaneïtat entre la teoria i la pràctica, i ha de facilitar l&#8217;acompanyament professional des de la universitat i des del centre educatiu.</p>
<p>Aquestes pràctiques es realitzen en el marc de convenis de col·laboració entre el Departament d&#8217;Educació i les universitats per una durada de quatre anys amb possibilitat de renovació.</p>
<p>Per aquest motiu, el Departament estableix el procediment per a la selecció i acreditació de centres educatius sostinguts amb fons públics, així com de serveis educatius i les pròpies dependències del Departament d&#8217;Educació, com a centres formadors de les pràctiques acadèmiques externes dels estudiants universitaris i d&#8217;altres institucions formadores, i regula el desenvolupament de les pràctiques als centres formadors.</p>
<p>L&#8217;Institut Escola La Jota rep alumnes de pràctiques des de les universitats, la U.A.B., Blanquerna, Universidad de la Rioja i des de  diferents instituts de la zona.</p>
<p><a href="https://educacio.gencat.cat/web/.content/home/arees-actuacio/professors/formacio/practiques-centres/centres_formadors/centres-valles-occidental.pdf" target="_blank" rel="noopener">Relació de centres formadors al Vallès Occidental</a></p>

<p>INSTITUT ESCOLA LA JOTA: CENTRE FORMADOR.<br />
Els centres formadors són aquells centres educatius sostinguts amb fons públics que imparteixen ensenyaments d&#8217;educació infantil, primària, secundària obligatòria, batxillerat, formació professional, ensenyaments de règim especial i/o formació de persones adultes, així com els serveis educatius i unitats del Departament&hellip;  <a href="https://agora.xtec.cat/ceiplajota/lescola/centre-formador/" title="Read Centre formador">Llegeix més»</a></p>
