{"id":6620,"date":"2025-06-17T18:00:44","date_gmt":"2025-06-17T16:00:44","guid":{"rendered":"https:\/\/agora.xtec.cat\/ceiplajota\/?page_id=6620"},"modified":"2025-07-10T10:57:33","modified_gmt":"2025-07-10T08:57:33","slug":"educacio-secundaria","status":"publish","type":"page","link":"https:\/\/agora.xtec.cat\/ceiplajota\/educacio-secundaria\/","title":{"rendered":"Educaci\u00f3 Secund\u00e0ria"},"content":{"rendered":"<p>L&#8217;<b>educaci\u00f3 secund\u00e0ria<\/b>\u00a0est\u00e0 situada despr\u00e9s de l&#8217;etapa de l&#8217;educaci\u00f3 prim\u00e0ria\u00a0i \u00e9s la darrera etapa de l&#8217;educaci\u00f3 b\u00e0sica obligat\u00f2ria. Hi accedeixen tots els\u00a0alumnes\u00a0i les alumnes que han acabat l&#8217;escolaritzaci\u00f3 prim\u00e0ria i acull les noies i els nois d&#8217;entre els 12 i els 16\u00a0anys.<\/p>\n<p>L\u2019Educaci\u00f3 Secund\u00e0ria Obligat\u00f2ria \u00e9s una etapa obligat\u00f2ria i gratu\u00efta. Aquesta compr\u00e8n\u00a0<strong>quatre cursos escolars, entre els 12 i els 16 anys<\/strong>, i proporciona la formaci\u00f3 necess\u00e0ria per a prosseguir estudis tant de Batxillerat com de Formaci\u00f3 Professional de grau mitj\u00e0. Obtingut el t\u00edtol de graduat en educaci\u00f3 secund\u00e0ria es podr\u00e0, tamb\u00e9, accedir al mercat de treball.<\/p>\n<p>S\u2019est\u00e9n al llarg de quatre anys despr\u00e9s de l\u2019etapa d\u2019Educaci\u00f3 Prim\u00e0ria. L\u2019alumnat comen\u00e7a aquesta etapa als dotze anys i la finalitza als setze.<\/p>\n<p>S\u2019estructura en cicles de dos cursos acad\u00e8mics cadascun. Els continguts d\u2019aquesta etapa s\u2019organitzen en:<\/p>\n<table style=\"border-collapse: collapse; width: 100%;\">\n<tbody>\n<tr>\n<td style=\"width: 100%;\">\n<h4>1r curs ESO<\/h4>\n<ul>\n<li>Tutoria<\/li>\n<li>Llengua Catalana i Literatura<\/li>\n<li>Llengua Castellana i Literatura<\/li>\n<li>Llengua Estrangera: Angl\u00e8s<\/li>\n<li>Segona Llengua Estrangera: Alemany<\/li>\n<li>Matem\u00e0tiques<\/li>\n<li>Geografia i Hist\u00f2ria<\/li>\n<li>Educaci\u00f3 F\u00edsica<\/li>\n<li>Tecnologia i Digitalitzaci\u00f3<\/li>\n<li>Biologia i Geologia<\/li>\n<li>Educaci\u00f3 Visual i<\/li>\n<li>Educaci\u00f3<\/li>\n<li>Educaci\u00f3 Pl\u00e0stica, Visual i Audiovisual<\/li>\n<li>Pla Lector<\/li>\n<li>Optativa: trimestral<\/li>\n<\/ul>\n<\/td>\n<\/tr>\n<tr>\n<td style=\"width: 100%;\">\n<h4>2n curs ESO<\/h4>\n<ul>\n<li>Tutoria<\/li>\n<li>Llengua Catalana i Literatura<\/li>\n<li>Llengua Castellana i Literatura<\/li>\n<li>Llengua Estrangera: Angl\u00e8s<\/li>\n<li>Matem\u00e0tiques<\/li>\n<li>Geografia i Hist\u00f2ria<\/li>\n<li>Educaci\u00f3 F\u00edsica<\/li>\n<li>F\u00edsica i Qu\u00edmica<\/li>\n<li>Musica<\/li>\n<li>Educaci\u00f3 Pl\u00e0stica, Visual i Audiovisual<\/li>\n<li>Optatives: Alemany, Mediaci\u00f3 Escolar, Programaci\u00f3<\/li>\n<\/ul>\n<\/td>\n<\/tr>\n<\/tbody>\n<\/table>\n<table style=\"border-collapse: collapse; width: 100%;\">\n<tbody>\n<tr>\n<td style=\"width: 100%;\">\n<h4>3r curs ESO<\/h4>\n<ul style=\"list-style-type: disc;\">\n<li>Tutoria<\/li>\n<li>Llengua i Literatura Catalana<\/li>\n<li>Llengua i Literatura Castellana<\/li>\n<li>Llengua estrangera : Angl\u00e8s<\/li>\n<li>Matem\u00e0tiques<\/li>\n<li>Biologia i Geologia<\/li>\n<li>Ci\u00e8ncies Socials, Geografia i Hist\u00f2ria<\/li>\n<li>Educaci\u00f3 Visual i Pl\u00e0stica<\/li>\n<li>Educaci\u00f3 F\u00edsica<\/li>\n<li>Educaci\u00f3 Musical<\/li>\n<li>Tecnologia i Digitalitzaci\u00f3<\/li>\n<li>F\u00edsica i Qu\u00edmica<\/li>\n<li>Emprenedoria<\/li>\n<li>Optatives: Alemany, Cultura Cl\u00e0ssica, Activitats motrius, culturals i expressives.<\/li>\n<li>Pla Lector<\/li>\n<\/ul>\n<\/td>\n<\/tr>\n<\/tbody>\n<\/table>\n<p>El curs 2025-2026 iniciarem el 3r curs i el 2026-2027 el 4t curs d&#8217;ESO.<\/p>\n<h5><\/h5>\n<p><a href=\"https:\/\/agora.xtec.cat\/ceiplajota\/wp-content\/uploads\/usu1571\/2025\/02\/Sortides-ESO-1.png\"><img loading=\"lazy\" decoding=\"async\" class=\"alignleft size-full wp-image-6679\" src=\"https:\/\/agora.xtec.cat\/ceiplajota\/wp-content\/uploads\/usu1571\/2025\/02\/Sortides-ESO-1.png\" alt=\"\" width=\"1168\" height=\"778\" srcset=\"https:\/\/agora.xtec.cat\/ceiplajota\/wp-content\/uploads\/usu1571\/2025\/02\/Sortides-ESO-1.png 1168w, https:\/\/agora.xtec.cat\/ceiplajota\/wp-content\/uploads\/usu1571\/2025\/02\/Sortides-ESO-1-300x200.png 300w, https:\/\/agora.xtec.cat\/ceiplajota\/wp-content\/uploads\/usu1571\/2025\/02\/Sortides-ESO-1-1024x682.png 1024w, https:\/\/agora.xtec.cat\/ceiplajota\/wp-content\/uploads\/usu1571\/2025\/02\/Sortides-ESO-1-768x512.png 768w\" sizes=\"auto, (max-width: 1168px) 100vw, 1168px\" \/><\/a><\/p>\n<p>&nbsp;<\/p>\n<p>&nbsp;<\/p>\n<p>&nbsp;<\/p>\n<p>&nbsp;<\/p>\n<p>&nbsp;<\/p>\n<p>&nbsp;<\/p>\n<p>&nbsp;<\/p>\n<p>&nbsp;<\/p>\n<p>&nbsp;<\/p>\n<h4>Sense el t\u00edtol de Graduat en ESO<\/h4>\n<ul>\n<li>Formaci\u00f3 per a l\u2019ocupaci\u00f3<\/li>\n<li>Programes de qualificaci\u00f3 professional inicial<\/li>\n<li>Preparaci\u00f3 de la prova d\u2019acc\u00e9s als \u00a0Cicles formatius de grau mitj\u00e0<\/li>\n<li>Formaci\u00f3 espec\u00edfica no reglada en acad\u00e8mies privades<\/li>\n<li>Formaci\u00f3 de persones adultes<\/li>\n<\/ul>\n<p><em>Els objectius de totes aquestes alternatives sense l\u2019ESO aprovada s\u00f3n b\u00e0sicament:<\/em><\/p>\n<ol>\n<li>Fer possible la \u201creincorporaci\u00f3\u201d al sistema educatiu i evitar la desvinculaci\u00f3 amb la formaci\u00f3<\/li>\n<li>Oferir una formaci\u00f3 d\u2019iniciaci\u00f3 professional que li permeti augmentar la seva ocupabilitat<\/li>\n<\/ol>\n","protected":false},"excerpt":{"rendered":"<p>L&#8217;educaci\u00f3 secund\u00e0ria\u00a0est\u00e0 situada despr\u00e9s de l&#8217;etapa de l&#8217;educaci\u00f3 prim\u00e0ria\u00a0i \u00e9s la darrera etapa de l&#8217;educaci\u00f3 b\u00e0sica obligat\u00f2ria. Hi accedeixen tots els\u00a0alumnes\u00a0i les alumnes que han acabat l&#8217;escolaritzaci\u00f3 prim\u00e0ria i acull les noies i els nois d&#8217;entre els 12 i els 16\u00a0anys.<br \/>\nL\u2019Educaci\u00f3 Secund\u00e0ria Obligat\u00f2ria \u00e9s una&hellip;  <a href=\"https:\/\/agora.xtec.cat\/ceiplajota\/educacio-secundaria\/\" title=\"Read Educaci\u00f3 Secund\u00e0ria\">Llegeix m\u00e9s\u00bb<\/a><\/p>\n","protected":false},"author":1,"featured_media":0,"parent":0,"menu_order":0,"comment_status":"closed","ping_status":"closed","template":"","meta":{"_bbp_topic_count":0,"_bbp_reply_count":0,"_bbp_total_topic_count":0,"_bbp_total_reply_count":0,"_bbp_voice_count":0,"_bbp_anonymous_reply_count":0,"_bbp_topic_count_hidden":0,"_bbp_reply_count_hidden":0,"_bbp_forum_subforum_count":0,"footnotes":""},"class_list":["post-6620","page","type-page","status-publish","hentry"],"post_mailing_queue_ids":[],"_links":{"self":[{"href":"https:\/\/agora.xtec.cat\/ceiplajota\/wp-json\/wp\/v2\/pages\/6620","targetHints":{"allow":["GET"]}}],"collection":[{"href":"https:\/\/agora.xtec.cat\/ceiplajota\/wp-json\/wp\/v2\/pages"}],"about":[{"href":"https:\/\/agora.xtec.cat\/ceiplajota\/wp-json\/wp\/v2\/types\/page"}],"author":[{"embeddable":true,"href":"https:\/\/agora.xtec.cat\/ceiplajota\/wp-json\/wp\/v2\/users\/1"}],"replies":[{"embeddable":true,"href":"https:\/\/agora.xtec.cat\/ceiplajota\/wp-json\/wp\/v2\/comments?post=6620"}],"version-history":[{"count":6,"href":"https:\/\/agora.xtec.cat\/ceiplajota\/wp-json\/wp\/v2\/pages\/6620\/revisions"}],"predecessor-version":[{"id":7009,"href":"https:\/\/agora.xtec.cat\/ceiplajota\/wp-json\/wp\/v2\/pages\/6620\/revisions\/7009"}],"wp:attachment":[{"href":"https:\/\/agora.xtec.cat\/ceiplajota\/wp-json\/wp\/v2\/media?parent=6620"}],"curies":[{"name":"wp","href":"https:\/\/api.w.org\/{rel}","templated":true}]}}

Educació Secundària

<p>L&#8217;<b>educació secundària</b> està situada després de l&#8217;etapa de l&#8217;educació primària i és la darrera etapa de l&#8217;educació bàsica obligatòria. Hi accedeixen tots els alumnes i les alumnes que han acabat l&#8217;escolarització primària i acull les noies i els nois d&#8217;entre els 12 i els 16 anys.</p>
<p>L’Educació Secundària Obligatòria és una etapa obligatòria i gratuïta. Aquesta comprèn <strong>quatre cursos escolars, entre els 12 i els 16 anys</strong>, i proporciona la formació necessària per a prosseguir estudis tant de Batxillerat com de Formació Professional de grau mitjà. Obtingut el títol de graduat en educació secundària es podrà, també, accedir al mercat de treball.</p>
<p>S’estén al llarg de quatre anys després de l’etapa d’Educació Primària. L’alumnat comença aquesta etapa als dotze anys i la finalitza als setze.</p>
<p>S’estructura en cicles de dos cursos acadèmics cadascun. Els continguts d’aquesta etapa s’organitzen en:</p>
<table style="border-collapse: collapse; width: 100%;">
<tbody>
<tr>
<td style="width: 100%;">
<h4>1r curs ESO</h4>
<ul>
<li>Tutoria</li>
<li>Llengua Catalana i Literatura</li>
<li>Llengua Castellana i Literatura</li>
<li>Llengua Estrangera: Anglès</li>
<li>Segona Llengua Estrangera: Alemany</li>
<li>Matemàtiques</li>
<li>Geografia i Història</li>
<li>Educació Física</li>
<li>Tecnologia i Digitalització</li>
<li>Biologia i Geologia</li>
<li>Educació Visual i</li>
<li>Educació</li>
<li>Educació Plàstica, Visual i Audiovisual</li>
<li>Pla Lector</li>
<li>Optativa: trimestral</li>
</ul>
</td>
</tr>
<tr>
<td style="width: 100%;">
<h4>2n curs ESO</h4>
<ul>
<li>Tutoria</li>
<li>Llengua Catalana i Literatura</li>
<li>Llengua Castellana i Literatura</li>
<li>Llengua Estrangera: Anglès</li>
<li>Matemàtiques</li>
<li>Geografia i Història</li>
<li>Educació Física</li>
<li>Física i Química</li>
<li>Musica</li>
<li>Educació Plàstica, Visual i Audiovisual</li>
<li>Optatives: Alemany, Mediació Escolar, Programació</li>
</ul>
</td>
</tr>
</tbody>
</table>
<table style="border-collapse: collapse; width: 100%;">
<tbody>
<tr>
<td style="width: 100%;">
<h4>3r curs ESO</h4>
<ul style="list-style-type: disc;">
<li>Tutoria</li>
<li>Llengua i Literatura Catalana</li>
<li>Llengua i Literatura Castellana</li>
<li>Llengua estrangera : Anglès</li>
<li>Matemàtiques</li>
<li>Biologia i Geologia</li>
<li>Ciències Socials, Geografia i Història</li>
<li>Educació Visual i Plàstica</li>
<li>Educació Física</li>
<li>Educació Musical</li>
<li>Tecnologia i Digitalització</li>
<li>Física i Química</li>
<li>Emprenedoria</li>
<li>Optatives: Alemany, Cultura Clàssica, Activitats motrius, culturals i expressives.</li>
<li>Pla Lector</li>
</ul>
</td>
</tr>
</tbody>
</table>
<p>El curs 2025-2026 iniciarem el 3r curs i el 2026-2027 el 4t curs d&#8217;ESO.</p>
<h5></h5>
<p><a href="https://agora.xtec.cat/ceiplajota/wp-content/uploads/usu1571/2025/02/Sortides-ESO-1.png"><img loading="lazy" decoding="async" class="alignleft size-full wp-image-6679" src="https://agora.xtec.cat/ceiplajota/wp-content/uploads/usu1571/2025/02/Sortides-ESO-1.png" alt="" width="1168" height="778" srcset="https://agora.xtec.cat/ceiplajota/wp-content/uploads/usu1571/2025/02/Sortides-ESO-1.png 1168w, https://agora.xtec.cat/ceiplajota/wp-content/uploads/usu1571/2025/02/Sortides-ESO-1-300x200.png 300w, https://agora.xtec.cat/ceiplajota/wp-content/uploads/usu1571/2025/02/Sortides-ESO-1-1024x682.png 1024w, https://agora.xtec.cat/ceiplajota/wp-content/uploads/usu1571/2025/02/Sortides-ESO-1-768x512.png 768w" sizes="auto, (max-width: 1168px) 100vw, 1168px" /></a></p>
<p>&nbsp;</p>
<p>&nbsp;</p>
<p>&nbsp;</p>
<p>&nbsp;</p>
<p>&nbsp;</p>
<p>&nbsp;</p>
<p>&nbsp;</p>
<p>&nbsp;</p>
<p>&nbsp;</p>
<h4>Sense el títol de Graduat en ESO</h4>
<ul>
<li>Formació per a l’ocupació</li>
<li>Programes de qualificació professional inicial</li>
<li>Preparació de la prova d’accés als  Cicles formatius de grau mitjà</li>
<li>Formació específica no reglada en acadèmies privades</li>
<li>Formació de persones adultes</li>
</ul>
<p><em>Els objectius de totes aquestes alternatives sense l’ESO aprovada són bàsicament:</em></p>
<ol>
<li>Fer possible la “reincorporació” al sistema educatiu i evitar la desvinculació amb la formació</li>
<li>Oferir una formació d’iniciació professional que li permeti augmentar la seva ocupabilitat</li>
</ol>

<p>L&#8217;educació secundària està situada després de l&#8217;etapa de l&#8217;educació primària i és la darrera etapa de l&#8217;educació bàsica obligatòria. Hi accedeixen tots els alumnes i les alumnes que han acabat l&#8217;escolarització primària i acull les noies i els nois d&#8217;entre els 12 i els 16 anys.<br />
L’Educació Secundària Obligatòria és una&hellip;  <a href="https://agora.xtec.cat/ceiplajota/educacio-secundaria/" title="Read Educació Secundària">Llegeix més»</a></p>
