{"id":507,"date":"2020-01-02T14:02:46","date_gmt":"2020-01-02T13:02:46","guid":{"rendered":"https:\/\/agora.xtec.cat\/ceiplajota\/?page_id=507"},"modified":"2020-02-24T11:51:05","modified_gmt":"2020-02-24T10:51:05","slug":"carta-de-compromis","status":"publish","type":"page","link":"https:\/\/agora.xtec.cat\/ceiplajota\/carta-de-compromis\/","title":{"rendered":"Carta de Comprom\u00eds Educatiu"},"content":{"rendered":"<p>Descarrega&#8217;t la Carta de Comprom\u00eds Educatiu <a href=\"https:\/\/agora.xtec.cat\/ceiplajota\/wp-content\/uploads\/usu1571\/2020\/02\/Carta-de-compromi\u0301s-educatiu-10.pdf\" target=\"_blank\" rel=\"noopener noreferrer\">AQU\u00cd<\/a><\/p>\n<p><span style=\"font-weight: 400;\">La <\/span><b>Carta de Comprom\u00eds Educatiu<\/b><span style=\"font-weight: 400;\"> \u00e9s un document que situa, facilita i afavoreix la comunicaci\u00f3, la participaci\u00f3 i\u00a0 la coresponsabilitat entre les accions educatives de la fam\u00edlies i les del centre escolar.<\/span><\/p>\n<p><span style=\"font-weight: 400;\">Per afavorir l\u2019\u00e8xit educatiu de l\u2019alumnat \u00e9s imprescindible establir un marc de relacions i compromisos entre les fam\u00edlies i l&#8217;escola. Les funcions i rols competencials de la fam\u00edlia i l\u2019escola s\u00f3n diferents per\u00f2 complementaris i, per tant, la coher\u00e8ncia entre les diferents actuacions ha de facilitar l\u2019\u00e8xit de l\u2019acci\u00f3 educativa en un entorn de conviv\u00e8ncia, respecte i responsabilitat. Aquests compromisos s\u2019entenen en el marc del respecte als drets i les llibertats de les fam\u00edlies recollits a les lleis i pressuposen el respecte de la fam\u00edlia al car\u00e0cter propi del centre.<\/span><\/p>\n<p><span style=\"font-weight: 400;\">Cada carta de comprom\u00eds \u00e9s \u00fanica, cada centre l&#8217;elabora segons el seu projecte educatiu, de manera participativa entre els diferents membres de la comunitat escolar, especialment els professionals de l\u2019educaci\u00f3 i les fam\u00edlies, i s\u2019ha d\u2019aprovar pel Consell Escolar. Aquest document l\u2019han de signar el pare, mare, tutor o tutora legal de l\u2019alumne o alumna i la direcci\u00f3 del centre educatiu.\u00a0<\/span><\/p>\n<p>&nbsp;<\/p>\n","protected":false},"excerpt":{"rendered":"<p>Descarrega&#8217;t la Carta de Comprom\u00eds Educatiu <a href=\"https:\/\/agora.xtec.cat\/ceiplajota\/wp-content\/uploads\/usu1571\/2020\/02\/Carta-de-compromi\u0301s-educatiu-10.pdf\" target=\"_blank\" rel=\"noopener noreferrer\">AQU\u00cd<\/a><br \/>\nLa Carta de Comprom\u00eds Educatiu \u00e9s un document que situa, facilita i afavoreix la comunicaci\u00f3, la participaci\u00f3 i\u00a0 la coresponsabilitat entre les accions educatives de la fam\u00edlies i les del centre escolar.<br \/>\nPer afavorir l\u2019\u00e8xit educatiu&hellip;  <a href=\"https:\/\/agora.xtec.cat\/ceiplajota\/carta-de-compromis\/\" title=\"Read Carta de Comprom\u00eds Educatiu\">Llegeix m\u00e9s\u00bb<\/a><\/p>\n","protected":false},"author":1,"featured_media":0,"parent":0,"menu_order":10,"comment_status":"closed","ping_status":"closed","template":"page-templates\/side-menu.php","meta":{"_bbp_topic_count":0,"_bbp_reply_count":0,"_bbp_total_topic_count":0,"_bbp_total_reply_count":0,"_bbp_voice_count":0,"_bbp_anonymous_reply_count":0,"_bbp_topic_count_hidden":0,"_bbp_reply_count_hidden":0,"_bbp_forum_subforum_count":0,"footnotes":""},"class_list":["post-507","page","type-page","status-publish","hentry"],"post_mailing_queue_ids":[],"_links":{"self":[{"href":"https:\/\/agora.xtec.cat\/ceiplajota\/wp-json\/wp\/v2\/pages\/507","targetHints":{"allow":["GET"]}}],"collection":[{"href":"https:\/\/agora.xtec.cat\/ceiplajota\/wp-json\/wp\/v2\/pages"}],"about":[{"href":"https:\/\/agora.xtec.cat\/ceiplajota\/wp-json\/wp\/v2\/types\/page"}],"author":[{"embeddable":true,"href":"https:\/\/agora.xtec.cat\/ceiplajota\/wp-json\/wp\/v2\/users\/1"}],"replies":[{"embeddable":true,"href":"https:\/\/agora.xtec.cat\/ceiplajota\/wp-json\/wp\/v2\/comments?post=507"}],"version-history":[{"count":3,"href":"https:\/\/agora.xtec.cat\/ceiplajota\/wp-json\/wp\/v2\/pages\/507\/revisions"}],"predecessor-version":[{"id":632,"href":"https:\/\/agora.xtec.cat\/ceiplajota\/wp-json\/wp\/v2\/pages\/507\/revisions\/632"}],"wp:attachment":[{"href":"https:\/\/agora.xtec.cat\/ceiplajota\/wp-json\/wp\/v2\/media?parent=507"}],"curies":[{"name":"wp","href":"https:\/\/api.w.org\/{rel}","templated":true}]}}

Carta de Compromís Educatiu

<p>Descarrega&#8217;t la Carta de Compromís Educatiu <a href="https://agora.xtec.cat/ceiplajota/wp-content/uploads/usu1571/2020/02/Carta-de-compromís-educatiu-10.pdf" target="_blank" rel="noopener noreferrer">AQUÍ</a></p>
<p><span style="font-weight: 400;">La </span><b>Carta de Compromís Educatiu</b><span style="font-weight: 400;"> és un document que situa, facilita i afavoreix la comunicació, la participació i  la coresponsabilitat entre les accions educatives de la famílies i les del centre escolar.</span></p>
<p><span style="font-weight: 400;">Per afavorir l’èxit educatiu de l’alumnat és imprescindible establir un marc de relacions i compromisos entre les famílies i l&#8217;escola. Les funcions i rols competencials de la família i l’escola són diferents però complementaris i, per tant, la coherència entre les diferents actuacions ha de facilitar l’èxit de l’acció educativa en un entorn de convivència, respecte i responsabilitat. Aquests compromisos s’entenen en el marc del respecte als drets i les llibertats de les famílies recollits a les lleis i pressuposen el respecte de la família al caràcter propi del centre.</span></p>
<p><span style="font-weight: 400;">Cada carta de compromís és única, cada centre l&#8217;elabora segons el seu projecte educatiu, de manera participativa entre els diferents membres de la comunitat escolar, especialment els professionals de l’educació i les famílies, i s’ha d’aprovar pel Consell Escolar. Aquest document l’han de signar el pare, mare, tutor o tutora legal de l’alumne o alumna i la direcció del centre educatiu. </span></p>
<p>&nbsp;</p>

<p>Descarrega&#8217;t la Carta de Compromís Educatiu <a href="https://agora.xtec.cat/ceiplajota/wp-content/uploads/usu1571/2020/02/Carta-de-compromís-educatiu-10.pdf" target="_blank" rel="noopener noreferrer">AQUÍ</a><br />
La Carta de Compromís Educatiu és un document que situa, facilita i afavoreix la comunicació, la participació i  la coresponsabilitat entre les accions educatives de la famílies i les del centre escolar.<br />
Per afavorir l’èxit educatiu&hellip;  <a href="https://agora.xtec.cat/ceiplajota/carta-de-compromis/" title="Read Carta de Compromís Educatiu">Llegeix més»</a></p>
