{"id":4546,"date":"2022-02-27T18:47:22","date_gmt":"2022-02-27T17:47:22","guid":{"rendered":"https:\/\/agora.xtec.cat\/ceiplajota\/?page_id=4546"},"modified":"2022-02-27T18:54:45","modified_gmt":"2022-02-27T17:54:45","slug":"pmoe","status":"publish","type":"page","link":"https:\/\/agora.xtec.cat\/ceiplajota\/pmoe\/","title":{"rendered":"PMOE"},"content":{"rendered":"<p><strong>PLA DE MILLORA D&#8217;OPORTUNITATS EDUCATIVES<\/strong><\/p>\n<p>El Pla de millora d\u2019oportunitats educatives (<a title=\"Descarrega el document\" href=\"https:\/\/dogc.gencat.cat\/ca\/document-del-dogc\/?documentId=909568\" target=\"_blank\" rel=\"noopener\">Resoluci\u00f3 EDU\/2694\/2021<\/a>, de 30 d&#8217;agost, per la qual es regula el Pla de millora d&#8217;oportunitats educatives (PMOE) per al curs 2021-2022, en el marc de les mesures adoptades pel Departament d&#8217;Educaci\u00f3 per pal\u00b7liar els efectes desfavorables per la covid-19) t\u00e9 com a objectiu i finalitat\u00a0<strong>refor\u00e7ar els centres educatius de m\u00e9s complexitat educativa,\u00a0<\/strong>a trav\u00e9s d\u2019una assignaci\u00f3 als centres de titularitat del Departament d\u2019Educaci\u00f3, perqu\u00e8 disposin dels recursos necessaris per compensar l&#8217;impacte negatiu de la situaci\u00f3 de la pand\u00e8mia, aix\u00ed com l&#8217;increment de les necessitats i desigualtats educatives derivades del confinament, i millorar les oportunitats educatives d\u2019alumnes i refor\u00e7ar el suport a les fam\u00edlies.<\/p>\n<p>A l&#8217;escola hem rebut PMOE el curs 2019-20 i el curs 2020-21.<\/p>\n","protected":false},"excerpt":{"rendered":"<p>PLA DE MILLORA D&#8217;OPORTUNITATS EDUCATIVES<br \/>\nEl Pla de millora d\u2019oportunitats educatives (<a title=\"Descarrega el document\" href=\"https:\/\/dogc.gencat.cat\/ca\/document-del-dogc\/?documentId=909568\" target=\"_blank\" rel=\"noopener\">Resoluci\u00f3 EDU\/2694\/2021<\/a>, de 30 d&#8217;agost, per la qual es regula el Pla de millora d&#8217;oportunitats educatives (PMOE) per al curs 2021-2022, en el marc de les mesures adoptades pel&hellip;  <a href=\"https:\/\/agora.xtec.cat\/ceiplajota\/pmoe\/\" title=\"Read PMOE\">Llegeix m\u00e9s\u00bb<\/a><\/p>\n","protected":false},"author":1,"featured_media":0,"parent":0,"menu_order":0,"comment_status":"closed","ping_status":"closed","template":"","meta":{"_bbp_topic_count":0,"_bbp_reply_count":0,"_bbp_total_topic_count":0,"_bbp_total_reply_count":0,"_bbp_voice_count":0,"_bbp_anonymous_reply_count":0,"_bbp_topic_count_hidden":0,"_bbp_reply_count_hidden":0,"_bbp_forum_subforum_count":0,"footnotes":""},"class_list":["post-4546","page","type-page","status-publish","hentry"],"post_mailing_queue_ids":[],"_links":{"self":[{"href":"https:\/\/agora.xtec.cat\/ceiplajota\/wp-json\/wp\/v2\/pages\/4546","targetHints":{"allow":["GET"]}}],"collection":[{"href":"https:\/\/agora.xtec.cat\/ceiplajota\/wp-json\/wp\/v2\/pages"}],"about":[{"href":"https:\/\/agora.xtec.cat\/ceiplajota\/wp-json\/wp\/v2\/types\/page"}],"author":[{"embeddable":true,"href":"https:\/\/agora.xtec.cat\/ceiplajota\/wp-json\/wp\/v2\/users\/1"}],"replies":[{"embeddable":true,"href":"https:\/\/agora.xtec.cat\/ceiplajota\/wp-json\/wp\/v2\/comments?post=4546"}],"version-history":[{"count":2,"href":"https:\/\/agora.xtec.cat\/ceiplajota\/wp-json\/wp\/v2\/pages\/4546\/revisions"}],"predecessor-version":[{"id":4549,"href":"https:\/\/agora.xtec.cat\/ceiplajota\/wp-json\/wp\/v2\/pages\/4546\/revisions\/4549"}],"wp:attachment":[{"href":"https:\/\/agora.xtec.cat\/ceiplajota\/wp-json\/wp\/v2\/media?parent=4546"}],"curies":[{"name":"wp","href":"https:\/\/api.w.org\/{rel}","templated":true}]}}

<p><strong>PLA DE MILLORA D&#8217;OPORTUNITATS EDUCATIVES</strong></p>
<p>El Pla de millora d’oportunitats educatives (<a title="Descarrega el document" href="https://dogc.gencat.cat/ca/document-del-dogc/?documentId=909568" target="_blank" rel="noopener">Resolució EDU/2694/2021</a>, de 30 d&#8217;agost, per la qual es regula el Pla de millora d&#8217;oportunitats educatives (PMOE) per al curs 2021-2022, en el marc de les mesures adoptades pel Departament d&#8217;Educació per pal·liar els efectes desfavorables per la covid-19) té com a objectiu i finalitat <strong>reforçar els centres educatius de més complexitat educativa, </strong>a través d’una assignació als centres de titularitat del Departament d’Educació, perquè disposin dels recursos necessaris per compensar l&#8217;impacte negatiu de la situació de la pandèmia, així com l&#8217;increment de les necessitats i desigualtats educatives derivades del confinament, i millorar les oportunitats educatives d’alumnes i reforçar el suport a les famílies.</p>
<p>A l&#8217;escola hem rebut PMOE el curs 2019-20 i el curs 2020-21.</p>

<p>PLA DE MILLORA D&#8217;OPORTUNITATS EDUCATIVES<br />
El Pla de millora d’oportunitats educatives (<a title="Descarrega el document" href="https://dogc.gencat.cat/ca/document-del-dogc/?documentId=909568" target="_blank" rel="noopener">Resolució EDU/2694/2021</a>, de 30 d&#8217;agost, per la qual es regula el Pla de millora d&#8217;oportunitats educatives (PMOE) per al curs 2021-2022, en el marc de les mesures adoptades pel&hellip;  <a href="https://agora.xtec.cat/ceiplajota/pmoe/" title="Read PMOE">Llegeix més»</a></p>
