{"id":2890,"date":"2020-02-23T09:30:35","date_gmt":"2020-02-23T08:30:35","guid":{"rendered":"https:\/\/agora.xtec.cat\/ceiplajota\/?page_id=2890"},"modified":"2020-06-08T18:42:09","modified_gmt":"2020-06-08T16:42:09","slug":"poefa","status":"publish","type":"page","link":"https:\/\/agora.xtec.cat\/ceiplajota\/projecte-educatiu\/projectes-de-lescola\/poefa\/","title":{"rendered":"POEFA"},"content":{"rendered":"<h1><\/h1>\n<h1 style=\"text-align: left;\"><a href=\"https:\/\/agora.xtec.cat\/ceiplajota\/wp-content\/uploads\/usu1571\/2020\/06\/2020-06-08_1820.png\"><img loading=\"lazy\" decoding=\"async\" class=\"size-full wp-image-2914 aligncenter\" src=\"https:\/\/agora.xtec.cat\/ceiplajota\/wp-content\/uploads\/usu1571\/2020\/06\/2020-06-08_1820.png\" alt=\"\" width=\"594\" height=\"78\" srcset=\"https:\/\/agora.xtec.cat\/ceiplajota\/wp-content\/uploads\/usu1571\/2020\/06\/2020-06-08_1820.png 594w, https:\/\/agora.xtec.cat\/ceiplajota\/wp-content\/uploads\/usu1571\/2020\/06\/2020-06-08_1820-300x39.png 300w\" sizes=\"auto, (max-width: 594px) 100vw, 594px\" \/><\/a><\/h1>\n<h1><\/h1>\n<h1><\/h1>\n<h1 id=\"pageTitle\" class=\"ms-core-pageTitle\" style=\"text-align: left;\"><span style=\"color: #333399;\"><strong><span id=\"DeltaPlaceHolderPageTitleInTitleArea\">Projectes amb oportunitats <\/span><\/strong><\/span><span style=\"color: #333399;\"><strong><span id=\"DeltaPlaceHolderPageTitleInTitleArea\">d\u2019\u00e8xit educatiu <\/span><span id=\"DeltaPlaceHolderPageTitleInTitleArea\">a favor <\/span><\/strong><\/span><span style=\"color: #333399;\"><strong><span id=\"DeltaPlaceHolderPageTitleInTitleArea\">de l\u2019alumnat. <\/span><\/strong><\/span><\/h1>\n<h1 class=\"ms-core-pageTitle\" style=\"text-align: left;\"><span style=\"color: #333399;\"><strong><span id=\"DeltaPlaceHolderPageTitleInTitleArea\">POEFA<\/span><\/strong><\/span><\/h1>\n<p>El Departament d&#8217;Educaci\u00f3 obre convocat\u00f2ria per seleccionar centres de titularitat p\u00fablica dependents del Departament d\u2019Educaci\u00f3 que presentin un projecte escolar amb accions innovadores de suport i refor\u00e7 per a la reducci\u00f3 i la prevenci\u00f3 de l\u2019abandonament escolar prematur i el foment de la igualtat d\u2019acc\u00e9s a una educaci\u00f3 de bona qualitat en les etapes de prim\u00e0ria (5\u00e8 i 6\u00e8 curs) o secund\u00e0ria obligat\u00f2ria.<\/p>\n<p>Les actuacions realitzades\u00a0 formen part del <span style=\"color: #333399;\">&#8220;<strong>Programa de cooperaci\u00f3n territorial orientaci\u00f3n y refuerzo para el avance y apoyo en educaci\u00f3n<\/strong>&#8221; <\/span>cofinan\u00e7at pel <span style=\"color: #333399;\"><strong>Ministerio de Educaci\u00f3n y Formaci\u00f3n Profesional <\/strong><\/span>i pel<span style=\"color: #333399;\"><strong> &#8220;Programa Operatiu d\u2019Ocupaci\u00f3, Formaci\u00f3 i Educaci\u00f3 del Fons Social Europeu 2014-2020&#8221;<\/strong><\/span><\/p>\n<p>Aquesta convocat\u00f2ria estableix diferents accions de suport per a cada una de les cinc modalitats del programa:<\/p>\n<p>Modalitat A. Accions de refor\u00e7 educatiu extern<br \/>\nModalitat B. Extensi\u00f3 educativa amb un component l\u00fadic<br \/>\nModalitat C. Orientaci\u00f3 a l\u2019alumnat amb talents singulars i necessitats educatives espec\u00edfiques<br \/>\nModalitat D. Grups interactius per a la creaci\u00f3 de comunitat<br \/>\nModalitat E. Creaci\u00f3 d\u2019activitats i material educatiu de refor\u00e7<\/p>\n<p>El curs 2019-20 l&#8217;<strong><span style=\"color: #333399;\">Escola La Jota<\/span><\/strong> ha participat en el POEFA, sent seleccionada al presentar el projecte <span style=\"color: #333399;\">&#8220;<strong>FEM ESCOLA&#8221;.<\/strong><\/span><\/p>\n<p>Aquest projecte repon a la forta motivaci\u00f3 del claustre de l&#8217;Escola La Jota per oferir als seus alumnes el millor a nivell educatiu i hum\u00e0, amb la creaci\u00f3 de situacions educatives riques i competencials.<\/p>\n<p>Les activitats realitzades s\u00f3n:<\/p>\n<p>Modalitat A: Realitzar tallers de rob\u00f2tica Lego a 6\u00e8 curs.<\/p>\n<p>Modalitat B: Tenir un dinamitzador durant l&#8217;esbarjo del menjador de 5\u00e8 i 6\u00e8 curs.<\/p>\n<p>Modalitat E: Crear materials educatius de refor\u00e7 per al per\u00edode de vacances d&#8217;estiu per alumnes de 5\u00e8 i 6\u00e8 curs.<\/p>\n<p>&nbsp;<\/p>\n<p>&nbsp;<\/p>\n","protected":false},"excerpt":{"rendered":"<p><a href=\"https:\/\/agora.xtec.cat\/ceiplajota\/wp-content\/uploads\/usu1571\/2020\/06\/2020-06-08_1820.png\"><\/a><\/p>\n<p>Projectes amb oportunitats d\u2019\u00e8xit educatiu a favor de l\u2019alumnat.<br \/>\nPOEFA<br \/>\nEl Departament d&#8217;Educaci\u00f3 obre convocat\u00f2ria per seleccionar centres de titularitat p\u00fablica dependents del Departament d\u2019Educaci\u00f3 que presentin un projecte escolar amb accions innovadores de suport i refor\u00e7 per a la reducci\u00f3 i la prevenci\u00f3 de&hellip;  <a href=\"https:\/\/agora.xtec.cat\/ceiplajota\/projecte-educatiu\/projectes-de-lescola\/poefa\/\" title=\"Read POEFA\">Llegeix m\u00e9s\u00bb<\/a><\/p>\n","protected":false},"author":1,"featured_media":0,"parent":617,"menu_order":0,"comment_status":"closed","ping_status":"closed","template":"page-templates\/side-menu.php","meta":{"_bbp_topic_count":0,"_bbp_reply_count":0,"_bbp_total_topic_count":0,"_bbp_total_reply_count":0,"_bbp_voice_count":0,"_bbp_anonymous_reply_count":0,"_bbp_topic_count_hidden":0,"_bbp_reply_count_hidden":0,"_bbp_forum_subforum_count":0,"footnotes":""},"class_list":["post-2890","page","type-page","status-publish","hentry"],"post_mailing_queue_ids":[],"_links":{"self":[{"href":"https:\/\/agora.xtec.cat\/ceiplajota\/wp-json\/wp\/v2\/pages\/2890","targetHints":{"allow":["GET"]}}],"collection":[{"href":"https:\/\/agora.xtec.cat\/ceiplajota\/wp-json\/wp\/v2\/pages"}],"about":[{"href":"https:\/\/agora.xtec.cat\/ceiplajota\/wp-json\/wp\/v2\/types\/page"}],"author":[{"embeddable":true,"href":"https:\/\/agora.xtec.cat\/ceiplajota\/wp-json\/wp\/v2\/users\/1"}],"replies":[{"embeddable":true,"href":"https:\/\/agora.xtec.cat\/ceiplajota\/wp-json\/wp\/v2\/comments?post=2890"}],"version-history":[{"count":3,"href":"https:\/\/agora.xtec.cat\/ceiplajota\/wp-json\/wp\/v2\/pages\/2890\/revisions"}],"predecessor-version":[{"id":2921,"href":"https:\/\/agora.xtec.cat\/ceiplajota\/wp-json\/wp\/v2\/pages\/2890\/revisions\/2921"}],"up":[{"embeddable":true,"href":"https:\/\/agora.xtec.cat\/ceiplajota\/wp-json\/wp\/v2\/pages\/617"}],"wp:attachment":[{"href":"https:\/\/agora.xtec.cat\/ceiplajota\/wp-json\/wp\/v2\/media?parent=2890"}],"curies":[{"name":"wp","href":"https:\/\/api.w.org\/{rel}","templated":true}]}}

<h1></h1>
<h1 style="text-align: left;"><a href="https://agora.xtec.cat/ceiplajota/wp-content/uploads/usu1571/2020/06/2020-06-08_1820.png"><img loading="lazy" decoding="async" class="size-full wp-image-2914 aligncenter" src="https://agora.xtec.cat/ceiplajota/wp-content/uploads/usu1571/2020/06/2020-06-08_1820.png" alt="" width="594" height="78" srcset="https://agora.xtec.cat/ceiplajota/wp-content/uploads/usu1571/2020/06/2020-06-08_1820.png 594w, https://agora.xtec.cat/ceiplajota/wp-content/uploads/usu1571/2020/06/2020-06-08_1820-300x39.png 300w" sizes="auto, (max-width: 594px) 100vw, 594px" /></a></h1>
<h1></h1>
<h1></h1>
<h1 id="pageTitle" class="ms-core-pageTitle" style="text-align: left;"><span style="color: #333399;"><strong><span id="DeltaPlaceHolderPageTitleInTitleArea">Projectes amb oportunitats </span></strong></span><span style="color: #333399;"><strong><span id="DeltaPlaceHolderPageTitleInTitleArea">d’èxit educatiu </span><span id="DeltaPlaceHolderPageTitleInTitleArea">a favor </span></strong></span><span style="color: #333399;"><strong><span id="DeltaPlaceHolderPageTitleInTitleArea">de l’alumnat. </span></strong></span></h1>
<h1 class="ms-core-pageTitle" style="text-align: left;"><span style="color: #333399;"><strong><span id="DeltaPlaceHolderPageTitleInTitleArea">POEFA</span></strong></span></h1>
<p>El Departament d&#8217;Educació obre convocatòria per seleccionar centres de titularitat pública dependents del Departament d’Educació que presentin un projecte escolar amb accions innovadores de suport i reforç per a la reducció i la prevenció de l’abandonament escolar prematur i el foment de la igualtat d’accés a una educació de bona qualitat en les etapes de primària (5è i 6è curs) o secundària obligatòria.</p>
<p>Les actuacions realitzades  formen part del <span style="color: #333399;">&#8220;<strong>Programa de cooperación territorial orientación y refuerzo para el avance y apoyo en educación</strong>&#8221; </span>cofinançat pel <span style="color: #333399;"><strong>Ministerio de Educación y Formación Profesional </strong></span>i pel<span style="color: #333399;"><strong> &#8220;Programa Operatiu d’Ocupació, Formació i Educació del Fons Social Europeu 2014-2020&#8221;</strong></span></p>
<p>Aquesta convocatòria estableix diferents accions de suport per a cada una de les cinc modalitats del programa:</p>
<p>Modalitat A. Accions de reforç educatiu extern<br />
Modalitat B. Extensió educativa amb un component lúdic<br />
Modalitat C. Orientació a l’alumnat amb talents singulars i necessitats educatives específiques<br />
Modalitat D. Grups interactius per a la creació de comunitat<br />
Modalitat E. Creació d’activitats i material educatiu de reforç</p>
<p>El curs 2019-20 l&#8217;<strong><span style="color: #333399;">Escola La Jota</span></strong> ha participat en el POEFA, sent seleccionada al presentar el projecte <span style="color: #333399;">&#8220;<strong>FEM ESCOLA&#8221;.</strong></span></p>
<p>Aquest projecte repon a la forta motivació del claustre de l&#8217;Escola La Jota per oferir als seus alumnes el millor a nivell educatiu i humà, amb la creació de situacions educatives riques i competencials.</p>
<p>Les activitats realitzades són:</p>
<p>Modalitat A: Realitzar tallers de robòtica Lego a 6è curs.</p>
<p>Modalitat B: Tenir un dinamitzador durant l&#8217;esbarjo del menjador de 5è i 6è curs.</p>
<p>Modalitat E: Crear materials educatius de reforç per al període de vacances d&#8217;estiu per alumnes de 5è i 6è curs.</p>
<p>&nbsp;</p>
<p>&nbsp;</p>

<p><a href="https://agora.xtec.cat/ceiplajota/wp-content/uploads/usu1571/2020/06/2020-06-08_1820.png"></a></p>
<p>Projectes amb oportunitats d’èxit educatiu a favor de l’alumnat.<br />
POEFA<br />
El Departament d&#8217;Educació obre convocatòria per seleccionar centres de titularitat pública dependents del Departament d’Educació que presentin un projecte escolar amb accions innovadores de suport i reforç per a la reducció i la prevenció de&hellip;  <a href="https://agora.xtec.cat/ceiplajota/projecte-educatiu/projectes-de-lescola/poefa/" title="Read POEFA">Llegeix més»</a></p>
