{"id":24,"date":"2024-09-01T09:00:15","date_gmt":"2024-09-01T07:00:15","guid":{"rendered":"http:\/\/agora.xtec.cat\/ceiplajota\/?page_id=24"},"modified":"2025-02-08T19:16:05","modified_gmt":"2025-02-08T18:16:05","slug":"on-som","status":"publish","type":"page","link":"https:\/\/agora.xtec.cat\/ceiplajota\/lescola\/on-som\/","title":{"rendered":"On som"},"content":{"rendered":"<p style=\"color: #666666;\"><strong>INSTITUT ESCOLA LA JOTA<\/strong><br \/>\nCarrer B\u00e8tica, s\/n,<br \/>\n08214 Badia del Vall\u00e8s, Barcelona<\/p>\n<p>Tel. 937 18 37 58<br \/>\na8078294<span class=\"\"><span class=\"\">@xtec.ca<\/span><\/span>t<\/p>\n<p><a href=\"https:\/\/agora.xtec.cat\/ceiplajota\/wp-content\/uploads\/usu1571\/2025\/02\/google-maps-2.png\"><img loading=\"lazy\" decoding=\"async\" class=\"alignleft  wp-image-6602\" src=\"https:\/\/agora.xtec.cat\/ceiplajota\/wp-content\/uploads\/usu1571\/2025\/02\/google-maps-2.png\" alt=\"\" width=\"508\" height=\"193\" srcset=\"https:\/\/agora.xtec.cat\/ceiplajota\/wp-content\/uploads\/usu1571\/2025\/02\/google-maps-2.png 976w, https:\/\/agora.xtec.cat\/ceiplajota\/wp-content\/uploads\/usu1571\/2025\/02\/google-maps-2-300x114.png 300w, https:\/\/agora.xtec.cat\/ceiplajota\/wp-content\/uploads\/usu1571\/2025\/02\/google-maps-2-768x291.png 768w\" sizes=\"auto, (max-width: 508px) 100vw, 508px\" \/><\/a><\/p>\n<p>&nbsp;<\/p>\n<p><strong>Com arribar-hi:<\/strong><\/p>\n<p><strong>Renfe:<\/strong> Estaci\u00f3 Barber\u00e0 del Vall\u00e8s (R4)<br \/>\n<strong>Bus (Companyia Sarb\u00fas):<\/strong> L\u00ednies A2 (des de Fabra i Puig, BCN), B1 (Sabadell), B4 (Cerdanyola).<\/p>\n<p>&nbsp;<\/p>\n","protected":false},"excerpt":{"rendered":"<p>INSTITUT ESCOLA LA JOTA<br \/>\nCarrer B\u00e8tica, s\/n,<br \/>\n08214 Badia del Vall\u00e8s, Barcelona<br \/>\nTel. 937 18 37 58<br \/>\na8078294@xtec.cat<br \/>\n<a href=\"https:\/\/agora.xtec.cat\/ceiplajota\/wp-content\/uploads\/usu1571\/2025\/02\/google-maps-2.png\"><\/a><br \/>\n&nbsp;<br \/>\nCom arribar-hi:<br \/>\nRenfe: Estaci\u00f3 Barber\u00e0 del Vall\u00e8s (R4)<br \/>\nBus (Companyia Sarb\u00fas): L\u00ednies A2 (des de Fabra i Puig, BCN), B1 (Sabadell), B4 (Cerdanyola).<br \/>\n&nbsp;<\/p>\n","protected":false},"author":1,"featured_media":0,"parent":22,"menu_order":10,"comment_status":"closed","ping_status":"closed","template":"page-templates\/side-menu.php","meta":{"_bbp_topic_count":0,"_bbp_reply_count":0,"_bbp_total_topic_count":0,"_bbp_total_reply_count":0,"_bbp_voice_count":0,"_bbp_anonymous_reply_count":0,"_bbp_topic_count_hidden":0,"_bbp_reply_count_hidden":0,"_bbp_forum_subforum_count":0,"footnotes":""},"class_list":["post-24","page","type-page","status-publish","hentry"],"post_mailing_queue_ids":[],"_links":{"self":[{"href":"https:\/\/agora.xtec.cat\/ceiplajota\/wp-json\/wp\/v2\/pages\/24","targetHints":{"allow":["GET"]}}],"collection":[{"href":"https:\/\/agora.xtec.cat\/ceiplajota\/wp-json\/wp\/v2\/pages"}],"about":[{"href":"https:\/\/agora.xtec.cat\/ceiplajota\/wp-json\/wp\/v2\/types\/page"}],"author":[{"embeddable":true,"href":"https:\/\/agora.xtec.cat\/ceiplajota\/wp-json\/wp\/v2\/users\/1"}],"replies":[{"embeddable":true,"href":"https:\/\/agora.xtec.cat\/ceiplajota\/wp-json\/wp\/v2\/comments?post=24"}],"version-history":[{"count":5,"href":"https:\/\/agora.xtec.cat\/ceiplajota\/wp-json\/wp\/v2\/pages\/24\/revisions"}],"predecessor-version":[{"id":6603,"href":"https:\/\/agora.xtec.cat\/ceiplajota\/wp-json\/wp\/v2\/pages\/24\/revisions\/6603"}],"up":[{"embeddable":true,"href":"https:\/\/agora.xtec.cat\/ceiplajota\/wp-json\/wp\/v2\/pages\/22"}],"wp:attachment":[{"href":"https:\/\/agora.xtec.cat\/ceiplajota\/wp-json\/wp\/v2\/media?parent=24"}],"curies":[{"name":"wp","href":"https:\/\/api.w.org\/{rel}","templated":true}]}}

<p style="color: #666666;"><strong>INSTITUT ESCOLA LA JOTA</strong><br />
Carrer Bètica, s/n,<br />
08214 Badia del Vallès, Barcelona</p>
<p>Tel. 937 18 37 58<br />
a8078294<span class=""><span class="">@xtec.ca</span></span>t</p>
<p><a href="https://agora.xtec.cat/ceiplajota/wp-content/uploads/usu1571/2025/02/google-maps-2.png"><img loading="lazy" decoding="async" class="alignleft  wp-image-6602" src="https://agora.xtec.cat/ceiplajota/wp-content/uploads/usu1571/2025/02/google-maps-2.png" alt="" width="508" height="193" srcset="https://agora.xtec.cat/ceiplajota/wp-content/uploads/usu1571/2025/02/google-maps-2.png 976w, https://agora.xtec.cat/ceiplajota/wp-content/uploads/usu1571/2025/02/google-maps-2-300x114.png 300w, https://agora.xtec.cat/ceiplajota/wp-content/uploads/usu1571/2025/02/google-maps-2-768x291.png 768w" sizes="auto, (max-width: 508px) 100vw, 508px" /></a></p>
<p>&nbsp;</p>
<p><strong>Com arribar-hi:</strong></p>
<p><strong>Renfe:</strong> Estació Barberà del Vallès (R4)<br />
<strong>Bus (Companyia Sarbús):</strong> Línies A2 (des de Fabra i Puig, BCN), B1 (Sabadell), B4 (Cerdanyola).</p>
<p>&nbsp;</p>

<p>INSTITUT ESCOLA LA JOTA<br />
Carrer Bètica, s/n,<br />
08214 Badia del Vallès, Barcelona<br />
Tel. 937 18 37 58<br />
a8078294@xtec.cat<br />
<a href="https://agora.xtec.cat/ceiplajota/wp-content/uploads/usu1571/2025/02/google-maps-2.png"></a><br />
&nbsp;<br />
Com arribar-hi:<br />
Renfe: Estació Barberà del Vallès (R4)<br />
Bus (Companyia Sarbús): Línies A2 (des de Fabra i Puig, BCN), B1 (Sabadell), B4 (Cerdanyola).<br />
&nbsp;</p>
