{"id":73,"date":"2014-09-18T14:01:51","date_gmt":"2014-09-18T14:01:51","guid":{"rendered":"http:\/\/agora.xtec.cat\/ceiplagaraldapalleja\/?page_id=73"},"modified":"2022-09-03T18:21:11","modified_gmt":"2022-09-03T16:21:11","slug":"menjador-escolar","status":"publish","type":"page","link":"https:\/\/agora.xtec.cat\/ceiplagaraldapalleja\/serveis\/menjador-escolar\/","title":{"rendered":"Menjador"},"content":{"rendered":"<p>A La Garalda li donem molta import\u00e0ncia a una alimentaci\u00f3 saludable i equilibrada.<\/p>\n<p>El servei de menjador que oferim \u00e9s amb cuina pr\u00f2pia, per tant cada \u00e0pat est\u00e0 fet al moment.<\/p>\n<p>Els men\u00fas estan elaborats per una nutricionista que vetlla perqu\u00e8 els infants mengin sa i variat.<\/p>\n<p>Dues empreses s&#8217;encarreguen de la gesti\u00f3 del menjador, CORE i ABAC.<\/p>\n<p>Cada mes en aquest apartat us anirem actualitzant els men\u00fas mensuals.<\/p>\n<p>Per tal de contactar amb les coordinadores del menjador ho podeu fer a trav\u00e9s del <strong>DINANTIA<\/strong> &#8220;Menjador La Garalda&#8221; o al tel\u00e8fon <strong>674.11.25.07<\/strong><\/p>\n<p>&nbsp;<\/p>\n<p style=\"text-align: center;\"><iframe loading=\"lazy\" src=\"https:\/\/drive.google.com\/file\/d\/1ZzvSL3d5jY-rGonWGuaNTisHFxMl2175\/preview\" width=\"940\" height=\"680\"><span data-mce-type=\"bookmark\" style=\"display: inline-block; width: 0px; overflow: hidden; line-height: 0;\" class=\"mce_SELRES_start\">\ufeff<\/span><\/iframe><\/p>\n<p style=\"text-align: center;\">\n","protected":false},"excerpt":{"rendered":"<p>A La Garalda li donem molta import\u00e0ncia a una alimentaci\u00f3 saludable i equilibrada.<br \/>\nEl servei de menjador que oferim \u00e9s amb cuina pr\u00f2pia, per tant cada \u00e0pat est\u00e0 fet al moment.<br \/>\nEls men\u00fas estan elaborats per una nutricionista que vetlla perqu\u00e8 els infants mengin sa i variat.<br \/>\nDues&hellip;  <a href=\"https:\/\/agora.xtec.cat\/ceiplagaraldapalleja\/serveis\/menjador-escolar\/\" title=\"Read Menjador\">Llegeix m\u00e9s\u00bb<\/a><\/p>\n","protected":false},"author":2,"featured_media":0,"parent":66,"menu_order":30,"comment_status":"closed","ping_status":"closed","template":"page-templates\/side-menu.php","meta":{"_bbp_topic_count":0,"_bbp_reply_count":0,"_bbp_total_topic_count":0,"_bbp_total_reply_count":0,"_bbp_voice_count":0,"_bbp_anonymous_reply_count":0,"_bbp_topic_count_hidden":0,"_bbp_reply_count_hidden":0,"_bbp_forum_subforum_count":0,"footnotes":""},"class_list":["post-73","page","type-page","status-publish","hentry"],"post_mailing_queue_ids":[],"_links":{"self":[{"href":"https:\/\/agora.xtec.cat\/ceiplagaraldapalleja\/wp-json\/wp\/v2\/pages\/73","targetHints":{"allow":["GET"]}}],"collection":[{"href":"https:\/\/agora.xtec.cat\/ceiplagaraldapalleja\/wp-json\/wp\/v2\/pages"}],"about":[{"href":"https:\/\/agora.xtec.cat\/ceiplagaraldapalleja\/wp-json\/wp\/v2\/types\/page"}],"author":[{"embeddable":true,"href":"https:\/\/agora.xtec.cat\/ceiplagaraldapalleja\/wp-json\/wp\/v2\/users\/2"}],"replies":[{"embeddable":true,"href":"https:\/\/agora.xtec.cat\/ceiplagaraldapalleja\/wp-json\/wp\/v2\/comments?post=73"}],"version-history":[{"count":5,"href":"https:\/\/agora.xtec.cat\/ceiplagaraldapalleja\/wp-json\/wp\/v2\/pages\/73\/revisions"}],"predecessor-version":[{"id":12100,"href":"https:\/\/agora.xtec.cat\/ceiplagaraldapalleja\/wp-json\/wp\/v2\/pages\/73\/revisions\/12100"}],"up":[{"embeddable":true,"href":"https:\/\/agora.xtec.cat\/ceiplagaraldapalleja\/wp-json\/wp\/v2\/pages\/66"}],"wp:attachment":[{"href":"https:\/\/agora.xtec.cat\/ceiplagaraldapalleja\/wp-json\/wp\/v2\/media?parent=73"}],"curies":[{"name":"wp","href":"https:\/\/api.w.org\/{rel}","templated":true}]}}