{"id":501,"date":"2018-05-09T18:44:38","date_gmt":"2018-05-09T16:44:38","guid":{"rendered":"http:\/\/agora.xtec.cat\/ceiplafassina\/?page_id=501"},"modified":"2024-07-04T11:40:37","modified_gmt":"2024-07-04T09:40:37","slug":"carta-de-compromis-educatiu","status":"publish","type":"page","link":"https:\/\/agora.xtec.cat\/ceiplafassina\/lescola-2\/projecte-educatiu\/carta-de-compromis-educatiu\/","title":{"rendered":"Carta de comprom\u00eds educatiu"},"content":{"rendered":"<p>El Departament d\u2019Ensenyament estableix que cada centre escolar ha d\u2019elaborar una carta de Comprom\u00eds Educatiu i formalitzar-la amb les fam\u00edlies. La idea \u00e9s crear un document que expressi els objectius per assolir un entorn de conviv\u00e8ncia i respecte pel desenvolupament de les activitats educatives, conscients que l\u2019educaci\u00f3 implica l\u2019acci\u00f3 conjunta de fam\u00edlia i escola.<br \/>\nUs presentem la Carta de Comprom\u00eds Educatiu de l\u2019escola La Fassina, aprovada pel Claustre i pel Consell Escolar.<\/p>\n<h5><a href=\"https:\/\/drive.google.com\/file\/d\/1PVZ-JrTcfB38r_Wh52xmb53brK9afN2j\/view?usp=sharing\" target=\"_blank\" rel=\"noopener\"><span style=\"color: #008000;\"><em>Descarrega la Carta de Comprom\u00eds Educatiu<\/em><\/span><\/a><\/h5>\n","protected":false},"excerpt":{"rendered":"<p>El Departament d\u2019Ensenyament estableix que cada centre escolar ha d\u2019elaborar una carta de Comprom\u00eds Educatiu i formalitzar-la amb les fam\u00edlies. La idea \u00e9s crear un document que expressi els objectius per assolir un entorn de conviv\u00e8ncia i respecte pel desenvolupament de les activitats educatives, conscients&hellip;  <a href=\"https:\/\/agora.xtec.cat\/ceiplafassina\/lescola-2\/projecte-educatiu\/carta-de-compromis-educatiu\/\" title=\"Read Carta de comprom\u00eds educatiu\">Llegeix m\u00e9s\u00bb<\/a><\/p>\n","protected":false},"author":3,"featured_media":0,"parent":64,"menu_order":0,"comment_status":"closed","ping_status":"closed","template":"","meta":{"_bbp_topic_count":0,"_bbp_reply_count":0,"_bbp_total_topic_count":0,"_bbp_total_reply_count":0,"_bbp_voice_count":0,"_bbp_anonymous_reply_count":0,"_bbp_topic_count_hidden":0,"_bbp_reply_count_hidden":0,"_bbp_forum_subforum_count":0,"footnotes":""},"class_list":["post-501","page","type-page","status-publish","hentry"],"post_mailing_queue_ids":[],"_links":{"self":[{"href":"https:\/\/agora.xtec.cat\/ceiplafassina\/wp-json\/wp\/v2\/pages\/501","targetHints":{"allow":["GET"]}}],"collection":[{"href":"https:\/\/agora.xtec.cat\/ceiplafassina\/wp-json\/wp\/v2\/pages"}],"about":[{"href":"https:\/\/agora.xtec.cat\/ceiplafassina\/wp-json\/wp\/v2\/types\/page"}],"author":[{"embeddable":true,"href":"https:\/\/agora.xtec.cat\/ceiplafassina\/wp-json\/wp\/v2\/users\/3"}],"replies":[{"embeddable":true,"href":"https:\/\/agora.xtec.cat\/ceiplafassina\/wp-json\/wp\/v2\/comments?post=501"}],"version-history":[{"count":5,"href":"https:\/\/agora.xtec.cat\/ceiplafassina\/wp-json\/wp\/v2\/pages\/501\/revisions"}],"predecessor-version":[{"id":1667,"href":"https:\/\/agora.xtec.cat\/ceiplafassina\/wp-json\/wp\/v2\/pages\/501\/revisions\/1667"}],"up":[{"embeddable":true,"href":"https:\/\/agora.xtec.cat\/ceiplafassina\/wp-json\/wp\/v2\/pages\/64"}],"wp:attachment":[{"href":"https:\/\/agora.xtec.cat\/ceiplafassina\/wp-json\/wp\/v2\/media?parent=501"}],"curies":[{"name":"wp","href":"https:\/\/api.w.org\/{rel}","templated":true}]}}