{"id":1574,"date":"2024-06-25T14:08:55","date_gmt":"2024-06-25T12:08:55","guid":{"rendered":"https:\/\/agora.xtec.cat\/ceiplafassina\/?page_id=1574"},"modified":"2024-06-26T09:21:49","modified_gmt":"2024-06-26T07:21:49","slug":"parelles-de-contes","status":"publish","type":"page","link":"https:\/\/agora.xtec.cat\/ceiplafassina\/lescola-2\/parelles-de-contes\/","title":{"rendered":"Parelles de contes"},"content":{"rendered":"<p>Amb les Parelles de Contes fomentem els valors de col\u00b7laboraci\u00f3 entre alumnes de diferents edats. S\u2019organitzen estones de lectura, explicaci\u00f3 de contes, manualitats&#8230; on els alumnes d&#8217;infantil i cicle inicial s\u00f3n ajudats per la seva parella de contes (alumnes de 3r a 6\u00e8).<\/p>\n","protected":false},"excerpt":{"rendered":"<p>Amb les Parelles de Contes fomentem els valors de col\u00b7laboraci\u00f3 entre alumnes de diferents edats. S\u2019organitzen estones de lectura, explicaci\u00f3 de contes, manualitats&#8230; on els alumnes d&#8217;infantil i cicle inicial s\u00f3n ajudats per la seva parella de contes (alumnes de 3r a 6\u00e8).<\/p>\n","protected":false},"author":1,"featured_media":0,"parent":516,"menu_order":0,"comment_status":"closed","ping_status":"closed","template":"","meta":{"_bbp_topic_count":0,"_bbp_reply_count":0,"_bbp_total_topic_count":0,"_bbp_total_reply_count":0,"_bbp_voice_count":0,"_bbp_anonymous_reply_count":0,"_bbp_topic_count_hidden":0,"_bbp_reply_count_hidden":0,"_bbp_forum_subforum_count":0,"footnotes":""},"class_list":["post-1574","page","type-page","status-publish","hentry"],"post_mailing_queue_ids":[],"_links":{"self":[{"href":"https:\/\/agora.xtec.cat\/ceiplafassina\/wp-json\/wp\/v2\/pages\/1574","targetHints":{"allow":["GET"]}}],"collection":[{"href":"https:\/\/agora.xtec.cat\/ceiplafassina\/wp-json\/wp\/v2\/pages"}],"about":[{"href":"https:\/\/agora.xtec.cat\/ceiplafassina\/wp-json\/wp\/v2\/types\/page"}],"author":[{"embeddable":true,"href":"https:\/\/agora.xtec.cat\/ceiplafassina\/wp-json\/wp\/v2\/users\/1"}],"replies":[{"embeddable":true,"href":"https:\/\/agora.xtec.cat\/ceiplafassina\/wp-json\/wp\/v2\/comments?post=1574"}],"version-history":[{"count":2,"href":"https:\/\/agora.xtec.cat\/ceiplafassina\/wp-json\/wp\/v2\/pages\/1574\/revisions"}],"predecessor-version":[{"id":1618,"href":"https:\/\/agora.xtec.cat\/ceiplafassina\/wp-json\/wp\/v2\/pages\/1574\/revisions\/1618"}],"up":[{"embeddable":true,"href":"https:\/\/agora.xtec.cat\/ceiplafassina\/wp-json\/wp\/v2\/pages\/516"}],"wp:attachment":[{"href":"https:\/\/agora.xtec.cat\/ceiplafassina\/wp-json\/wp\/v2\/media?parent=1574"}],"curies":[{"name":"wp","href":"https:\/\/api.w.org\/{rel}","templated":true}]}}