{"id":4516,"date":"2022-12-08T15:26:12","date_gmt":"2022-12-08T14:26:12","guid":{"rendered":"https:\/\/agora.xtec.cat\/ceiplafarigola\/?page_id=4516"},"modified":"2023-05-22T15:28:07","modified_gmt":"2023-05-22T13:28:07","slug":"our-green-habits","status":"publish","type":"page","link":"https:\/\/agora.xtec.cat\/ceiplafarigola\/our-green-habits\/","title":{"rendered":"OUR GREEN HABITS"},"content":{"rendered":"<p><a href=\"https:\/\/school-education.ec.europa.eu\/en\/etwinning\/projects\/our-green-habits\/twinspace\">ENTRA AL TWINSPACE<\/a><\/p>\n<p><strong>DISSENYEM LOGOS PEL NOSTRE PROJECTE,<\/strong><\/p>\n<p><b>Els cinc logos guanyadors de la nostra escola.<\/b><\/p>\n<p><a href=\"https:\/\/agora.xtec.cat\/ceiplafarigola\/wp-content\/uploads\/usu2166\/2022\/12\/logo1.png\"><img loading=\"lazy\" decoding=\"async\" class=\"size-thumbnail wp-image-4517 alignleft\" src=\"https:\/\/agora.xtec.cat\/ceiplafarigola\/wp-content\/uploads\/usu2166\/2022\/12\/logo1-150x150.png\" alt=\"\" width=\"150\" height=\"150\" \/><\/a> <a href=\"https:\/\/agora.xtec.cat\/ceiplafarigola\/wp-content\/uploads\/usu2166\/2022\/12\/logo2.png\"><img loading=\"lazy\" decoding=\"async\" class=\"wp-image-4518 alignleft\" src=\"https:\/\/agora.xtec.cat\/ceiplafarigola\/wp-content\/uploads\/usu2166\/2022\/12\/logo2.png\" alt=\"\" width=\"152\" height=\"151\" srcset=\"https:\/\/agora.xtec.cat\/ceiplafarigola\/wp-content\/uploads\/usu2166\/2022\/12\/logo2.png 496w, https:\/\/agora.xtec.cat\/ceiplafarigola\/wp-content\/uploads\/usu2166\/2022\/12\/logo2-300x298.png 300w, https:\/\/agora.xtec.cat\/ceiplafarigola\/wp-content\/uploads\/usu2166\/2022\/12\/logo2-150x150.png 150w\" sizes=\"auto, (max-width: 152px) 100vw, 152px\" \/><\/a> <a href=\"https:\/\/agora.xtec.cat\/ceiplafarigola\/wp-content\/uploads\/usu2166\/2022\/12\/logo3.png\"><img loading=\"lazy\" decoding=\"async\" class=\"wp-image-4519 alignleft\" src=\"https:\/\/agora.xtec.cat\/ceiplafarigola\/wp-content\/uploads\/usu2166\/2022\/12\/logo3.png\" alt=\"\" width=\"146\" height=\"145\" srcset=\"https:\/\/agora.xtec.cat\/ceiplafarigola\/wp-content\/uploads\/usu2166\/2022\/12\/logo3.png 235w, https:\/\/agora.xtec.cat\/ceiplafarigola\/wp-content\/uploads\/usu2166\/2022\/12\/logo3-150x150.png 150w\" sizes=\"auto, (max-width: 146px) 100vw, 146px\" \/><\/a> <a href=\"https:\/\/agora.xtec.cat\/ceiplafarigola\/wp-content\/uploads\/usu2166\/2022\/12\/logo4.png\"><img loading=\"lazy\" decoding=\"async\" class=\"wp-image-4520 alignleft\" src=\"https:\/\/agora.xtec.cat\/ceiplafarigola\/wp-content\/uploads\/usu2166\/2022\/12\/logo4.png\" alt=\"\" width=\"143\" height=\"148\" srcset=\"https:\/\/agora.xtec.cat\/ceiplafarigola\/wp-content\/uploads\/usu2166\/2022\/12\/logo4.png 410w, https:\/\/agora.xtec.cat\/ceiplafarigola\/wp-content\/uploads\/usu2166\/2022\/12\/logo4-289x300.png 289w\" sizes=\"auto, (max-width: 143px) 100vw, 143px\" \/><\/a> <a href=\"https:\/\/agora.xtec.cat\/ceiplafarigola\/wp-content\/uploads\/usu2166\/2022\/12\/logo5.png\"><img loading=\"lazy\" decoding=\"async\" class=\"wp-image-4521 alignleft\" src=\"https:\/\/agora.xtec.cat\/ceiplafarigola\/wp-content\/uploads\/usu2166\/2022\/12\/logo5.png\" alt=\"\" width=\"140\" height=\"132\" srcset=\"https:\/\/agora.xtec.cat\/ceiplafarigola\/wp-content\/uploads\/usu2166\/2022\/12\/logo5.png 491w, https:\/\/agora.xtec.cat\/ceiplafarigola\/wp-content\/uploads\/usu2166\/2022\/12\/logo5-300x282.png 300w\" sizes=\"auto, (max-width: 140px) 100vw, 140px\" \/><\/a><\/p>\n<p>&nbsp;<\/p>\n<p>&nbsp;<\/p>\n<p>&nbsp;<\/p>\n<p>&nbsp;<\/p>\n<p>&nbsp;<\/p>\n<p>&nbsp;<\/p>\n<p>&nbsp;<\/p>\n<p><strong>\u00a0 \u00a0 \u00a0 \u00a0 \u00a0 \u00a0 \u00a0 \u00a0 \u00a0 \u00a0 \u00a0 \u00a0 \u00a0 \u00a0 \u00a0HORA DE VOTAR!!<\/strong><\/p>\n<p><a href=\"https:\/\/strawpoll.com\/polls\/jVyGJR4b8Z7?fbclid=IwAR3wiXf7S3WIlsDDJl4B4RddAKAwamMi0-2Bad4nEEFv9sAm_g3rSxlAFhE\">LINK<\/a><\/p>\n<p>And the winner is&#8230;<\/p>\n<p><a href=\"https:\/\/agora.xtec.cat\/ceiplafarigola\/wp-content\/uploads\/usu2166\/2023\/01\/winner-logo.png\"><img loading=\"lazy\" decoding=\"async\" class=\"size-thumbnail wp-image-4625 alignleft\" src=\"https:\/\/agora.xtec.cat\/ceiplafarigola\/wp-content\/uploads\/usu2166\/2023\/01\/winner-logo-150x150.png\" alt=\"\" width=\"150\" height=\"150\" srcset=\"https:\/\/agora.xtec.cat\/ceiplafarigola\/wp-content\/uploads\/usu2166\/2023\/01\/winner-logo-150x150.png 150w, https:\/\/agora.xtec.cat\/ceiplafarigola\/wp-content\/uploads\/usu2166\/2023\/01\/winner-logo-300x300.png 300w, https:\/\/agora.xtec.cat\/ceiplafarigola\/wp-content\/uploads\/usu2166\/2023\/01\/winner-logo.png 400w\" sizes=\"auto, (max-width: 150px) 100vw, 150px\" \/><\/a><\/p>\n<p>&nbsp;<\/p>\n<p>&nbsp;<\/p>\n<p>&nbsp;<\/p>\n<p>&nbsp;<\/p>\n<p><strong>Let&#8217;s count your energy footprint using the following li<\/strong>nk:\u00a0<a title=\"https:\/\/www.footprintcalculator.org\/home\/en\" href=\"https:\/\/www.footprintcalculator.org\/home\/en\">https:\/\/www.footprintcalculator.org\/home\/en<\/a><\/p>\n<p><a href=\"https:\/\/agora.xtec.cat\/ceiplafarigola\/wp-content\/uploads\/usu2166\/2022\/12\/earth.jpg\"><img loading=\"lazy\" decoding=\"async\" class=\"size-medium wp-image-4523 alignleft\" src=\"https:\/\/agora.xtec.cat\/ceiplafarigola\/wp-content\/uploads\/usu2166\/2022\/12\/earth-300x225.jpg\" alt=\"\" width=\"300\" height=\"225\" srcset=\"https:\/\/agora.xtec.cat\/ceiplafarigola\/wp-content\/uploads\/usu2166\/2022\/12\/earth-300x225.jpg 300w, https:\/\/agora.xtec.cat\/ceiplafarigola\/wp-content\/uploads\/usu2166\/2022\/12\/earth-1024x768.jpg 1024w, https:\/\/agora.xtec.cat\/ceiplafarigola\/wp-content\/uploads\/usu2166\/2022\/12\/earth-768x576.jpg 768w, https:\/\/agora.xtec.cat\/ceiplafarigola\/wp-content\/uploads\/usu2166\/2022\/12\/earth-1536x1152.jpg 1536w, https:\/\/agora.xtec.cat\/ceiplafarigola\/wp-content\/uploads\/usu2166\/2022\/12\/earth-200x150.jpg 200w, https:\/\/agora.xtec.cat\/ceiplafarigola\/wp-content\/uploads\/usu2166\/2022\/12\/earth.jpg 2048w\" sizes=\"auto, (max-width: 300px) 100vw, 300px\" \/><\/a> <a href=\"https:\/\/agora.xtec.cat\/ceiplafarigola\/wp-content\/uploads\/usu2166\/2022\/12\/earth2.jpg\"><img loading=\"lazy\" decoding=\"async\" class=\" wp-image-4524 alignleft\" src=\"https:\/\/agora.xtec.cat\/ceiplafarigola\/wp-content\/uploads\/usu2166\/2022\/12\/earth2-150x150.jpg\" alt=\"\" width=\"224\" height=\"224\" \/><\/a><\/p>\n<p>&nbsp;<\/p>\n<p>&nbsp;<\/p>\n<p>&nbsp;<\/p>\n<p>&nbsp;<\/p>\n<p>&nbsp;<\/p>\n<h4><\/h4>\n<h4><\/h4>\n<h4 class=\"ecl-header__title page-title\">Presenting our town and environmental problems in our area<\/h4>\n<p><a href=\"https:\/\/padlet.com\/ourgreenhabits\/48j8x653azqo6jer\">https:\/\/padlet.com\/ourgreenhabits\/48j8x653azqo6jer<\/a><\/p>\n<p><strong>CODE WEEK<\/strong><\/p>\n<p>Ens atrevim amb l&#8217;Scratch i fem dissenys relacionats amb el nostre projecte.<\/p>\n<p><a href=\"https:\/\/view.genial.ly\/6363f1d387aaf00018414a82\/presentation-lets-scratch\">LET&#8217;S SCRATCH!<\/a><\/p>\n<p><strong>Penfriends!<\/strong><\/p>\n<p>Intercanviem cartes amb els nens i nenes de l&#8217;escola <a href=\"https:\/\/school-education.ec.europa.eu\/en\/networking\/schools-organisations\/3o-gymnasio-kalamatas\" hreflang=\"en\">3o Gymnasio Kalamatas<\/a> de Kalamata,\u00a0Greece.<\/p>\n<p><a href=\"https:\/\/agora.xtec.cat\/ceiplafarigola\/wp-content\/uploads\/usu2166\/2023\/01\/IMG_20230119_153232.jpg\"><img loading=\"lazy\" decoding=\"async\" class=\"size-full wp-image-4676\" src=\"https:\/\/agora.xtec.cat\/ceiplafarigola\/wp-content\/uploads\/usu2166\/2023\/01\/IMG_20230119_153232.jpg\" alt=\"\" width=\"400\" height=\"300\" srcset=\"https:\/\/agora.xtec.cat\/ceiplafarigola\/wp-content\/uploads\/usu2166\/2023\/01\/IMG_20230119_153232.jpg 400w, https:\/\/agora.xtec.cat\/ceiplafarigola\/wp-content\/uploads\/usu2166\/2023\/01\/IMG_20230119_153232-300x225.jpg 300w, https:\/\/agora.xtec.cat\/ceiplafarigola\/wp-content\/uploads\/usu2166\/2023\/01\/IMG_20230119_153232-200x150.jpg 200w\" sizes=\"auto, (max-width: 400px) 100vw, 400px\" \/><\/a><\/p>\n<p><strong>HOW GREEN IS OUR COMMUNITY?<\/strong><\/p>\n<p>Fem enquestes als diferents membres de la comunitat educativa per esbrinar com s\u00f3n d&#8217;ecol\u00f2gics. Aqu\u00ed estan els resultats.<\/p>\n<div style=\"position: relative; width: 100%; height: 0; padding-top: 56.2500%; padding-bottom: 0; box-shadow: 0 2px 8px 0 rgba(63,69,81,0.16); margin-top: 1.6em; margin-bottom: 0.9em; overflow: hidden; border-radius: 8px; will-change: transform;\"><iframe style=\"position: absolute; width: 100%; height: 100%; top: 0; left: 0; border: none; padding: 0; margin: 0;\" src=\"https:\/\/www.canva.com\/design\/DAFa0fsbbdg\/view?embed\" allowfullscreen=\"allowfullscreen\"><br \/>\n<\/iframe><\/div>\n<p><a href=\"https:\/\/www.canva.com\/design\/DAFa0fsbbdg\/view?utm_content=DAFa0fsbbdg&amp;utm_campaign=designshare&amp;utm_medium=embeds&amp;utm_source=link\" target=\"_blank\" rel=\"noopener\">HOW GREEN IS OUR COMMUNITY?<\/a> de Farigola de Vallcarca<\/p>\n<p><strong>CIRCULAR ECONOMY?<\/strong><\/p>\n<p>Qu\u00e8 \u00e9s l&#8217;economia circular? Descobrim aquest concepte i analitzem quines estrat\u00e8gies apliquem a la nostra escola. Ho compartim en un padlet col\u00b7labratiu<\/p>\n<p>&nbsp;<\/p>\n<div style=\"position: relative; width: 100%; height: 0; padding-top: 56.2500%; padding-bottom: 0; box-shadow: 0 2px 8px 0 rgba(63,69,81,0.16); margin-top: 1.6em; margin-bottom: 0.9em; overflow: hidden; border-radius: 8px; will-change: transform;\"><iframe style=\"position: absolute; width: 100%; height: 100%; top: 0; left: 0; border: none; padding: 0; margin: 0;\" src=\"https:\/\/www.canva.com\/design\/DAFf3pD3ENY\/view?embed\" allowfullscreen=\"allowfullscreen\"><br \/>\n  <\/iframe><\/div>\n<p><a href=\"https:\/\/www.canva.com\/design\/DAFf3pD3ENY\/view?utm_content=DAFf3pD3ENY&amp;utm_campaign=designshare&amp;utm_medium=embeds&amp;utm_source=link\" target=\"_blank\" rel=\"noopener\">CIRCULAR ECONOMY PRESENTATION<\/a> de Farigola de Vallcarca<\/p>\n<p>&nbsp;<\/p>\n<div style=\"position: relative; width: 100%; height: 0; padding-top: 56.2500%; padding-bottom: 0; box-shadow: 0 2px 8px 0 rgba(63,69,81,0.16); margin-top: 1.6em; margin-bottom: 0.9em; overflow: hidden; border-radius: 8px; will-change: transform;\"><iframe style=\"position: absolute; width: 100%; height: 100%; top: 0; left: 0; border: none; padding: 0; margin: 0;\" src=\"https:\/\/www.canva.com\/design\/DAFjo_ElNOU\/view?embed\" allowfullscreen=\"allowfullscreen\"><br \/>\n  <\/iframe><\/div>\n<p><a href=\"https:\/\/www.canva.com\/design\/DAFjo_ElNOU\/view?utm_content=DAFjo_ElNOU&amp;utm_campaign=designshare&amp;utm_medium=embeds&amp;utm_source=link\" target=\"_blank\" rel=\"noopener\">Copia de CIRCULAR ECONOMY ALHABET<\/a> de Farigola de Vallcarca<\/p>\n<p><a href=\"https:\/\/padlet.com\/ourgreenhabits23\/circular-economy-strategies-z0x9s5vivupxq57g\">COLLABORATIVE PADLET WITH STRATEGIES<\/a><\/p>\n<p><strong>ECO ONLINE GAMES<\/strong><\/p>\n<p>Creem\u00a0 jocs online per avaluar el que hem apr\u00e8s fins ara sobre h\u00e0bits sostenibles.<\/p>\n<p>&nbsp;<\/p>\n<p><iframe loading=\"lazy\" src=\"https:\/\/www.educaplay.com\/game\/13848027-eco_wordwheel.html\" width=\"795\" height=\"690\" frameborder=\"0\"><\/iframe><\/p>\n<p>&nbsp;<\/p>\n<p>&nbsp;<\/p>\n<div style=\"width: 100%;\">\n<div style=\"position: relative; padding-bottom: 56.25%; padding-top: 0; height: 0;\"><iframe loading=\"lazy\" style=\"position: absolute; top: 0; left: 0; width: 100%; height: 100%;\" title=\"Online green games La Farigola de Vallcarca school\" src=\"https:\/\/view.genial.ly\/6435357dd0efeb0012178ebc\" width=\"1200px\" height=\"675px\" frameborder=\"0\" scrolling=\"yes\" allowfullscreen=\"allowfullscreen\"><\/iframe><\/div>\n<\/div>\n","protected":false},"excerpt":{"rendered":"<p>ENTRA AL TWINSPACE DISSENYEM LOGOS PEL NOSTRE PROJECTE, Els cinc logos guanyadors de la nostra escola. &nbsp; &nbsp; &nbsp; &nbsp; &nbsp; &nbsp; &nbsp; \u00a0 \u00a0 \u00a0 \u00a0 \u00a0 \u00a0 \u00a0 \u00a0 \u00a0 \u00a0 \u00a0 \u00a0 \u00a0 \u00a0 \u00a0HORA DE VOTAR!! LINK And the winner is&#8230; &nbsp; &nbsp; &nbsp; &nbsp; Let&#8217;s count your energy footprint using [&hellip;]<\/p>\n","protected":false},"author":4,"featured_media":0,"parent":0,"menu_order":0,"comment_status":"closed","ping_status":"closed","template":"","meta":{"_bbp_topic_count":0,"_bbp_reply_count":0,"_bbp_total_topic_count":0,"_bbp_total_reply_count":0,"_bbp_voice_count":0,"_bbp_anonymous_reply_count":0,"_bbp_topic_count_hidden":0,"_bbp_reply_count_hidden":0,"_bbp_forum_subforum_count":0,"site-sidebar-layout":"default","site-content-layout":"","ast-site-content-layout":"","site-content-style":"default","site-sidebar-style":"default","ast-global-header-display":"","ast-banner-title-visibility":"","ast-main-header-display":"","ast-hfb-above-header-display":"","ast-hfb-below-header-display":"","ast-hfb-mobile-header-display":"","site-post-title":"","ast-breadcrumbs-content":"","ast-featured-img":"","footer-sml-layout":"","theme-transparent-header-meta":"","adv-header-id-meta":"","stick-header-meta":"","header-above-stick-meta":"","header-main-stick-meta":"","header-below-stick-meta":"","astra-migrate-meta-layouts":"default","ast-page-background-enabled":"default","ast-page-background-meta":{"desktop":{"background-color":"var(--ast-global-color-4)","background-image":"","background-repeat":"repeat","background-position":"center center","background-size":"auto","background-attachment":"scroll","background-type":"","background-media":"","overlay-type":"","overlay-color":"","overlay-opacity":"","overlay-gradient":""},"tablet":{"background-color":"","background-image":"","background-repeat":"repeat","background-position":"center center","background-size":"auto","background-attachment":"scroll","background-type":"","background-media":"","overlay-type":"","overlay-color":"","overlay-opacity":"","overlay-gradient":""},"mobile":{"background-color":"","background-image":"","background-repeat":"repeat","background-position":"center center","background-size":"auto","background-attachment":"scroll","background-type":"","background-media":"","overlay-type":"","overlay-color":"","overlay-opacity":"","overlay-gradient":""}},"ast-content-background-meta":{"desktop":{"background-color":"var(--ast-global-color-5)","background-image":"","background-repeat":"repeat","background-position":"center center","background-size":"auto","background-attachment":"scroll","background-type":"","background-media":"","overlay-type":"","overlay-color":"","overlay-opacity":"","overlay-gradient":""},"tablet":{"background-color":"var(--ast-global-color-5)","background-image":"","background-repeat":"repeat","background-position":"center center","background-size":"auto","background-attachment":"scroll","background-type":"","background-media":"","overlay-type":"","overlay-color":"","overlay-opacity":"","overlay-gradient":""},"mobile":{"background-color":"var(--ast-global-color-5)","background-image":"","background-repeat":"repeat","background-position":"center center","background-size":"auto","background-attachment":"scroll","background-type":"","background-media":"","overlay-type":"","overlay-color":"","overlay-opacity":"","overlay-gradient":""}},"footnotes":""},"class_list":["post-4516","page","type-page","status-publish","hentry"],"post_mailing_queue_ids":[],"_links":{"self":[{"href":"https:\/\/agora.xtec.cat\/ceiplafarigola\/wp-json\/wp\/v2\/pages\/4516","targetHints":{"allow":["GET"]}}],"collection":[{"href":"https:\/\/agora.xtec.cat\/ceiplafarigola\/wp-json\/wp\/v2\/pages"}],"about":[{"href":"https:\/\/agora.xtec.cat\/ceiplafarigola\/wp-json\/wp\/v2\/types\/page"}],"author":[{"embeddable":true,"href":"https:\/\/agora.xtec.cat\/ceiplafarigola\/wp-json\/wp\/v2\/users\/4"}],"replies":[{"embeddable":true,"href":"https:\/\/agora.xtec.cat\/ceiplafarigola\/wp-json\/wp\/v2\/comments?post=4516"}],"version-history":[{"count":3,"href":"https:\/\/agora.xtec.cat\/ceiplafarigola\/wp-json\/wp\/v2\/pages\/4516\/revisions"}],"predecessor-version":[{"id":5246,"href":"https:\/\/agora.xtec.cat\/ceiplafarigola\/wp-json\/wp\/v2\/pages\/4516\/revisions\/5246"}],"wp:attachment":[{"href":"https:\/\/agora.xtec.cat\/ceiplafarigola\/wp-json\/wp\/v2\/media?parent=4516"}],"curies":[{"name":"wp","href":"https:\/\/api.w.org\/{rel}","templated":true}]}}