{"id":993,"date":"2016-06-11T19:01:19","date_gmt":"2016-06-11T18:01:19","guid":{"rendered":"http:\/\/agora.xtec.cat\/ceiplafalguera\/?page_id=993"},"modified":"2023-01-26T16:45:29","modified_gmt":"2023-01-26T15:45:29","slug":"la-nostra-metodologia-2","status":"publish","type":"page","link":"https:\/\/agora.xtec.cat\/ceiplafalguera\/projecte-educatiu\/la-nostra-metodologia-2\/","title":{"rendered":"Com treballem?"},"content":{"rendered":"<div class=\"page\" title=\"Page 1\">\n<div class=\"layoutArea\">\n<div class=\"column\">\n<p>A la Falguera, organitzem l&#8217;horari escolar en diferents franges, tant a Infantil com a Prim\u00e0ria.<\/p>\n<p><span style=\"text-decoration: underline;\"><strong>Les franges d&#8217;infantil<\/strong><\/span> comprenen els racons (primera part del mat\u00ed), els ambients de lliure circulaci\u00f3 (segona part del mat\u00ed) i els projectes, centres d&#8217;inter\u00e8s i diferents especialitats (tarda).<\/p>\n<p><span style=\"text-decoration: underline;\"><strong>A Prim\u00e0ria, organitzem les franges<\/strong><\/span> en el Teixit d&#8217;aula (situacions d&#8217;aprenentatge i racons), els \u00a0projectes i els ambients.<\/p>\n<blockquote><p>Tot aix\u00f2, prenent el <strong><span style=\"text-decoration: underline;\">m\u00e8tode dial\u00f2gic<\/span>,<\/strong> el <span style=\"text-decoration: underline;\"><strong>proc\u00e8s cient\u00edfic<\/strong><\/span> i els <span style=\"text-decoration: underline;\"><strong>valors democr\u00e0tics<\/strong><\/span> com a metodologies que defineixen l&#8217;escola i tenint en compte els nostres <span style=\"text-decoration: underline;\"><strong>quatre eixos d&#8217;aprenentatge<\/strong><\/span> (digitalitzaci\u00f3, art, natura i lleng\u00fces), sempre en el marc d&#8217;una <span style=\"text-decoration: underline;\"><strong>escola inclusiva i coeducadora<\/strong><\/span>.<\/p><\/blockquote>\n<p><span style=\"font-family: inherit; font-size: 1em;\">El nostre me\u0300tode de treball contempla:<\/span><\/p>\n<p><span style=\"font-family: inherit; font-size: 1em;\">\u2705 La conversa i el m\u00e8tode dial\u00f2gic com a eina estrat\u00e8gica (Qualsevol tasca, de qualsevol a\u0300rea o tema\u0300tica, ha de tenir el seu inici en la conversa. Conversa entre iguals i entre alumne i mestre. E\u0301s des de la verbalitzacio\u0301 que fa l&#8217;infant, que pot construir el seu pensament).<\/span><\/p>\n<p><span style=\"font-family: inherit; font-size: 1em;\">\u2705 El me\u0300tode cienti\u0301fic<\/span><\/p>\n<p><span style=\"font-family: inherit; font-size: 1em;\">\u2705 El treball teo\u0300ric i pra\u0300ctic, tenint molt present la necessitat de la manipulacio\u0301 i experimentacio\u0301.<\/span><\/p>\n<p><span style=\"font-family: inherit; font-size: 1em;\">\u2705 El treball individual i col\u00b7lectiu, i dins del treball col\u00b7lectiu, el treball cooperatiu.<\/span><\/p>\n<p><span style=\"font-family: inherit; font-size: 1em;\">\u2705 Adaptaci\u00f3 al m\u00f3n actual a trav\u00e9s de la digitalitzaci\u00f3 i l&#8217;\u00fas de diverses eines digitals, sense oblidar la import\u00e0ncia del paper.\u00a0<\/span><\/p>\n<div class=\"page\" title=\"Page 2\">\n<div class=\"layoutArea\">\n<div class=\"column\">\n<div class=\"page\" title=\"Page 6\">\n<div class=\"layoutArea\">\n<div class=\"column\">\n<div class=\"page\" title=\"Page 6\">\n<div class=\"layoutArea\">\n<div class=\"column\">\n<div class=\"page\" title=\"Page 13\">\n<div class=\"layoutArea\">\n<div class=\"column\">\n<div class=\"page\" style=\"text-align: left;\" title=\"Page 16\">\n<div class=\"layoutArea\">\n<div class=\"column\">\n<p>\u2757\u2757\u2757Podeu navegar pel men\u00fa de l&#8217;esquerra (o el principal) per llegir sobre els projectes i activitats que donen forma al nostre dia a dia.<\/p>\n<\/div>\n<\/div>\n<\/div>\n<div class=\"page\" title=\"Page 17\">\n<div class=\"layoutArea\">\n<div class=\"column\">\n<p style=\"text-align: left;\">\n<\/div>\n<\/div>\n<\/div>\n<\/div>\n<\/div>\n<\/div>\n<\/div>\n<\/div>\n<\/div>\n<\/div>\n<\/div>\n<\/div>\n<\/div>\n<\/div>\n<\/div>\n<\/div>\n<\/div>\n<\/div>\n","protected":false},"excerpt":{"rendered":"<p>A la Falguera, organitzem l&#8217;horari escolar en diferents franges, tant a Infantil com a Prim\u00e0ria.<br \/>\nLes franges d&#8217;infantil comprenen els racons (primera part del mat\u00ed), els ambients de lliure circulaci\u00f3 (segona part del mat\u00ed) i els projectes, centres d&#8217;inter\u00e8s i diferents especialitats (tarda).<br \/>\nA Prim\u00e0ria, organitzem les&hellip;  <a href=\"https:\/\/agora.xtec.cat\/ceiplafalguera\/projecte-educatiu\/la-nostra-metodologia-2\/\" title=\"Read Com treballem?\">Llegeix m\u00e9s\u00bb<\/a><\/p>\n","protected":false},"author":1,"featured_media":0,"parent":64,"menu_order":3,"comment_status":"closed","ping_status":"closed","template":"page-templates\/side-menu.php","meta":{"_bbp_topic_count":0,"_bbp_reply_count":0,"_bbp_total_topic_count":0,"_bbp_total_reply_count":0,"_bbp_voice_count":0,"_bbp_anonymous_reply_count":0,"_bbp_topic_count_hidden":0,"_bbp_reply_count_hidden":0,"_bbp_forum_subforum_count":0,"footnotes":""},"class_list":["post-993","page","type-page","status-publish","hentry"],"post_mailing_queue_ids":[],"_links":{"self":[{"href":"https:\/\/agora.xtec.cat\/ceiplafalguera\/wp-json\/wp\/v2\/pages\/993","targetHints":{"allow":["GET"]}}],"collection":[{"href":"https:\/\/agora.xtec.cat\/ceiplafalguera\/wp-json\/wp\/v2\/pages"}],"about":[{"href":"https:\/\/agora.xtec.cat\/ceiplafalguera\/wp-json\/wp\/v2\/types\/page"}],"author":[{"embeddable":true,"href":"https:\/\/agora.xtec.cat\/ceiplafalguera\/wp-json\/wp\/v2\/users\/1"}],"replies":[{"embeddable":true,"href":"https:\/\/agora.xtec.cat\/ceiplafalguera\/wp-json\/wp\/v2\/comments?post=993"}],"version-history":[{"count":3,"href":"https:\/\/agora.xtec.cat\/ceiplafalguera\/wp-json\/wp\/v2\/pages\/993\/revisions"}],"predecessor-version":[{"id":4122,"href":"https:\/\/agora.xtec.cat\/ceiplafalguera\/wp-json\/wp\/v2\/pages\/993\/revisions\/4122"}],"up":[{"embeddable":true,"href":"https:\/\/agora.xtec.cat\/ceiplafalguera\/wp-json\/wp\/v2\/pages\/64"}],"wp:attachment":[{"href":"https:\/\/agora.xtec.cat\/ceiplafalguera\/wp-json\/wp\/v2\/media?parent=993"}],"curies":[{"name":"wp","href":"https:\/\/api.w.org\/{rel}","templated":true}]}}