{"id":3858,"date":"2022-07-21T23:12:14","date_gmt":"2022-07-21T21:12:14","guid":{"rendered":"https:\/\/agora.xtec.cat\/ceiplafalguera\/?page_id=3858"},"modified":"2023-02-23T17:18:55","modified_gmt":"2023-02-23T16:18:55","slug":"escola-inclusiva","status":"publish","type":"page","link":"https:\/\/agora.xtec.cat\/ceiplafalguera\/projecte-educatiu\/com-som\/escola-inclusiva\/","title":{"rendered":"Escola Inclusiva i Coeducadora"},"content":{"rendered":"<p><a style=\"color: #2795b6;\" href=\"https:\/\/agora.xtec.cat\/ceiplafalguera\/projecte-educatiu\/com-som\/escola-inclusiva\/attachment\/teamwork\/\" rel=\"attachment wp-att-3977\"><img loading=\"lazy\" decoding=\"async\" class=\"alignleft size-thumbnail wp-image-3977\" src=\"https:\/\/agora.xtec.cat\/ceiplafalguera\/wp-content\/uploads\/usu1049\/2022\/09\/teamwork-150x150.png\" alt=\"\" width=\"150\" height=\"150\" srcset=\"https:\/\/agora.xtec.cat\/ceiplafalguera\/wp-content\/uploads\/usu1049\/2022\/09\/teamwork-150x150.png 150w, https:\/\/agora.xtec.cat\/ceiplafalguera\/wp-content\/uploads\/usu1049\/2022\/09\/teamwork-300x300.png 300w, https:\/\/agora.xtec.cat\/ceiplafalguera\/wp-content\/uploads\/usu1049\/2022\/09\/teamwork.png 512w\" sizes=\"auto, (max-width: 150px) 100vw, 150px\" \/><\/a>El centre \u00e9s una instituci\u00f3 oberta al m\u00f3n i la seva diversitat. En aquesta diversitat acull i pot\u00e8ncia les capacitats individuals, sense comparacions, amb el reconeixement d\u2019aquestes. Sense segregacions, amb addici\u00f3 de valors, pensament i cultures. L\u2019escola no compta amb aula d\u2019educaci\u00f3 especial, ni<br \/>\nacollida. L\u2019atenci\u00f3 a l\u2019alumnat amb NESE, sempre que sigui possible, es fa dins del grup de refer\u00e8ncia, en el mateix instant que la resta de grup, amb el suport del mestre d\u2019educaci\u00f3 especial, vetlladora i\/o mestres de suport, amb la finalitat de tenir una atenci\u00f3 el m\u00e9s individualitzada possible amb cada infant i poder aix\u00ed donar resposta acurada i personalitzada.<\/p>\n<p>Tenint en compte el Decret 150\/2017, de 17 d&#8217;octubre, de l\u2019atenci\u00f3\u0301 educativa a l&#8217;alumnat en el marc d&#8217;un sistema educatiu inclusiu, organitzem els diferents recursos per tal d\u2019assolir l\u2019objectiu de vetllar per a que tot l\u2019alumnat de l\u2019escola assoleixi les capacitats i les compet\u00e8ncies b\u00e0siques en el seu proc\u00e9s d\u2019aprenentatge. Per aquest motiu estem treballant, a partir del Disseny Universal per a l\u2019Aprenentatge (DUA), en el disseny d\u2019actuacions per implementar mesures i suports universals en el centre, aix\u00ed com impulsar pr\u00e0ctiques inclusives: treball cooperatiu, racons de treball, doc\u00e8ncia compartida, etc.<\/p>\n<p><span style=\"font-weight: 400;\">D\u2019altra banda, formant part del treball inclusi\u00f3 de centre i com a vector del nou curr\u00edculum, la coeducaci\u00f3 i la perspectiva de g\u00e8nere <\/span><span style=\"font-weight: 400;\">\u00e9s l\u2019acci\u00f3 educadora que potencia la igualtat real d\u2019oportunitats i valora indistintament l\u2019experi\u00e8ncia, les aptituds i l\u2019aportaci\u00f3 social i cultural de dones i homes, en igualtat de drets, sense estereotips sexistes, homof\u00f2bics, bif\u00f2bics, transf\u00f2bics o androc\u00e8ntrics ni actituds discriminat\u00f2ries per ra\u00f3 de sexe, orientaci\u00f3 sexual, identitat o expressi\u00f3 de g\u00e8nere. Des de l\u2019escola hem de treballar amb perspectiva de g\u00e8nere, considerant les difer\u00e8ncies per sexe i g\u00e8nere en tota activitat, amb l\u2019objectiu de reflexionar-hi per trobar l\u00ednies d\u2019acci\u00f3 que permetin prevenir i resoldre desigualtats. Per aquest motiu \u00e9s important que l\u2019escola actu\u00ef en un marc d\u2019igualtat i equitat, promovent i fomentant un llenguatge inclusiu i coeducatiu, on tamb\u00e9 es presenten propostes liter\u00e0ries, pedag\u00f2giques i art\u00edstiques que incloguin la diversitat de g\u00e8nere, actuant en la quotidianitat des de naturalitat, treballant valors com el respecte, l\u2019empatia i la toler\u00e0ncia.\u00a0<\/span><\/p>\n<p><span style=\"font-weight: 400;\">Algunes de les activitats que exemplifiquen aquesta visi\u00f3 i que portem a terme al llarg del curs s\u00f3n:<\/span><\/p>\n<p><span style=\"font-weight: 400;\">\ud83d\udfe3 Paritat en la formaci\u00f3 d\u2019equips de govern i formacions escolars, aix\u00ed com tamb\u00e9 en les propostes de treball cooperatiu a l\u2019aula.\u00a0<\/span><\/p>\n<p><span style=\"font-weight: 400;\">\ud83d\udfe3 El Pla lector de centre t\u00e9 en compte la diversitat de g\u00e8nere i aposta per fer-la visible des de tots els \u00e0mbits, inclosa l\u2019autoria d\u2019obres liter\u00e0ries, per mostrar referents positius.\u00a0\u00a0<\/span><\/p>\n<p><span style=\"font-weight: 400;\">\ud83d\udfe3 Activitats transversals on l\u2019objectiu \u00e9s treballar la gran diversitat de g\u00e8nere, entendre-la com quelcom natural, generant esper\u00edt cr\u00edtic: revisi\u00f3 i an\u00e0lisi de literatura cl\u00e0ssica, debats de not\u00edcies relacionades, educaci\u00f3 sexoafectiva des d\u2019 I3, propostes pedag\u00f2giques en els ambients d\u2019aprenentatge on el g\u00e8nere no \u00e9s determinant i que potencien que cada infant pugui desenvolupar el m\u00e0xim les seves capacitats.\u00a0<\/span><\/p>\n<p><span style=\"font-weight: 400;\">\ud83d\udfe3 Inclusi\u00f3 de referents art\u00edstics que donin resposta a la diversitat de g\u00e8nere, a tots els cursos des d\u2019 I3.\u00a0<\/span><\/p>\n","protected":false},"excerpt":{"rendered":"<p><a style=\"color: #2795b6;\" href=\"https:\/\/agora.xtec.cat\/ceiplafalguera\/projecte-educatiu\/com-som\/escola-inclusiva\/attachment\/teamwork\/\" rel=\"attachment wp-att-3977\"><\/a>El centre \u00e9s una instituci\u00f3 oberta al m\u00f3n i la seva diversitat. En aquesta diversitat acull i pot\u00e8ncia les capacitats individuals, sense comparacions, amb el reconeixement d\u2019aquestes. Sense segregacions, amb addici\u00f3 de valors, pensament i cultures. L\u2019escola no compta amb&hellip;  <a href=\"https:\/\/agora.xtec.cat\/ceiplafalguera\/projecte-educatiu\/com-som\/escola-inclusiva\/\" title=\"Read Escola Inclusiva i Coeducadora\">Llegeix m\u00e9s\u00bb<\/a><\/p>\n","protected":false},"author":1,"featured_media":0,"parent":3848,"menu_order":5,"comment_status":"closed","ping_status":"closed","template":"","meta":{"_bbp_topic_count":0,"_bbp_reply_count":0,"_bbp_total_topic_count":0,"_bbp_total_reply_count":0,"_bbp_voice_count":0,"_bbp_anonymous_reply_count":0,"_bbp_topic_count_hidden":0,"_bbp_reply_count_hidden":0,"_bbp_forum_subforum_count":0,"footnotes":""},"class_list":["post-3858","page","type-page","status-publish","hentry"],"post_mailing_queue_ids":[],"_links":{"self":[{"href":"https:\/\/agora.xtec.cat\/ceiplafalguera\/wp-json\/wp\/v2\/pages\/3858","targetHints":{"allow":["GET"]}}],"collection":[{"href":"https:\/\/agora.xtec.cat\/ceiplafalguera\/wp-json\/wp\/v2\/pages"}],"about":[{"href":"https:\/\/agora.xtec.cat\/ceiplafalguera\/wp-json\/wp\/v2\/types\/page"}],"author":[{"embeddable":true,"href":"https:\/\/agora.xtec.cat\/ceiplafalguera\/wp-json\/wp\/v2\/users\/1"}],"replies":[{"embeddable":true,"href":"https:\/\/agora.xtec.cat\/ceiplafalguera\/wp-json\/wp\/v2\/comments?post=3858"}],"version-history":[{"count":3,"href":"https:\/\/agora.xtec.cat\/ceiplafalguera\/wp-json\/wp\/v2\/pages\/3858\/revisions"}],"predecessor-version":[{"id":4261,"href":"https:\/\/agora.xtec.cat\/ceiplafalguera\/wp-json\/wp\/v2\/pages\/3858\/revisions\/4261"}],"up":[{"embeddable":true,"href":"https:\/\/agora.xtec.cat\/ceiplafalguera\/wp-json\/wp\/v2\/pages\/3848"}],"wp:attachment":[{"href":"https:\/\/agora.xtec.cat\/ceiplafalguera\/wp-json\/wp\/v2\/media?parent=3858"}],"curies":[{"name":"wp","href":"https:\/\/api.w.org\/{rel}","templated":true}]}}