{"id":3063,"date":"2020-03-24T14:53:02","date_gmt":"2020-03-24T13:53:02","guid":{"rendered":"http:\/\/agora.xtec.cat\/ceiplafalguera\/?page_id=3063"},"modified":"2025-08-28T13:31:25","modified_gmt":"2025-08-28T11:31:25","slug":"projectes-2","status":"publish","type":"page","link":"https:\/\/agora.xtec.cat\/ceiplafalguera\/projecte-educatiu\/la-nostra-metodologia-2\/projectes-2\/","title":{"rendered":"Situcions d&#8217;aprenentatge"},"content":{"rendered":"<p>A la franja de Projectes, l&#8217;alumnat posa en pr\u00e0ctica i integra de forma interdisciplin\u00e0ria, coneixements de diferents \u00e0rees adquirits durant la franja de Teixit d&#8217;aula, per tal de desenvolupar habilitats competencials sobre situacions d&#8217;aprenentatge reals, significatives i funcionals i que neixin de la seva curiositat i interessos. \u00c9s la franja on la globalitzaci\u00f3 del coneixement es fa present d&#8217;una forma m\u00e9s evident.<\/p>\n<p>L&#8217;infant es fa preguntes per naturalesa, i \u00e9s en aquest espai on l&#8217;adult acompanya aquesta curiositat per formular hip\u00f2tesis, investigar i buscar respostes, sempre respectant el nivell cognitiu de cada etapa: guiant, induint a fer noves preguntes, generant debat a partir del m\u00e8tode dial\u00f2gic.<\/p>\n<p>Aquest tipus de projectes busquen un objectiu finalista, amb un resultat que repercuteixi socialment.<\/p>\n<p><span style=\"font-weight: 400;\">A la vegada, a l\u2019escola es desenvolupen i implementen d&#8217;altres projectes transversals al llarg dels tots els cursos:<\/span><\/p>\n<p>\ud83c\udf3f Projecte Involucra&#8217;t<\/p>\n<p>\ud83c\udf3f Projecte TEI<\/p>\n<p>\ud83c\udf3f Pla de dinamitzaci\u00f3 lectora<\/p>\n<p>\ud83c\udf3f Educaci\u00f3 Vi\u00e0ria<\/p>\n<p>\ud83c\udf3f Situacions d&#8217;aprenentatge diverses (<span style=\"font-weight: 400;\">English Day, el projecte Sabata, la Fam\u00edlia, l\u2019hort i altres contextos d\u2019aprenentatge interdisciplinars que es treballen de manera competencial).<\/span><\/p>\n<p>\ud83c\udf3f Projecte de la Felicitat (<span style=\"font-weight: 400;\">programa que consta<\/span><span style=\"font-weight: 400;\"> de 6 sessions de 60 minuts cadascuna que permeten desenvolupar i aplicar tem\u00e0tiques com la intel\u00b7lig\u00e8ncia emocional, el treball en equip, les fortaleses personals, el mindfulness, entre d&#8217;altres).<\/span><\/p>\n<p>\ud83c\udf3f Tallers del Servei Cr\u00edtic i d&#8217;Educaci\u00f3 sexo-afectiva<\/p>\n","protected":false},"excerpt":{"rendered":"<p>A la franja de Projectes, l&#8217;alumnat posa en pr\u00e0ctica i integra de forma interdisciplin\u00e0ria, coneixements de diferents \u00e0rees adquirits durant la franja de Teixit d&#8217;aula, per tal de desenvolupar habilitats competencials sobre situacions d&#8217;aprenentatge reals, significatives i funcionals i que neixin de la seva curiositat&hellip;  <a href=\"https:\/\/agora.xtec.cat\/ceiplafalguera\/projecte-educatiu\/la-nostra-metodologia-2\/projectes-2\/\" title=\"Read Situcions d&#8217;aprenentatge\">Llegeix m\u00e9s\u00bb<\/a><\/p>\n","protected":false},"author":1,"featured_media":0,"parent":993,"menu_order":3,"comment_status":"closed","ping_status":"closed","template":"","meta":{"_bbp_topic_count":0,"_bbp_reply_count":0,"_bbp_total_topic_count":0,"_bbp_total_reply_count":0,"_bbp_voice_count":0,"_bbp_anonymous_reply_count":0,"_bbp_topic_count_hidden":0,"_bbp_reply_count_hidden":0,"_bbp_forum_subforum_count":0,"footnotes":""},"class_list":["post-3063","page","type-page","status-publish","hentry"],"post_mailing_queue_ids":[],"_links":{"self":[{"href":"https:\/\/agora.xtec.cat\/ceiplafalguera\/wp-json\/wp\/v2\/pages\/3063","targetHints":{"allow":["GET"]}}],"collection":[{"href":"https:\/\/agora.xtec.cat\/ceiplafalguera\/wp-json\/wp\/v2\/pages"}],"about":[{"href":"https:\/\/agora.xtec.cat\/ceiplafalguera\/wp-json\/wp\/v2\/types\/page"}],"author":[{"embeddable":true,"href":"https:\/\/agora.xtec.cat\/ceiplafalguera\/wp-json\/wp\/v2\/users\/1"}],"replies":[{"embeddable":true,"href":"https:\/\/agora.xtec.cat\/ceiplafalguera\/wp-json\/wp\/v2\/comments?post=3063"}],"version-history":[{"count":4,"href":"https:\/\/agora.xtec.cat\/ceiplafalguera\/wp-json\/wp\/v2\/pages\/3063\/revisions"}],"predecessor-version":[{"id":4959,"href":"https:\/\/agora.xtec.cat\/ceiplafalguera\/wp-json\/wp\/v2\/pages\/3063\/revisions\/4959"}],"up":[{"embeddable":true,"href":"https:\/\/agora.xtec.cat\/ceiplafalguera\/wp-json\/wp\/v2\/pages\/993"}],"wp:attachment":[{"href":"https:\/\/agora.xtec.cat\/ceiplafalguera\/wp-json\/wp\/v2\/media?parent=3063"}],"curies":[{"name":"wp","href":"https:\/\/api.w.org\/{rel}","templated":true}]}}