{"id":2843,"date":"2017-03-09T09:23:49","date_gmt":"2017-03-09T08:23:49","guid":{"rendered":"http:\/\/agora.xtec.cat\/ceipladraga\/?page_id=2843"},"modified":"2018-09-26T21:37:03","modified_gmt":"2018-09-26T19:37:03","slug":"enllacos","status":"publish","type":"page","link":"https:\/\/agora.xtec.cat\/ceipladraga\/afa\/enllacos\/","title":{"rendered":"Enlla\u00e7os"},"content":{"rendered":"<p>Aqu\u00ed podreu trobar enlla\u00e7os que creiem que poden ser del vostre inter\u00e8s (menjador de l&#8217;escola, extraescolars&#8230;)<\/p>\n<p><a href=\"http:\/\/educacio.banyoles.cat\/eduquem-en-familia\">Eduquem en fam\u00edlia<\/a>,\u00a0consisteix en un seguit de xerrades o activitats formatives per a fam\u00edlies o persones interessades en l&#8217;educaci\u00f3.<\/p>\n<p><a href=\"https:\/\/www.peretarres.org\/\">Fundaci\u00f3 Pere Tarr\u00e9s<\/a>, l&#8217;empresa que gestiona el menjador de l&#8217;escola.<\/p>\n<p><a href=\"http:\/\/www.sotrac.cat\/\">Sotrac<\/a>, l&#8217;empresa que gestiona els extraescolars.<\/p>\n<p><a href=\"http:\/\/www.ceplaestany.cat\/\">Consell Esportiu del Pla de l&#8217;Estany<\/a>, gestiona alguns extraescolars i el VEC (Viatge Esportiu Comarcal).<\/p>\n<p><a href=\"http:\/\/www.xarxabanyoles.com\/\">La Xarxa<\/a>, l\u2019organitzaci\u00f3 que programa el teatre familiar a la nostra ciutat.<\/p>\n<p><a href=\"http:\/\/www.bibgirona.cat\/biblioteca\/bibliotecadebanyoles\">Biblioteca de Banyoles<\/a><\/p>\n<p><a href=\"http:\/\/www.radiobanyoles.cat\/programes.php?id=72\">La vaca flaca<\/a>, la Vaca Flaca \u00e9s un programa de r\u00e0dio que neix de la iniciativa d&#8217;un grup de nens i nenes d&#8217;entre 4 i 13 anys. El programa est\u00e0 fet i creat per ells i el teatre i les arts esc\u00e8niques en s\u00f3n el fil conductor.<\/p>\n<p>&nbsp;<\/p>\n<p>&nbsp;<\/p>\n<p>&nbsp;<\/p>\n<p>&nbsp;<\/p>\n<p>&nbsp;<\/p>\n","protected":false},"excerpt":{"rendered":"<p>Aqu\u00ed podreu trobar enlla\u00e7os que creiem que poden ser del vostre inter\u00e8s (menjador de l&#8217;escola, extraescolars&#8230;) Eduquem en fam\u00edlia,\u00a0consisteix en [&hellip;]<\/p>\n","protected":false},"author":20,"featured_media":0,"parent":66,"menu_order":6,"comment_status":"closed","ping_status":"closed","template":"page-templates\/side-menu.php","meta":{"_bbp_topic_count":0,"_bbp_reply_count":0,"_bbp_total_topic_count":0,"_bbp_total_reply_count":0,"_bbp_voice_count":0,"_bbp_anonymous_reply_count":0,"_bbp_topic_count_hidden":0,"_bbp_reply_count_hidden":0,"_bbp_forum_subforum_count":0,"site-sidebar-layout":"default","site-content-layout":"","ast-site-content-layout":"","site-content-style":"default","site-sidebar-style":"default","ast-global-header-display":"","ast-banner-title-visibility":"","ast-main-header-display":"","ast-hfb-above-header-display":"","ast-hfb-below-header-display":"","ast-hfb-mobile-header-display":"","site-post-title":"","ast-breadcrumbs-content":"","ast-featured-img":"","footer-sml-layout":"","theme-transparent-header-meta":"","adv-header-id-meta":"","stick-header-meta":"","header-above-stick-meta":"","header-main-stick-meta":"","header-below-stick-meta":"","astra-migrate-meta-layouts":"default","ast-page-background-enabled":"default","ast-page-background-meta":{"desktop":{"background-color":"var(--ast-global-color-4)","background-image":"","background-repeat":"repeat","background-position":"center center","background-size":"auto","background-attachment":"scroll","background-type":"","background-media":"","overlay-type":"","overlay-color":"","overlay-opacity":"","overlay-gradient":""},"tablet":{"background-color":"","background-image":"","background-repeat":"repeat","background-position":"center center","background-size":"auto","background-attachment":"scroll","background-type":"","background-media":"","overlay-type":"","overlay-color":"","overlay-opacity":"","overlay-gradient":""},"mobile":{"background-color":"","background-image":"","background-repeat":"repeat","background-position":"center center","background-size":"auto","background-attachment":"scroll","background-type":"","background-media":"","overlay-type":"","overlay-color":"","overlay-opacity":"","overlay-gradient":""}},"ast-content-background-meta":{"desktop":{"background-color":"var(--ast-global-color-5)","background-image":"","background-repeat":"repeat","background-position":"center center","background-size":"auto","background-attachment":"scroll","background-type":"","background-media":"","overlay-type":"","overlay-color":"","overlay-opacity":"","overlay-gradient":""},"tablet":{"background-color":"var(--ast-global-color-5)","background-image":"","background-repeat":"repeat","background-position":"center center","background-size":"auto","background-attachment":"scroll","background-type":"","background-media":"","overlay-type":"","overlay-color":"","overlay-opacity":"","overlay-gradient":""},"mobile":{"background-color":"var(--ast-global-color-5)","background-image":"","background-repeat":"repeat","background-position":"center center","background-size":"auto","background-attachment":"scroll","background-type":"","background-media":"","overlay-type":"","overlay-color":"","overlay-opacity":"","overlay-gradient":""}},"footnotes":""},"class_list":["post-2843","page","type-page","status-publish","hentry"],"post_mailing_queue_ids":[],"_links":{"self":[{"href":"https:\/\/agora.xtec.cat\/ceipladraga\/wp-json\/wp\/v2\/pages\/2843","targetHints":{"allow":["GET"]}}],"collection":[{"href":"https:\/\/agora.xtec.cat\/ceipladraga\/wp-json\/wp\/v2\/pages"}],"about":[{"href":"https:\/\/agora.xtec.cat\/ceipladraga\/wp-json\/wp\/v2\/types\/page"}],"author":[{"embeddable":true,"href":"https:\/\/agora.xtec.cat\/ceipladraga\/wp-json\/wp\/v2\/users\/20"}],"replies":[{"embeddable":true,"href":"https:\/\/agora.xtec.cat\/ceipladraga\/wp-json\/wp\/v2\/comments?post=2843"}],"version-history":[{"count":4,"href":"https:\/\/agora.xtec.cat\/ceipladraga\/wp-json\/wp\/v2\/pages\/2843\/revisions"}],"predecessor-version":[{"id":5554,"href":"https:\/\/agora.xtec.cat\/ceipladraga\/wp-json\/wp\/v2\/pages\/2843\/revisions\/5554"}],"up":[{"embeddable":true,"href":"https:\/\/agora.xtec.cat\/ceipladraga\/wp-json\/wp\/v2\/pages\/66"}],"wp:attachment":[{"href":"https:\/\/agora.xtec.cat\/ceipladraga\/wp-json\/wp\/v2\/media?parent=2843"}],"curies":[{"name":"wp","href":"https:\/\/api.w.org\/{rel}","templated":true}]}}