{"id":24,"date":"2014-09-18T12:23:15","date_gmt":"2014-09-18T11:23:15","guid":{"rendered":"http:\/\/agora.xtec.cat\/ceiplacreutorrefarrera\/?page_id=24"},"modified":"2021-09-12T08:06:55","modified_gmt":"2021-09-12T06:06:55","slug":"on-som","status":"publish","type":"page","link":"https:\/\/agora.xtec.cat\/ceiplacreutorrefarrera\/lescola\/on-som\/","title":{"rendered":"On som"},"content":{"rendered":"<p class=\"western\"><span style=\"font-family: Arial, serif;\"><span style=\"font-size: small;\">L\u2019Escola La Creu \u00e9s un centre p\u00fablic de doble l\u00ednia que imparteix els ensenyaments d\u2019Educaci\u00f3 Infantil i Prim\u00e0ria ubicat al municipi de Torrefarrera, a la comarca del Segri\u00e0 i a 5 km de la ciutat de Lleida, segons s\u2019observa a la figura 1.<\/span><\/span><\/p>\n<p class=\"western\"><span style=\"color: #202124;\"><span style=\"font-family: Arial, serif;\"><span style=\"font-size: small;\">La proximitat amb la ciutat de Lleida, 4 km i la privilegiada situaci\u00f3 entre les vies de comunicaci\u00f3 (la connexi\u00f3 amb l\u2019A-2 i l\u2019A-22 Lleida-Osca s\u00f3n a 2 km) fan de Torrefarrera un lloc triat per moltes empreses i fam\u00edlies per a establir-s\u2019hi.<\/span><\/span><\/span><\/p>\n<p class=\"western\"><span style=\"font-family: Arial, serif;\"><span style=\"font-size: xx-small;\"><b>Figura 1. Localitzaci\u00f3 de la localitat de Torrefarrera i l\u2019escola La Creu.<\/b><\/span><\/span><\/p>\n<p class=\"western\">\n<p align=\"left\"><span style=\"color: #000000;\"><span style=\"font-family: Arial, serif;\"><span style=\"font-size: small;\"><u><b>DADES DEL CENTRE:<\/b><\/u><\/span><\/span><\/span><\/p>\n<p align=\"left\"><span style=\"color: #000000;\"><span style=\"font-family: Arial, serif;\"><span style=\"font-size: small;\"><b>Escola La Creu<\/b><\/span><\/span><\/span><\/p>\n<p align=\"left\"><span style=\"color: #000000;\"><span style=\"font-family: Arial, serif;\"><span style=\"font-size: small;\">CIF: Q7555143B<\/span><\/span><\/span><\/p>\n<p align=\"left\"><span style=\"color: #000000;\"><span style=\"font-family: Arial, serif;\"><span style=\"font-size: small;\">Avinguda Europa, 92<\/span><\/span><\/span><\/p>\n<p align=\"left\"><span style=\"color: #000000;\"><span style=\"font-family: Arial, serif;\"><span style=\"font-size: small;\">25123 Torrefarrera (Lleida)<\/span><\/span><\/span><\/p>\n<p align=\"left\"><span style=\"color: #000000;\"><span style=\"font-family: Arial, serif;\"><span style=\"font-size: small;\"><u><b>Correu:<\/b><\/u><\/span><\/span><\/span> <span style=\"color: #0000ff;\"><u><a href=\"mailto:c5004711@xtec.cat\"><span style=\"color: #000000;\"><span style=\"font-family: Arial, serif;\"><span style=\"font-size: small;\">c5004711@xtec.cat<\/span><\/span><\/span><\/a><\/u><\/span><\/p>\n<p align=\"left\"><span style=\"color: #000000;\"><span style=\"font-family: Arial, serif;\"><span style=\"font-size: small;\"><u><b>Tel\u00e8fon:<\/b><\/u><\/span><\/span><\/span><span style=\"color: #000000;\"><span style=\"font-family: Arial, serif;\"><span style=\"font-size: small;\"> 973 750 250<\/span><\/span><\/span><\/p>\n<p align=\"left\"><span style=\"color: #000000;\"><span style=\"font-family: Arial, serif;\"><span style=\"font-size: small;\"><u><b>URL<\/b><\/u><\/span><\/span><\/span><span style=\"color: #000000;\"><span style=\"font-family: Arial, serif;\"><span style=\"font-size: small;\">:<\/span><\/span><\/span><span style=\"color: #0000ff;\"><u><a href=\"https:\/\/agora.xtec.cat\/ceiplacreutorrefarrera\/\"><span style=\"color: #000000;\"><span style=\"font-family: Arial, serif;\"><span style=\"font-size: small;\">https:\/\/agora.xtec.cat\/ceiplacreutorrefarrera\/<\/span><\/span><\/span><\/a><\/u><\/span><\/p>\n<p align=\"left\"><span style=\"color: #000000;\"><span style=\"font-family: Arial, serif;\"><span style=\"font-size: small;\"><u><b>DADES DEL MUNICIPI:<\/b><\/u><\/span><\/span><\/span><\/p>\n<p align=\"left\"><span style=\"color: #000000;\"><span style=\"font-family: Arial, serif;\"><span style=\"font-size: small;\"><u><b>Extensi\u00f3:<\/b><\/u><\/span><\/span><\/span><span style=\"color: #000000;\"><span style=\"font-family: Arial, serif;\"><span style=\"font-size: small;\"> 23,48 km2<\/span><\/span><\/span><\/p>\n<p align=\"left\"><span style=\"color: #000000;\"><span style=\"font-family: Arial, serif;\"><span style=\"font-size: small;\"><u><b>Habitants:<\/b><\/u><\/span><\/span><\/span><span style=\"color: #000000;\"><span style=\"font-family: Arial, serif;\"><span style=\"font-size: small;\"> 4.694<\/span><\/span><\/span><\/p>\n<p align=\"left\"><span style=\"color: #000000;\"><span style=\"font-family: Arial, serif;\"><span style=\"font-size: small;\"><u><b>Altitud:<\/b><\/u><\/span><\/span><\/span><span style=\"color: #000000;\"><span style=\"font-family: Arial, serif;\"><span style=\"font-size: small;\"> 214 m<\/span><\/span><\/span><\/p>\n<p align=\"left\"><span style=\"color: #000000;\"><span style=\"font-family: Arial, serif;\"><span style=\"font-size: small;\"><u><b>Limita:<\/b><\/u><\/span><\/span><\/span><span style=\"color: #000000;\"><span style=\"font-family: Arial, serif;\"><span style=\"font-size: small;\"> Lleida, Torre-Serona, Benavent de Segri\u00e0 i Alpicat.<\/span><\/span><\/span><\/p>\n<p align=\"left\"><span style=\"color: #000000;\"><span style=\"font-family: Arial, serif;\"><span style=\"font-size: small;\"><u><b>Centres educatius:<\/b><\/u><\/span><\/span><\/span><span style=\"color: #000000;\"><span style=\"font-family: Arial, serif;\"><span style=\"font-size: small;\"> Llar d\u2019Infants, Escola i Institut.<\/span><\/span><\/span><\/p>\n<p class=\"western\">\n<p><iframe loading=\"lazy\" src=\"https:\/\/www.google.com\/maps\/d\/embed?mid=1nFNlOoH9wLqRJ3sx4BtaL_l1ess\" width=\"640\" height=\"480\"><\/iframe><\/p>\n","protected":false},"excerpt":{"rendered":"<p>L\u2019Escola La Creu \u00e9s un centre p\u00fablic de doble l\u00ednia que imparteix els ensenyaments d\u2019Educaci\u00f3 Infantil i Prim\u00e0ria ubicat al municipi de Torrefarrera, a la comarca del Segri\u00e0 i a 5 km de la ciutat de Lleida, segons s\u2019observa a la figura 1. La proximitat amb la ciutat de Lleida, 4 km i la privilegiada [&hellip;]<\/p>\n","protected":false},"author":1,"featured_media":0,"parent":22,"menu_order":10,"comment_status":"closed","ping_status":"closed","template":"page-templates\/side-menu.php","meta":{"_bbp_topic_count":0,"_bbp_reply_count":0,"_bbp_total_topic_count":0,"_bbp_total_reply_count":0,"_bbp_voice_count":0,"_bbp_anonymous_reply_count":0,"_bbp_topic_count_hidden":0,"_bbp_reply_count_hidden":0,"_bbp_forum_subforum_count":0,"site-sidebar-layout":"default","site-content-layout":"","ast-site-content-layout":"","site-content-style":"default","site-sidebar-style":"default","ast-global-header-display":"","ast-banner-title-visibility":"","ast-main-header-display":"","ast-hfb-above-header-display":"","ast-hfb-below-header-display":"","ast-hfb-mobile-header-display":"","site-post-title":"","ast-breadcrumbs-content":"","ast-featured-img":"","footer-sml-layout":"","theme-transparent-header-meta":"","adv-header-id-meta":"","stick-header-meta":"","header-above-stick-meta":"","header-main-stick-meta":"","header-below-stick-meta":"","astra-migrate-meta-layouts":"default","ast-page-background-enabled":"default","ast-page-background-meta":{"desktop":{"background-color":"var(--ast-global-color-4)","background-image":"","background-repeat":"repeat","background-position":"center center","background-size":"auto","background-attachment":"scroll","background-type":"","background-media":"","overlay-type":"","overlay-color":"","overlay-opacity":"","overlay-gradient":""},"tablet":{"background-color":"","background-image":"","background-repeat":"repeat","background-position":"center center","background-size":"auto","background-attachment":"scroll","background-type":"","background-media":"","overlay-type":"","overlay-color":"","overlay-opacity":"","overlay-gradient":""},"mobile":{"background-color":"","background-image":"","background-repeat":"repeat","background-position":"center center","background-size":"auto","background-attachment":"scroll","background-type":"","background-media":"","overlay-type":"","overlay-color":"","overlay-opacity":"","overlay-gradient":""}},"ast-content-background-meta":{"desktop":{"background-color":"var(--ast-global-color-5)","background-image":"","background-repeat":"repeat","background-position":"center center","background-size":"auto","background-attachment":"scroll","background-type":"","background-media":"","overlay-type":"","overlay-color":"","overlay-opacity":"","overlay-gradient":""},"tablet":{"background-color":"var(--ast-global-color-5)","background-image":"","background-repeat":"repeat","background-position":"center center","background-size":"auto","background-attachment":"scroll","background-type":"","background-media":"","overlay-type":"","overlay-color":"","overlay-opacity":"","overlay-gradient":""},"mobile":{"background-color":"var(--ast-global-color-5)","background-image":"","background-repeat":"repeat","background-position":"center center","background-size":"auto","background-attachment":"scroll","background-type":"","background-media":"","overlay-type":"","overlay-color":"","overlay-opacity":"","overlay-gradient":""}},"footnotes":""},"class_list":["post-24","page","type-page","status-publish","hentry"],"post_mailing_queue_ids":[],"_links":{"self":[{"href":"https:\/\/agora.xtec.cat\/ceiplacreutorrefarrera\/wp-json\/wp\/v2\/pages\/24","targetHints":{"allow":["GET"]}}],"collection":[{"href":"https:\/\/agora.xtec.cat\/ceiplacreutorrefarrera\/wp-json\/wp\/v2\/pages"}],"about":[{"href":"https:\/\/agora.xtec.cat\/ceiplacreutorrefarrera\/wp-json\/wp\/v2\/types\/page"}],"author":[{"embeddable":true,"href":"https:\/\/agora.xtec.cat\/ceiplacreutorrefarrera\/wp-json\/wp\/v2\/users\/1"}],"replies":[{"embeddable":true,"href":"https:\/\/agora.xtec.cat\/ceiplacreutorrefarrera\/wp-json\/wp\/v2\/comments?post=24"}],"version-history":[{"count":4,"href":"https:\/\/agora.xtec.cat\/ceiplacreutorrefarrera\/wp-json\/wp\/v2\/pages\/24\/revisions"}],"predecessor-version":[{"id":3701,"href":"https:\/\/agora.xtec.cat\/ceiplacreutorrefarrera\/wp-json\/wp\/v2\/pages\/24\/revisions\/3701"}],"up":[{"embeddable":true,"href":"https:\/\/agora.xtec.cat\/ceiplacreutorrefarrera\/wp-json\/wp\/v2\/pages\/22"}],"wp:attachment":[{"href":"https:\/\/agora.xtec.cat\/ceiplacreutorrefarrera\/wp-json\/wp\/v2\/media?parent=24"}],"curies":[{"name":"wp","href":"https:\/\/api.w.org\/{rel}","templated":true}]}}

<p class="western"><span style="font-family: Arial, serif;"><span style="font-size: small;">L’Escola La Creu és un centre públic de doble línia que imparteix els ensenyaments d’Educació Infantil i Primària ubicat al municipi de Torrefarrera, a la comarca del Segrià i a 5 km de la ciutat de Lleida, segons s’observa a la figura 1.</span></span></p>
<p class="western"><span style="color: #202124;"><span style="font-family: Arial, serif;"><span style="font-size: small;">La proximitat amb la ciutat de Lleida, 4 km i la privilegiada situació entre les vies de comunicació (la connexió amb l’A-2 i l’A-22 Lleida-Osca són a 2 km) fan de Torrefarrera un lloc triat per moltes empreses i famílies per a establir-s’hi.</span></span></span></p>
<p class="western"><span style="font-family: Arial, serif;"><span style="font-size: xx-small;"><b>Figura 1. Localització de la localitat de Torrefarrera i l’escola La Creu.</b></span></span></p>
<p class="western">
<p align="left"><span style="color: #000000;"><span style="font-family: Arial, serif;"><span style="font-size: small;"><u><b>DADES DEL CENTRE:</b></u></span></span></span></p>
<p align="left"><span style="color: #000000;"><span style="font-family: Arial, serif;"><span style="font-size: small;"><b>Escola La Creu</b></span></span></span></p>
<p align="left"><span style="color: #000000;"><span style="font-family: Arial, serif;"><span style="font-size: small;">CIF: Q7555143B</span></span></span></p>
<p align="left"><span style="color: #000000;"><span style="font-family: Arial, serif;"><span style="font-size: small;">Avinguda Europa, 92</span></span></span></p>
<p align="left"><span style="color: #000000;"><span style="font-family: Arial, serif;"><span style="font-size: small;">25123 Torrefarrera (Lleida)</span></span></span></p>
<p align="left"><span style="color: #000000;"><span style="font-family: Arial, serif;"><span style="font-size: small;"><u><b>Correu:</b></u></span></span></span> <span style="color: #0000ff;"><u><a href="mailto:c5004711@xtec.cat"><span style="color: #000000;"><span style="font-family: Arial, serif;"><span style="font-size: small;">c5004711@xtec.cat</span></span></span></a></u></span></p>
<p align="left"><span style="color: #000000;"><span style="font-family: Arial, serif;"><span style="font-size: small;"><u><b>Telèfon:</b></u></span></span></span><span style="color: #000000;"><span style="font-family: Arial, serif;"><span style="font-size: small;"> 973 750 250</span></span></span></p>
<p align="left"><span style="color: #000000;"><span style="font-family: Arial, serif;"><span style="font-size: small;"><u><b>URL</b></u></span></span></span><span style="color: #000000;"><span style="font-family: Arial, serif;"><span style="font-size: small;">:</span></span></span><span style="color: #0000ff;"><u><a href="https://agora.xtec.cat/ceiplacreutorrefarrera/"><span style="color: #000000;"><span style="font-family: Arial, serif;"><span style="font-size: small;">https://agora.xtec.cat/ceiplacreutorrefarrera/</span></span></span></a></u></span></p>
<p align="left"><span style="color: #000000;"><span style="font-family: Arial, serif;"><span style="font-size: small;"><u><b>DADES DEL MUNICIPI:</b></u></span></span></span></p>
<p align="left"><span style="color: #000000;"><span style="font-family: Arial, serif;"><span style="font-size: small;"><u><b>Extensió:</b></u></span></span></span><span style="color: #000000;"><span style="font-family: Arial, serif;"><span style="font-size: small;"> 23,48 km2</span></span></span></p>
<p align="left"><span style="color: #000000;"><span style="font-family: Arial, serif;"><span style="font-size: small;"><u><b>Habitants:</b></u></span></span></span><span style="color: #000000;"><span style="font-family: Arial, serif;"><span style="font-size: small;"> 4.694</span></span></span></p>
<p align="left"><span style="color: #000000;"><span style="font-family: Arial, serif;"><span style="font-size: small;"><u><b>Altitud:</b></u></span></span></span><span style="color: #000000;"><span style="font-family: Arial, serif;"><span style="font-size: small;"> 214 m</span></span></span></p>
<p align="left"><span style="color: #000000;"><span style="font-family: Arial, serif;"><span style="font-size: small;"><u><b>Limita:</b></u></span></span></span><span style="color: #000000;"><span style="font-family: Arial, serif;"><span style="font-size: small;"> Lleida, Torre-Serona, Benavent de Segrià i Alpicat.</span></span></span></p>
<p align="left"><span style="color: #000000;"><span style="font-family: Arial, serif;"><span style="font-size: small;"><u><b>Centres educatius:</b></u></span></span></span><span style="color: #000000;"><span style="font-family: Arial, serif;"><span style="font-size: small;"> Llar d’Infants, Escola i Institut.</span></span></span></p>
<p class="western">
<p><iframe loading="lazy" src="https://www.google.com/maps/d/embed?mid=1nFNlOoH9wLqRJ3sx4BtaL_l1ess" width="640" height="480"></iframe></p>

<p>L’Escola La Creu és un centre públic de doble línia que imparteix els ensenyaments d’Educació Infantil i Primària ubicat al municipi de Torrefarrera, a la comarca del Segrià i a 5 km de la ciutat de Lleida, segons s’observa a la figura 1. La proximitat amb la ciutat de Lleida, 4 km i la privilegiada [&hellip;]</p>
