{"id":73,"date":"2014-09-18T14:01:51","date_gmt":"2014-09-18T13:01:51","guid":{"rendered":"http:\/\/agora.xtec.cat\/ceiplacarpa\/?page_id=73"},"modified":"2026-04-07T11:48:43","modified_gmt":"2026-04-07T09:48:43","slug":"menjador-escolar","status":"publish","type":"page","link":"https:\/\/agora.xtec.cat\/ceiplacarpa\/serveis\/menjador-escolar\/","title":{"rendered":"Menjador"},"content":{"rendered":"<div id=\"Serveis3_Capcalera\">\n<p><strong>Podeu consultar els men\u00fas clicant sobre l&#8217;enlla\u00e7:<\/strong><\/p>\n<p><a href=\"https:\/\/agora.xtec.cat\/ceiplacarpa\/wp-content\/uploads\/usu1915\/2026\/04\/MENU-ABRIL-26-LA-CARPA.pdf\">MENU ABRIL 26 LA CARPA<\/a><\/p>\n<\/div>\n<div id=\"Serveis3_Taula\">\n<table style=\"width: 87.9465%; height: 1301px;\" border=\"0\" width=\"650\" cellspacing=\"0\" cellpadding=\"10\" bgcolor=\"#E9E9E9\">\n<tbody>\n<tr style=\"height: 33px;\">\n<td style=\"height: 33px;\" colspan=\"2\" bgcolor=\"#F2E0F7\" width=\"943\">\n<div class=\"EstilCapcaleraTaula\" style=\"text-align: center;\" align=\"left\"><strong>MENJADOR ESCOLAR<\/strong><\/div>\n<\/td>\n<\/tr>\n<tr style=\"height: 1212px;\">\n<td style=\"height: 1212px;\" colspan=\"2\" bgcolor=\"#E9E9E9\">El servei de menjador de l\u2019escola compta amb <strong>cuina pr\u00f2pia<\/strong>.<\/p>\n<ol>\n<li><strong>Preu<\/strong><\/li>\n<\/ol>\n<p>El preu del men\u00fa diari es:<\/p>\n<ul>\n<li>Infantil i prim\u00e0ria: 7,30\u20ac (fixes) i 8,05\u20ac (espor\u00e0dics).<\/li>\n<li>L\u2019import de la mensualitat pel usuaris fixes ser\u00e0 el resultant de multiplicar els dies lectius de cada mes pel preu diari.<\/li>\n<\/ul>\n<p>&nbsp;<\/p>\n<ol start=\"2\">\n<li><strong> Forma de pagament<\/strong><\/li>\n<\/ol>\n<p>Per poder gaudir de la quota de fix s\u2019haur\u00e0 d\u2019omplir <strong>l\u2019autoritzaci\u00f3 de domiciliaci\u00f3 banc\u00e0ria<\/strong> que se\u2019ls facilitar\u00e0 en confirmar l\u2019assist\u00e8ncia a aquest servei.<\/p>\n<p>&nbsp;<\/p>\n<ol start=\"3\">\n<li><strong> Abonament de dinars<\/strong><\/li>\n<\/ol>\n<p>En cas de malaltia, cal avisar a la coordinadora de menjador <strong>des del primer dia<\/strong>, a fi de poder recuperar la part corresponent al concepte de mat\u00e8ria primera. Els 3 primers dies es retornar\u00e0 1,75\u20ac i a partir del quart dia consecutiu es retornar\u00e0 tota la quota. En el cas de no avisar es cobrar\u00e0 el preu normal.<\/p>\n<p>&nbsp;<\/p>\n<ol start=\"5\">\n<li><strong> Dinars espor\u00e0dics<\/strong><\/li>\n<\/ol>\n<p>En cas de necessitat es pot sol\u00b7licitar menjar per un dia concret. S&#8217;ha d\u2019abonar el tiquet a la coordinadora de 9 a 9:30h del mat\u00ed.<\/p>\n<p>&nbsp;<\/p>\n<ol start=\"6\">\n<li><strong> R\u00e8gims<\/strong><\/li>\n<\/ol>\n<p>La cuina pot oferir dues modalitats de r\u00e8gim:<\/p>\n<p><strong>R\u00e8gim Ordinari<\/strong>: \u00c9s el que utilitzen aquells nens i nenes espor\u00e0dicament perqu\u00e8 tenen algun desajust digestiu (r\u00e8gim astringent). Per poder-lo fer, cal portar un paper de la mare o pare demanant-lo i explicant les raons i la durada. El paper s&#8217;ha de donar a la coordinadora. Sense aquest paper, no es far\u00e0 cap r\u00e8gim.<\/p>\n<p><strong>R\u00e8gim Especial:<\/strong> \u00c9s el que han de fer determinats nens o nenes per prescripci\u00f3 m\u00e8dica. En aquest cas, cal un escrit del metge certificant la necessitat i especificant el tipus d\u2019aliments que es poden prendre i els que no. Per concretar aquest tipus de r\u00e8gims tan espec\u00edfics, cal parlar pr\u00e8viament amb la coordinadora. S&#8217;estudiar\u00e0 cada cas, per veure si es pot atendre la demanda.<\/p>\n<ol start=\"7\">\n<li><strong> Horari de la coordinadora<\/strong><\/li>\n<\/ol>\n<p>L&#8217;atenci\u00f3 als pares i mares dels usuaris d&#8217;aquest servei ser\u00e0 de dilluns a divendres de 9:00 a 9:30 per abonament de tiquets de dinars espor\u00e0dics i de 9:30 a 10h per consultes.<\/p>\n<p><strong>COORDINADORA DEL SERVEI: Manoli \u00c1lvarez<\/strong><\/p>\n<p>Tel\u00e8fon 695063751 &#8211; manolialvarezmoral@gmail.com<\/td>\n<\/tr>\n<\/tbody>\n<\/table>\n<\/div>\n","protected":false},"excerpt":{"rendered":"<p>Podeu consultar els men\u00fas clicant sobre l&#8217;enlla\u00e7: MENU ABRIL 26 LA CARPA MENJADOR ESCOLAR El servei de menjador de l\u2019escola compta amb cuina pr\u00f2pia. Preu El preu del men\u00fa diari es: Infantil i prim\u00e0ria: 7,30\u20ac (fixes) i 8,05\u20ac (espor\u00e0dics). L\u2019import de la mensualitat pel usuaris fixes ser\u00e0 el resultant de multiplicar els dies lectius de [&hellip;]<\/p>\n","protected":false},"author":1,"featured_media":0,"parent":66,"menu_order":30,"comment_status":"closed","ping_status":"closed","template":"","meta":{"_bbp_topic_count":0,"_bbp_reply_count":0,"_bbp_total_topic_count":0,"_bbp_total_reply_count":0,"_bbp_voice_count":0,"_bbp_anonymous_reply_count":0,"_bbp_topic_count_hidden":0,"_bbp_reply_count_hidden":0,"_bbp_forum_subforum_count":0,"site-sidebar-layout":"default","site-content-layout":"","ast-site-content-layout":"default","site-content-style":"default","site-sidebar-style":"default","ast-global-header-display":"","ast-banner-title-visibility":"","ast-main-header-display":"","ast-hfb-above-header-display":"","ast-hfb-below-header-display":"","ast-hfb-mobile-header-display":"","site-post-title":"","ast-breadcrumbs-content":"","ast-featured-img":"","footer-sml-layout":"","theme-transparent-header-meta":"default","adv-header-id-meta":"","stick-header-meta":"","header-above-stick-meta":"","header-main-stick-meta":"","header-below-stick-meta":"","astra-migrate-meta-layouts":"set","ast-page-background-enabled":"default","ast-page-background-meta":{"desktop":{"background-color":"var(--ast-global-color-4)","background-image":"","background-repeat":"repeat","background-position":"center center","background-size":"auto","background-attachment":"scroll","background-type":"","background-media":"","overlay-type":"","overlay-color":"","overlay-opacity":"","overlay-gradient":""},"tablet":{"background-color":"","background-image":"","background-repeat":"repeat","background-position":"center center","background-size":"auto","background-attachment":"scroll","background-type":"","background-media":"","overlay-type":"","overlay-color":"","overlay-opacity":"","overlay-gradient":""},"mobile":{"background-color":"","background-image":"","background-repeat":"repeat","background-position":"center center","background-size":"auto","background-attachment":"scroll","background-type":"","background-media":"","overlay-type":"","overlay-color":"","overlay-opacity":"","overlay-gradient":""}},"ast-content-background-meta":{"desktop":{"background-color":"var(--ast-global-color-5)","background-image":"","background-repeat":"repeat","background-position":"center center","background-size":"auto","background-attachment":"scroll","background-type":"","background-media":"","overlay-type":"","overlay-color":"","overlay-opacity":"","overlay-gradient":""},"tablet":{"background-color":"var(--ast-global-color-5)","background-image":"","background-repeat":"repeat","background-position":"center center","background-size":"auto","background-attachment":"scroll","background-type":"","background-media":"","overlay-type":"","overlay-color":"","overlay-opacity":"","overlay-gradient":""},"mobile":{"background-color":"var(--ast-global-color-5)","background-image":"","background-repeat":"repeat","background-position":"center center","background-size":"auto","background-attachment":"scroll","background-type":"","background-media":"","overlay-type":"","overlay-color":"","overlay-opacity":"","overlay-gradient":""}},"footnotes":""},"class_list":["post-73","page","type-page","status-publish","hentry"],"post_mailing_queue_ids":[],"_links":{"self":[{"href":"https:\/\/agora.xtec.cat\/ceiplacarpa\/wp-json\/wp\/v2\/pages\/73","targetHints":{"allow":["GET"]}}],"collection":[{"href":"https:\/\/agora.xtec.cat\/ceiplacarpa\/wp-json\/wp\/v2\/pages"}],"about":[{"href":"https:\/\/agora.xtec.cat\/ceiplacarpa\/wp-json\/wp\/v2\/types\/page"}],"author":[{"embeddable":true,"href":"https:\/\/agora.xtec.cat\/ceiplacarpa\/wp-json\/wp\/v2\/users\/1"}],"replies":[{"embeddable":true,"href":"https:\/\/agora.xtec.cat\/ceiplacarpa\/wp-json\/wp\/v2\/comments?post=73"}],"version-history":[{"count":7,"href":"https:\/\/agora.xtec.cat\/ceiplacarpa\/wp-json\/wp\/v2\/pages\/73\/revisions"}],"predecessor-version":[{"id":8611,"href":"https:\/\/agora.xtec.cat\/ceiplacarpa\/wp-json\/wp\/v2\/pages\/73\/revisions\/8611"}],"up":[{"embeddable":true,"href":"https:\/\/agora.xtec.cat\/ceiplacarpa\/wp-json\/wp\/v2\/pages\/66"}],"wp:attachment":[{"href":"https:\/\/agora.xtec.cat\/ceiplacarpa\/wp-json\/wp\/v2\/media?parent=73"}],"curies":[{"name":"wp","href":"https:\/\/api.w.org\/{rel}","templated":true}]}}