{"id":71,"date":"2014-09-18T12:44:56","date_gmt":"2014-09-18T11:44:56","guid":{"rendered":"http:\/\/agora.xtec.cat\/ceiplacaixa\/?page_id=71"},"modified":"2025-09-19T15:47:09","modified_gmt":"2025-09-19T13:47:09","slug":"serveis-digitals","status":"publish","type":"page","link":"https:\/\/agora.xtec.cat\/ceiplacaixa\/projecte-educatiu\/serveis-digitals\/","title":{"rendered":"Estrat\u00e8gia Digital de Centre"},"content":{"rendered":"<p>En aquest enlla\u00e7 trobareu l&#8217;acc\u00e9s a la p\u00e0gina web (Google Sites) a la nostra estrat\u00e8gia Digital de Centre<\/p>\n<p><a href=\"https:\/\/sites.google.com\/escolacaixa.cat\/edclacaixa\/presentaci%C3%B3-de-ledc\" target=\"_blank\" rel=\"noopener\"><img loading=\"lazy\" decoding=\"async\" class=\"wp-image-3577 size-large aligncenter\" src=\"https:\/\/agora.xtec.cat\/ceiplacaixa\/wp-content\/uploads\/usu1455\/2024\/07\/Digital-Marketing-LinkedIn-Banner--1024x256.png\" alt=\"\" width=\"1024\" height=\"256\" srcset=\"https:\/\/agora.xtec.cat\/ceiplacaixa\/wp-content\/uploads\/usu1455\/2024\/07\/Digital-Marketing-LinkedIn-Banner--1024x256.png 1024w, https:\/\/agora.xtec.cat\/ceiplacaixa\/wp-content\/uploads\/usu1455\/2024\/07\/Digital-Marketing-LinkedIn-Banner--300x75.png 300w, https:\/\/agora.xtec.cat\/ceiplacaixa\/wp-content\/uploads\/usu1455\/2024\/07\/Digital-Marketing-LinkedIn-Banner--768x192.png 768w, https:\/\/agora.xtec.cat\/ceiplacaixa\/wp-content\/uploads\/usu1455\/2024\/07\/Digital-Marketing-LinkedIn-Banner--1536x384.png 1536w, https:\/\/agora.xtec.cat\/ceiplacaixa\/wp-content\/uploads\/usu1455\/2024\/07\/Digital-Marketing-LinkedIn-Banner-.png 1584w\" sizes=\"auto, (max-width: 1024px) 100vw, 1024px\" \/><\/a><\/p>\n<p>A continuaci\u00f3 teniu una breu s\u00edntesi de l&#8217;EDC<\/p>\n<table style=\"height: 106px; width: 100%; border-collapse: collapse;\">\n<tbody>\n<tr style=\"height: 66px;\">\n<td style=\"width: 44.8194%; height: 66px;\">\n<h4 style=\"text-align: center;\">Qu\u00e8 \u00e9s?<\/h4>\n<\/td>\n<td style=\"width: 47.2582%; text-align: center; height: 66px;\" colspan=\"2\">\n<h3>Estrat\u00e8gia Digital de Centre<\/h3>\n<\/td>\n<\/tr>\n<tr style=\"height: 336px;\">\n<td style=\"width: 44.8194%; height: 40px;\" rowspan=\"2\">\n<h3 style=\"text-align: center;\"><iframe loading=\"lazy\" title=\"YouTube video player\" src=\"https:\/\/www.youtube.com\/embed\/uS5UUZIYLPQ\" width=\"280\" height=\"157\" frameborder=\"0\" allowfullscreen=\"allowfullscreen\" data-mce-fragment=\"1\"><span data-mce-type=\"bookmark\" style=\"display: inline-block; width: 0px; overflow: hidden; line-height: 0;\" class=\"mce_SELRES_start\">\ufeff<\/span><\/iframe><\/h3>\n<\/td>\n<td style=\"width: 47.2582%; height: 30px;\" colspan=\"2\">A l&#8217;escola vetllem perqu\u00e8 el nostre alumnat tingui les capacitats necess\u00e0ries per enfrontar-se al m\u00f3n que ens envolta. Desenvolupar la compet\u00e8ncia digital \u00e9s una de les nostres prioritats. A poc a poc, per\u00f2 sense perdre el ritme anem adaptant-nos a aquest m\u00f3n tan canviant. I no nom\u00e9s formem els nens i nenes sin\u00f3 tamb\u00e9 l&#8217;equip de mestres.<\/p>\n<p>Al nostre <strong>Pla d&#8217;Estrat\u00e8gia Digital de Centre<\/strong> trobar\u00e0s tota la informaci\u00f3 referent a la Part Estrat\u00e8gica i la Cultura Digital de Centre.<\/td>\n<\/tr>\n<tr style=\"height: 56px;\">\n<td style=\"width: 23.3891%; height: 10px; text-align: center;\">\n<h3><a href=\"https:\/\/agora.xtec.cat\/ceiplacaixa\/projecte-educatiu\/serveis-digitals\/part-estrategica\/\"><strong>Part estrat\u00e8gica<\/strong><\/a><\/h3>\n<\/td>\n<td style=\"width: 23.8691%; height: 10px; text-align: center;\">\n<h3><a href=\"https:\/\/agora.xtec.cat\/ceiplacaixa\/projecte-educatiu\/serveis-digitals\/cultura-digital\/\"><strong>Cultura Digital de Centre<\/strong><\/a><\/h3>\n<\/td>\n<\/tr>\n<\/tbody>\n<\/table>\n<table style=\"width: 100%;\">\n<tbody>\n<tr>\n<td style=\"text-align: center; width: 66.5723%;\" colspan=\"2\">\n<h4>Dispositius digitals<\/h4>\n<\/td>\n<\/tr>\n<tr>\n<td style=\"width: 33.5222%; text-align: center;\"><img loading=\"lazy\" decoding=\"async\" class=\"wp-image-803 aligncenter\" src=\"https:\/\/agora.xtec.cat\/ceiplacaixa\/wp-content\/uploads\/usu1455\/2021\/01\/pc.jpg\" alt=\"\" width=\"158\" height=\"158\" srcset=\"https:\/\/agora.xtec.cat\/ceiplacaixa\/wp-content\/uploads\/usu1455\/2021\/01\/pc.jpg 650w, https:\/\/agora.xtec.cat\/ceiplacaixa\/wp-content\/uploads\/usu1455\/2021\/01\/pc-150x150.jpg 150w, https:\/\/agora.xtec.cat\/ceiplacaixa\/wp-content\/uploads\/usu1455\/2021\/01\/pc-300x300.jpg 300w\" sizes=\"auto, (max-width: 158px) 100vw, 158px\" \/><strong>Dispositiu d&#8217;aula<\/strong><\/p>\n<p>Ordinador a les tutories amb panell interactiu<\/td>\n<td style=\"width: 33.0501%;\"><img loading=\"lazy\" decoding=\"async\" class=\"wp-image-804 aligncenter\" src=\"https:\/\/agora.xtec.cat\/ceiplacaixa\/wp-content\/uploads\/usu1455\/2021\/01\/portatil.png\" alt=\"\" width=\"137\" height=\"128\" srcset=\"https:\/\/agora.xtec.cat\/ceiplacaixa\/wp-content\/uploads\/usu1455\/2021\/01\/portatil.png 505w, https:\/\/agora.xtec.cat\/ceiplacaixa\/wp-content\/uploads\/usu1455\/2021\/01\/portatil-300x279.png 300w\" sizes=\"auto, (max-width: 137px) 100vw, 137px\" \/><\/p>\n<p style=\"text-align: center;\"><strong>Aula m\u00f2bil<\/strong><\/p>\n<p style=\"text-align: center;\">Tauletes i ordinadors Chromebooks<\/p>\n<\/td>\n<\/tr>\n<\/tbody>\n<\/table>\n<table style=\"width: 100%;\">\n<tbody>\n<tr>\n<td style=\"text-align: center; width: 128.531%;\" colspan=\"3\">\n<h4>Com treballem?<\/h4>\n<\/td>\n<\/tr>\n<tr>\n<td style=\"width: 33.0508%;\"><a href=\"https:\/\/agora.xtec.cat\/ceiplacaixa\/wp-content\/uploads\/usu1455\/2021\/01\/arroba.jpg\"><img loading=\"lazy\" decoding=\"async\" class=\"wp-image-806 aligncenter\" src=\"https:\/\/agora.xtec.cat\/ceiplacaixa\/wp-content\/uploads\/usu1455\/2021\/01\/arroba.jpg\" alt=\"\" width=\"119\" height=\"119\" srcset=\"https:\/\/agora.xtec.cat\/ceiplacaixa\/wp-content\/uploads\/usu1455\/2021\/01\/arroba.jpg 300w, https:\/\/agora.xtec.cat\/ceiplacaixa\/wp-content\/uploads\/usu1455\/2021\/01\/arroba-150x150.jpg 150w\" sizes=\"auto, (max-width: 119px) 100vw, 119px\" \/><\/a><\/p>\n<p>Usuari propi <em>@escolacaixa.cat<\/em> de 3r a 6\u00e8 de prim\u00e0ria<\/td>\n<td style=\"width: 33.145%;\"><a href=\"https:\/\/agora.xtec.cat\/ceiplacaixa\/wp-content\/uploads\/usu1455\/2021\/01\/classroom.jpg\"><img loading=\"lazy\" decoding=\"async\" class=\" wp-image-805 aligncenter\" src=\"https:\/\/agora.xtec.cat\/ceiplacaixa\/wp-content\/uploads\/usu1455\/2021\/01\/classroom.jpg\" alt=\"\" width=\"126\" height=\"109\" \/><\/a><\/p>\n<p>Aprenem a utilitzar el Classroom per poder treballar tamb\u00e9 des de casa.<\/p>\n<p>Processador de textos, presentacions&#8230; s\u00f3n altres eines b\u00e0siques que treballem<\/td>\n<td style=\"width: 62.3352%;\"><a href=\"https:\/\/agora.xtec.cat\/ceiplacaixa\/wp-content\/uploads\/usu1455\/2021\/01\/apps.jpg\"><img loading=\"lazy\" decoding=\"async\" class=\"wp-image-807 aligncenter\" src=\"https:\/\/agora.xtec.cat\/ceiplacaixa\/wp-content\/uploads\/usu1455\/2021\/01\/apps-1024x576.jpg\" alt=\"\" width=\"241\" height=\"136\" srcset=\"https:\/\/agora.xtec.cat\/ceiplacaixa\/wp-content\/uploads\/usu1455\/2021\/01\/apps-1024x576.jpg 1024w, https:\/\/agora.xtec.cat\/ceiplacaixa\/wp-content\/uploads\/usu1455\/2021\/01\/apps-300x169.jpg 300w, https:\/\/agora.xtec.cat\/ceiplacaixa\/wp-content\/uploads\/usu1455\/2021\/01\/apps-768x432.jpg 768w, https:\/\/agora.xtec.cat\/ceiplacaixa\/wp-content\/uploads\/usu1455\/2021\/01\/apps.jpg 1920w\" sizes=\"auto, (max-width: 241px) 100vw, 241px\" \/><\/a><\/p>\n<p>\u00das de diverses aplicacions per treballar les diferents compet\u00e8ncies de l&#8217;alumnat.<\/td>\n<\/tr>\n<\/tbody>\n<\/table>\n<p>&nbsp;<\/p>\n","protected":false},"excerpt":{"rendered":"<p>En aquest enlla\u00e7 trobareu l&#8217;acc\u00e9s a la p\u00e0gina web (Google Sites) a la nostra estrat\u00e8gia Digital de Centre A continuaci\u00f3 teniu una breu s\u00edntesi de l&#8217;EDC Qu\u00e8 \u00e9s? Estrat\u00e8gia Digital de Centre \ufeff A l&#8217;escola vetllem perqu\u00e8 el nostre alumnat tingui les capacitats necess\u00e0ries per enfrontar-se al m\u00f3n que ens envolta. Desenvolupar la compet\u00e8ncia digital [&hellip;]<\/p>\n","protected":false},"author":1,"featured_media":0,"parent":64,"menu_order":50,"comment_status":"closed","ping_status":"closed","template":"page-templates\/side-menu.php","meta":{"_bbp_topic_count":0,"_bbp_reply_count":0,"_bbp_total_topic_count":0,"_bbp_total_reply_count":0,"_bbp_voice_count":0,"_bbp_anonymous_reply_count":0,"_bbp_topic_count_hidden":0,"_bbp_reply_count_hidden":0,"_bbp_forum_subforum_count":0,"site-sidebar-layout":"default","site-content-layout":"","ast-site-content-layout":"","site-content-style":"default","site-sidebar-style":"default","ast-global-header-display":"","ast-banner-title-visibility":"","ast-main-header-display":"","ast-hfb-above-header-display":"","ast-hfb-below-header-display":"","ast-hfb-mobile-header-display":"","site-post-title":"","ast-breadcrumbs-content":"","ast-featured-img":"","footer-sml-layout":"","theme-transparent-header-meta":"","adv-header-id-meta":"","stick-header-meta":"","header-above-stick-meta":"","header-main-stick-meta":"","header-below-stick-meta":"","astra-migrate-meta-layouts":"default","ast-page-background-enabled":"default","ast-page-background-meta":{"desktop":{"background-color":"var(--ast-global-color-4)","background-image":"","background-repeat":"repeat","background-position":"center center","background-size":"auto","background-attachment":"scroll","background-type":"","background-media":"","overlay-type":"","overlay-color":"","overlay-opacity":"","overlay-gradient":""},"tablet":{"background-color":"","background-image":"","background-repeat":"repeat","background-position":"center center","background-size":"auto","background-attachment":"scroll","background-type":"","background-media":"","overlay-type":"","overlay-color":"","overlay-opacity":"","overlay-gradient":""},"mobile":{"background-color":"","background-image":"","background-repeat":"repeat","background-position":"center center","background-size":"auto","background-attachment":"scroll","background-type":"","background-media":"","overlay-type":"","overlay-color":"","overlay-opacity":"","overlay-gradient":""}},"ast-content-background-meta":{"desktop":{"background-color":"var(--ast-global-color-5)","background-image":"","background-repeat":"repeat","background-position":"center center","background-size":"auto","background-attachment":"scroll","background-type":"","background-media":"","overlay-type":"","overlay-color":"","overlay-opacity":"","overlay-gradient":""},"tablet":{"background-color":"var(--ast-global-color-5)","background-image":"","background-repeat":"repeat","background-position":"center center","background-size":"auto","background-attachment":"scroll","background-type":"","background-media":"","overlay-type":"","overlay-color":"","overlay-opacity":"","overlay-gradient":""},"mobile":{"background-color":"var(--ast-global-color-5)","background-image":"","background-repeat":"repeat","background-position":"center center","background-size":"auto","background-attachment":"scroll","background-type":"","background-media":"","overlay-type":"","overlay-color":"","overlay-opacity":"","overlay-gradient":""}},"footnotes":""},"class_list":["post-71","page","type-page","status-publish","hentry"],"post_mailing_queue_ids":[],"_links":{"self":[{"href":"https:\/\/agora.xtec.cat\/ceiplacaixa\/wp-json\/wp\/v2\/pages\/71","targetHints":{"allow":["GET"]}}],"collection":[{"href":"https:\/\/agora.xtec.cat\/ceiplacaixa\/wp-json\/wp\/v2\/pages"}],"about":[{"href":"https:\/\/agora.xtec.cat\/ceiplacaixa\/wp-json\/wp\/v2\/types\/page"}],"author":[{"embeddable":true,"href":"https:\/\/agora.xtec.cat\/ceiplacaixa\/wp-json\/wp\/v2\/users\/1"}],"replies":[{"embeddable":true,"href":"https:\/\/agora.xtec.cat\/ceiplacaixa\/wp-json\/wp\/v2\/comments?post=71"}],"version-history":[{"count":7,"href":"https:\/\/agora.xtec.cat\/ceiplacaixa\/wp-json\/wp\/v2\/pages\/71\/revisions"}],"predecessor-version":[{"id":4174,"href":"https:\/\/agora.xtec.cat\/ceiplacaixa\/wp-json\/wp\/v2\/pages\/71\/revisions\/4174"}],"up":[{"embeddable":true,"href":"https:\/\/agora.xtec.cat\/ceiplacaixa\/wp-json\/wp\/v2\/pages\/64"}],"wp:attachment":[{"href":"https:\/\/agora.xtec.cat\/ceiplacaixa\/wp-json\/wp\/v2\/media?parent=71"}],"curies":[{"name":"wp","href":"https:\/\/api.w.org\/{rel}","templated":true}]}}