{"id":3491,"date":"2024-05-14T16:00:52","date_gmt":"2024-05-14T14:00:52","guid":{"rendered":"https:\/\/agora.xtec.cat\/ceiplacaixa\/?page_id=3491"},"modified":"2026-01-12T13:43:49","modified_gmt":"2026-01-12T12:43:49","slug":"aigeira","status":"publish","type":"page","link":"https:\/\/agora.xtec.cat\/ceiplacaixa\/projecte-educatiu\/erasmus\/participacio-amb-projectes-daltres-escoles-europees\/aigeira\/","title":{"rendered":"Aigeira"},"content":{"rendered":"<p><img loading=\"lazy\" decoding=\"async\" class=\"aligncenter size-full wp-image-3496\" src=\"https:\/\/agora.xtec.cat\/ceiplacaixa\/wp-content\/uploads\/usu1455\/2024\/05\/aigeira2.png\" alt=\"\" width=\"818\" height=\"115\" srcset=\"https:\/\/agora.xtec.cat\/ceiplacaixa\/wp-content\/uploads\/usu1455\/2024\/05\/aigeira2.png 818w, https:\/\/agora.xtec.cat\/ceiplacaixa\/wp-content\/uploads\/usu1455\/2024\/05\/aigeira2-300x42.png 300w, https:\/\/agora.xtec.cat\/ceiplacaixa\/wp-content\/uploads\/usu1455\/2024\/05\/aigeira2-768x108.png 768w\" sizes=\"auto, (max-width: 818px) 100vw, 818px\" \/><\/p>\n<table style=\"width: 100%; border-collapse: collapse; background-color: #10c7a5; height: 1352px;\">\n<tbody>\n<tr style=\"height: 65px;\">\n<td style=\"width: 49.9999%; background-color: #258bf7; height: 65px;\" colspan=\"3\"><img loading=\"lazy\" decoding=\"async\" class=\"size-full wp-image-3497 alignleft\" style=\"background-color: #fafafa;\" src=\"https:\/\/agora.xtec.cat\/ceiplacaixa\/wp-content\/uploads\/usu1455\/2024\/05\/5-6feb.png\" alt=\"\" width=\"315\" height=\"35\" srcset=\"https:\/\/agora.xtec.cat\/ceiplacaixa\/wp-content\/uploads\/usu1455\/2024\/05\/5-6feb.png 315w, https:\/\/agora.xtec.cat\/ceiplacaixa\/wp-content\/uploads\/usu1455\/2024\/05\/5-6feb-300x33.png 300w\" sizes=\"auto, (max-width: 315px) 100vw, 315px\" \/><\/td>\n<\/tr>\n<tr style=\"background-color: #fafafa;\">\n<td style=\"width: 18.256%; height: 217px;\"><img loading=\"lazy\" decoding=\"async\" class=\"wp-image-3436 aligncenter\" src=\"https:\/\/agora.xtec.cat\/ceiplacaixa\/wp-content\/uploads\/usu1455\/2024\/04\/2-1.png\" alt=\"\" width=\"201\" height=\"201\" srcset=\"https:\/\/agora.xtec.cat\/ceiplacaixa\/wp-content\/uploads\/usu1455\/2024\/04\/2-1.png 270w, https:\/\/agora.xtec.cat\/ceiplacaixa\/wp-content\/uploads\/usu1455\/2024\/04\/2-1-150x150.png 150w\" sizes=\"auto, (max-width: 201px) 100vw, 201px\" \/><\/td>\n<td style=\"width: 22.5435%; text-align: justify; height: 217px;\">Tres mestres de l&#8217;escola Aigeira han vingut aquests dos dies a la nostra escola per con\u00e8ixer-nos i acabar de preparar conjuntament la seva propera estada amb el seu alumnat.<\/td>\n<td style=\"width: 9.20044%; height: 217px;\"><img loading=\"lazy\" decoding=\"async\" class=\"aligncenter wp-image-3495\" src=\"https:\/\/agora.xtec.cat\/ceiplacaixa\/wp-content\/uploads\/usu1455\/2024\/05\/IMG-20240205-WA0009-1024x768.jpg\" alt=\"\" width=\"246\" height=\"184\" srcset=\"https:\/\/agora.xtec.cat\/ceiplacaixa\/wp-content\/uploads\/usu1455\/2024\/05\/IMG-20240205-WA0009-1024x768.jpg 1024w, https:\/\/agora.xtec.cat\/ceiplacaixa\/wp-content\/uploads\/usu1455\/2024\/05\/IMG-20240205-WA0009-300x225.jpg 300w, https:\/\/agora.xtec.cat\/ceiplacaixa\/wp-content\/uploads\/usu1455\/2024\/05\/IMG-20240205-WA0009-768x576.jpg 768w, https:\/\/agora.xtec.cat\/ceiplacaixa\/wp-content\/uploads\/usu1455\/2024\/05\/IMG-20240205-WA0009-1536x1152.jpg 1536w, https:\/\/agora.xtec.cat\/ceiplacaixa\/wp-content\/uploads\/usu1455\/2024\/05\/IMG-20240205-WA0009-200x150.jpg 200w, https:\/\/agora.xtec.cat\/ceiplacaixa\/wp-content\/uploads\/usu1455\/2024\/05\/IMG-20240205-WA0009.jpg 1600w\" sizes=\"auto, (max-width: 246px) 100vw, 246px\" \/><\/td>\n<\/tr>\n<tr style=\"height: 66px;\">\n<td style=\"width: 49.9999%; background-color: #258bf7; height: 66px;\" colspan=\"3\">\n<p style=\"font-family: 'Helvetica Neue', Helvetica, Helvetica, Arial, sans-serif; font-size: 14px;\"><img loading=\"lazy\" decoding=\"async\" class=\"size-full wp-image-3498 alignleft\" src=\"https:\/\/agora.xtec.cat\/ceiplacaixa\/wp-content\/uploads\/usu1455\/2024\/05\/13-17may.png\" alt=\"\" width=\"273\" height=\"36\" \/><\/p>\n<\/td>\n<\/tr>\n<tr style=\"background-color: #fafafa;\">\n<td style=\"width: 18.256%; height: 506px;\">\n<p style=\"font-family: 'Helvetica Neue', Helvetica, Helvetica, Arial, sans-serif; font-size: 14px; text-align: justify;\">Vam dedicar una calorosa benvinguda a l&#8217;alumnat i mestres de l\u2019escola Aigeira. Els vam voler compartir un tastet de la cultura catalana en un ambient alegre i divertit.<\/p>\n<p style=\"font-family: 'Helvetica Neue', Helvetica, Helvetica, Arial, sans-serif; font-size: 14px; text-align: justify;\">La festa va comen\u00e7ar amb tota la gresca d&#8217;un aut\u00e8ntic ball de festa major! Els nostres gegants, en Mart\u00ed i la Vernada, juntament amb els capgrossos, van donar la benvinguda a l&#8217;alumnat grec al ritme de la m\u00fasica tradicional. Va ser un inici alegre i festiu que va omplir tot el pati de l&#8217;escola. Despr\u00e9s, vam formar diverses\u00a0 rotllanes per ballar tots plegats la sardana &#8220;Noces d&#8217;Or a Badalona&#8221;. Per continuar la diversi\u00f3, els vam convidar a afegir-se a ballar una versi\u00f3 m\u00e9s animada de la sardana tradicional, titulada &#8220;Coti per Coti&#8221; del grup The Tyets.<\/p>\n<p style=\"font-family: 'Helvetica Neue', Helvetica, Helvetica, Arial, sans-serif; font-size: 14px; text-align: justify;\">Finalment, el nostre alumnat de 5\u00e8 va posar el punt final a la rebuda amb un ball de bastons. Aquest ball tradicional catal\u00e0 demostra la for\u00e7a, l&#8217;habilitat i la precisi\u00f3 dels balladors, i estem segurs que va impressionar molt els nostres convidats grecs.<\/p>\n<\/td>\n<td style=\"width: 22.5435%; height: 506px;\"><img loading=\"lazy\" decoding=\"async\" class=\"aligncenter wp-image-3493\" src=\"https:\/\/agora.xtec.cat\/ceiplacaixa\/wp-content\/uploads\/usu1455\/2024\/05\/Visita-Grecs.jpg\" alt=\"\" width=\"361\" height=\"361\" srcset=\"https:\/\/agora.xtec.cat\/ceiplacaixa\/wp-content\/uploads\/usu1455\/2024\/05\/Visita-Grecs.jpg 1000w, https:\/\/agora.xtec.cat\/ceiplacaixa\/wp-content\/uploads\/usu1455\/2024\/05\/Visita-Grecs-300x300.jpg 300w, https:\/\/agora.xtec.cat\/ceiplacaixa\/wp-content\/uploads\/usu1455\/2024\/05\/Visita-Grecs-150x150.jpg 150w, https:\/\/agora.xtec.cat\/ceiplacaixa\/wp-content\/uploads\/usu1455\/2024\/05\/Visita-Grecs-768x768.jpg 768w\" sizes=\"auto, (max-width: 361px) 100vw, 361px\" \/><\/td>\n<td style=\"width: 9.20044%; height: 506px;\"><iframe loading=\"lazy\" src=\"https:\/\/drive.google.com\/file\/d\/1kmSqnQfdCdT3F4MIx4K0_9r9PLGjHN4K\/preview\" width=\"320\" height=\"240\"><span data-mce-type=\"bookmark\" style=\"display: inline-block; width: 0px; overflow: hidden; line-height: 0;\" class=\"mce_SELRES_start\">\ufeff<\/span><\/iframe><iframe loading=\"lazy\" src=\"https:\/\/drive.google.com\/file\/d\/1_HyB17Kp6OTchkU6Kmy9gjxLVOAfAeEQ\/preview\" width=\"320\" height=\"240\"><span data-mce-type=\"bookmark\" style=\"display: inline-block; width: 0px; overflow: hidden; line-height: 0;\" class=\"mce_SELRES_start\">\ufeff<\/span><\/iframe><\/td>\n<\/tr>\n<tr style=\"height: 498px;\">\n<td style=\"width: 18.256%; background-color: #fcfcfc; height: 498px;\">\n<p style=\"font-family: 'Helvetica Neue', Helvetica, Helvetica, Arial, sans-serif; font-size: 14px; text-align: justify;\"><img loading=\"lazy\" decoding=\"async\" class=\"aligncenter wp-image-3514\" src=\"https:\/\/agora.xtec.cat\/ceiplacaixa\/wp-content\/uploads\/usu1455\/2024\/05\/WhatsApp-Image-2024-05-13-at-20.37.56-558x1024.jpeg\" alt=\"\" width=\"253\" height=\"464\" srcset=\"https:\/\/agora.xtec.cat\/ceiplacaixa\/wp-content\/uploads\/usu1455\/2024\/05\/WhatsApp-Image-2024-05-13-at-20.37.56-558x1024.jpeg 558w, https:\/\/agora.xtec.cat\/ceiplacaixa\/wp-content\/uploads\/usu1455\/2024\/05\/WhatsApp-Image-2024-05-13-at-20.37.56-163x300.jpeg 163w, https:\/\/agora.xtec.cat\/ceiplacaixa\/wp-content\/uploads\/usu1455\/2024\/05\/WhatsApp-Image-2024-05-13-at-20.37.56-768x1410.jpeg 768w, https:\/\/agora.xtec.cat\/ceiplacaixa\/wp-content\/uploads\/usu1455\/2024\/05\/WhatsApp-Image-2024-05-13-at-20.37.56-836x1536.jpeg 836w, https:\/\/agora.xtec.cat\/ceiplacaixa\/wp-content\/uploads\/usu1455\/2024\/05\/WhatsApp-Image-2024-05-13-at-20.37.56.jpeg 1089w\" sizes=\"auto, (max-width: 253px) 100vw, 253px\" \/><\/p>\n<\/td>\n<td style=\"width: 22.5435%; background-color: #fcfcfc; height: 498px;\"><img loading=\"lazy\" decoding=\"async\" class=\"aligncenter size-full wp-image-3516\" src=\"https:\/\/agora.xtec.cat\/ceiplacaixa\/wp-content\/uploads\/usu1455\/2024\/05\/sardanes.jpg\" alt=\"\" width=\"1008\" height=\"567\" srcset=\"https:\/\/agora.xtec.cat\/ceiplacaixa\/wp-content\/uploads\/usu1455\/2024\/05\/sardanes.jpg 1008w, https:\/\/agora.xtec.cat\/ceiplacaixa\/wp-content\/uploads\/usu1455\/2024\/05\/sardanes-300x169.jpg 300w, https:\/\/agora.xtec.cat\/ceiplacaixa\/wp-content\/uploads\/usu1455\/2024\/05\/sardanes-768x432.jpg 768w\" sizes=\"auto, (max-width: 1008px) 100vw, 1008px\" \/><\/td>\n<td style=\"width: 9.20044%; background-color: #fcfcfc; height: 498px;\"><img loading=\"lazy\" decoding=\"async\" class=\"aligncenter size-full wp-image-3515\" src=\"https:\/\/agora.xtec.cat\/ceiplacaixa\/wp-content\/uploads\/usu1455\/2024\/05\/pla-blau.jpeg\" alt=\"\" width=\"804\" height=\"646\" srcset=\"https:\/\/agora.xtec.cat\/ceiplacaixa\/wp-content\/uploads\/usu1455\/2024\/05\/pla-blau.jpeg 804w, https:\/\/agora.xtec.cat\/ceiplacaixa\/wp-content\/uploads\/usu1455\/2024\/05\/pla-blau-300x241.jpeg 300w, https:\/\/agora.xtec.cat\/ceiplacaixa\/wp-content\/uploads\/usu1455\/2024\/05\/pla-blau-768x617.jpeg 768w\" sizes=\"auto, (max-width: 804px) 100vw, 804px\" \/><\/td>\n<\/tr>\n<tr>\n<td style=\"width: 18.256%; background-color: #fcfcfc;\">\n<h3 style=\"text-align: center;\"><a href=\"https:\/\/blogs.sch.gr\/dimaigei\/2024\/06\/02\/deltio-typoy\/#prettyPhoto\">Publicaci\u00f3 de l&#8217;escola grega a la seva web!<\/a><\/h3>\n<p style=\"font-family: 'Helvetica Neue', Helvetica, Helvetica, Arial, sans-serif; font-size: 14px; text-align: justify;\">\n<\/td>\n<td style=\"width: 22.5435%; background-color: #fcfcfc;\"><\/td>\n<td style=\"width: 9.20044%; background-color: #fcfcfc;\"><\/td>\n<\/tr>\n<\/tbody>\n<\/table>\n<table style=\"width: 100%; border-collapse: collapse; border-style: double; border-color: #000000; background-color: #c2e3ff; height: 463px;\">\n<tbody>\n<tr style=\"height: 212px;\">\n<td style=\"width: 35.8491%; border-style: solid; border-color: #000000; height: 212px;\">\n<figure><img loading=\"lazy\" decoding=\"async\" class=\"aligncenter wp-image-2058\" src=\"https:\/\/agora.xtec.cat\/ceiplacaixa\/wp-content\/uploads\/usu1455\/2022\/10\/es_v_cofinanciado_por_la_union_europea_pos.png\" alt=\"\" width=\"192\" height=\"195\" srcset=\"https:\/\/agora.xtec.cat\/ceiplacaixa\/wp-content\/uploads\/usu1455\/2022\/10\/es_v_cofinanciado_por_la_union_europea_pos.png 910w, https:\/\/agora.xtec.cat\/ceiplacaixa\/wp-content\/uploads\/usu1455\/2022\/10\/es_v_cofinanciado_por_la_union_europea_pos-296x300.png 296w, https:\/\/agora.xtec.cat\/ceiplacaixa\/wp-content\/uploads\/usu1455\/2022\/10\/es_v_cofinanciado_por_la_union_europea_pos-768x778.png 768w\" sizes=\"auto, (max-width: 192px) 100vw, 192px\" \/><\/figure>\n<\/td>\n<td style=\"width: 64.1509%; border-style: solid; border-color: #000000; height: 212px;\">El projecte &#8220;Seeds of change&#8221; est\u00e0 cofinan\u00e7at pel programa Erasmus+ de la Uni\u00f3 Europea. El contingut d&#8217;aquesta publicaci\u00f3 es responsabilitat exclusiva de l&#8217;escola La Caixa i ni la Comissi\u00f3 Europea, ni el Servei Espanyol per la Internacionalitzaci\u00f3 de la Educaci\u00f3 (SEPIE) s\u00f3n responsables de l&#8217;\u00fas que pugui fer-se de la informaci\u00f3 aqu\u00ed difosa.<\/td>\n<\/tr>\n<tr style=\"height: 251px;\">\n<td style=\"width: 100%; border-style: solid; border-color: #000000; height: 251px;\" colspan=\"2\">\n<h3 style=\"text-align: center;\">Informa&#8217;t m\u00e9s sobre ERASMUS+ al web del SEPIE<\/h3>\n<figure><a href=\"http:\/\/sepie.es\/\"><img loading=\"lazy\" decoding=\"async\" class=\"aligncenter size-full wp-image-2060\" src=\"https:\/\/agora.xtec.cat\/ceiplacaixa\/wp-content\/uploads\/usu1455\/2022\/10\/SEPIE_erasmus_plus.gif\" alt=\"\" width=\"400\" height=\"148\" \/><\/a><\/figure>\n<\/td>\n<\/tr>\n<\/tbody>\n<\/table>\n","protected":false},"excerpt":{"rendered":"<p>Tres mestres de l&#8217;escola Aigeira han vingut aquests dos dies a la nostra escola per con\u00e8ixer-nos i acabar de preparar conjuntament la seva propera estada amb el seu alumnat. Vam dedicar una calorosa benvinguda a l&#8217;alumnat i mestres de l\u2019escola Aigeira. Els vam voler compartir un tastet de la cultura catalana en un ambient alegre [&hellip;]<\/p>\n","protected":false},"author":3,"featured_media":0,"parent":3433,"menu_order":0,"comment_status":"closed","ping_status":"closed","template":"","meta":{"_bbp_topic_count":0,"_bbp_reply_count":0,"_bbp_total_topic_count":0,"_bbp_total_reply_count":0,"_bbp_voice_count":0,"_bbp_anonymous_reply_count":0,"_bbp_topic_count_hidden":0,"_bbp_reply_count_hidden":0,"_bbp_forum_subforum_count":0,"site-sidebar-layout":"default","site-content-layout":"","ast-site-content-layout":"default","site-content-style":"default","site-sidebar-style":"default","ast-global-header-display":"","ast-banner-title-visibility":"","ast-main-header-display":"","ast-hfb-above-header-display":"","ast-hfb-below-header-display":"","ast-hfb-mobile-header-display":"","site-post-title":"","ast-breadcrumbs-content":"","ast-featured-img":"","footer-sml-layout":"","theme-transparent-header-meta":"","adv-header-id-meta":"","stick-header-meta":"","header-above-stick-meta":"","header-main-stick-meta":"","header-below-stick-meta":"","astra-migrate-meta-layouts":"set","ast-page-background-enabled":"default","ast-page-background-meta":{"desktop":{"background-color":"var(--ast-global-color-4)","background-image":"","background-repeat":"repeat","background-position":"center center","background-size":"auto","background-attachment":"scroll","background-type":"","background-media":"","overlay-type":"","overlay-color":"","overlay-opacity":"","overlay-gradient":""},"tablet":{"background-color":"","background-image":"","background-repeat":"repeat","background-position":"center center","background-size":"auto","background-attachment":"scroll","background-type":"","background-media":"","overlay-type":"","overlay-color":"","overlay-opacity":"","overlay-gradient":""},"mobile":{"background-color":"","background-image":"","background-repeat":"repeat","background-position":"center center","background-size":"auto","background-attachment":"scroll","background-type":"","background-media":"","overlay-type":"","overlay-color":"","overlay-opacity":"","overlay-gradient":""}},"ast-content-background-meta":{"desktop":{"background-color":"var(--ast-global-color-5)","background-image":"","background-repeat":"repeat","background-position":"center center","background-size":"auto","background-attachment":"scroll","background-type":"","background-media":"","overlay-type":"","overlay-color":"","overlay-opacity":"","overlay-gradient":""},"tablet":{"background-color":"var(--ast-global-color-5)","background-image":"","background-repeat":"repeat","background-position":"center center","background-size":"auto","background-attachment":"scroll","background-type":"","background-media":"","overlay-type":"","overlay-color":"","overlay-opacity":"","overlay-gradient":""},"mobile":{"background-color":"var(--ast-global-color-5)","background-image":"","background-repeat":"repeat","background-position":"center center","background-size":"auto","background-attachment":"scroll","background-type":"","background-media":"","overlay-type":"","overlay-color":"","overlay-opacity":"","overlay-gradient":""}},"footnotes":""},"class_list":["post-3491","page","type-page","status-publish","hentry"],"post_mailing_queue_ids":[],"_links":{"self":[{"href":"https:\/\/agora.xtec.cat\/ceiplacaixa\/wp-json\/wp\/v2\/pages\/3491","targetHints":{"allow":["GET"]}}],"collection":[{"href":"https:\/\/agora.xtec.cat\/ceiplacaixa\/wp-json\/wp\/v2\/pages"}],"about":[{"href":"https:\/\/agora.xtec.cat\/ceiplacaixa\/wp-json\/wp\/v2\/types\/page"}],"author":[{"embeddable":true,"href":"https:\/\/agora.xtec.cat\/ceiplacaixa\/wp-json\/wp\/v2\/users\/3"}],"replies":[{"embeddable":true,"href":"https:\/\/agora.xtec.cat\/ceiplacaixa\/wp-json\/wp\/v2\/comments?post=3491"}],"version-history":[{"count":5,"href":"https:\/\/agora.xtec.cat\/ceiplacaixa\/wp-json\/wp\/v2\/pages\/3491\/revisions"}],"predecessor-version":[{"id":4520,"href":"https:\/\/agora.xtec.cat\/ceiplacaixa\/wp-json\/wp\/v2\/pages\/3491\/revisions\/4520"}],"up":[{"embeddable":true,"href":"https:\/\/agora.xtec.cat\/ceiplacaixa\/wp-json\/wp\/v2\/pages\/3433"}],"wp:attachment":[{"href":"https:\/\/agora.xtec.cat\/ceiplacaixa\/wp-json\/wp\/v2\/media?parent=3491"}],"curies":[{"name":"wp","href":"https:\/\/api.w.org\/{rel}","templated":true}]}}