{"id":34,"date":"2014-09-18T12:32:18","date_gmt":"2014-09-18T11:32:18","guid":{"rendered":"http:\/\/agora.xtec.cat\/ceiplacaixa\/?page_id=34"},"modified":"2024-07-05T14:18:46","modified_gmt":"2024-07-05T12:18:46","slug":"oferta-educativa","status":"publish","type":"page","link":"https:\/\/agora.xtec.cat\/ceiplacaixa\/lescola\/oferta-educativa\/","title":{"rendered":"NOFC &#8211; Normes de Funcionament i Organitzaci\u00f3 de Centre"},"content":{"rendered":"<p>L\u2019exist\u00e8ncia de <strong>normes d&#8217;organitzaci\u00f3 i de funcionament<\/strong> <strong>(NOFC)<\/strong> \u00e9s necess\u00e0ria en qualsevol col\u00b7lectiu i m\u00e9s encara en una escola, on tamb\u00e9 esdev\u00e9 un element educatiu cabdal.<\/p>\n<p><a href=\"https:\/\/drive.google.com\/file\/d\/1omLqowG4fzIoBxzSdYTWmBI0EdWm4jpN\/view?usp=drive_link\"><img loading=\"lazy\" decoding=\"async\" class=\"aligncenter size-full wp-image-3390\" src=\"https:\/\/agora.xtec.cat\/ceiplacaixa\/wp-content\/uploads\/usu1455\/2024\/04\/portada-NOFC.png\" alt=\"\" width=\"354\" height=\"500\" srcset=\"https:\/\/agora.xtec.cat\/ceiplacaixa\/wp-content\/uploads\/usu1455\/2024\/04\/portada-NOFC.png 354w, https:\/\/agora.xtec.cat\/ceiplacaixa\/wp-content\/uploads\/usu1455\/2024\/04\/portada-NOFC-212x300.png 212w\" sizes=\"auto, (max-width: 354px) 100vw, 354px\" \/><\/a><\/p>\n<p>&nbsp;<\/p>\n<p>A banda de les NOFC, a\u00a0principi de cada curs fem arribar a les fam\u00edlies el <a href=\"https:\/\/agora.xtec.cat\/ceiplacaixa\/projecte-educatiu\/recull-informatiu\/\">Recull Informatiu<\/a> on es pot trobar tota la informaci\u00f3 rellevant respecte al curs vigent.<\/p>\n<table>\n<tbody>\n<tr>\n<td style=\"width: 258.4px; text-align: center; vertical-align: middle;\">\n<h3><strong>PUNTUALITAT<\/strong><\/h3>\n<\/td>\n<td style=\"width: 730.4px;\">\n<p style=\"font-family: 'Helvetica Neue', Helvetica, Helvetica, Arial, sans-serif; font-size: 16px;\">La puntualitat \u00e9s un h\u00e0bit que t\u00e9 molta import\u00e0ncia i en el qual la col\u00b7laboraci\u00f3 de la fam\u00edlia \u00e9s imprescindible.<\/p>\n<\/td>\n<\/tr>\n<tr>\n<td style=\"width: 258.4px; text-align: center; vertical-align: middle;\">\n<h3><strong>ENTRADES I SORTIDES<\/strong><\/h3>\n<\/td>\n<td style=\"width: 730.4px;\">\n<p style=\"font-family: 'Helvetica Neue', Helvetica, Helvetica, Arial, sans-serif; font-size: 16px;\"><span style=\"background-color: #ffffff;\">Els alumnes entren i surten per la porta principal assignada al seu nivell. <\/span><\/p>\n<p style=\"font-family: 'Helvetica Neue', Helvetica, Helvetica, Arial, sans-serif; font-size: 16px;\"><span style=\"background-color: #ffffff;\">A prim\u00e0ria, els acompanyants no poden entrar a les classes o circular pels passadissos en horari lectiu. <\/span><\/p>\n<\/td>\n<\/tr>\n<tr>\n<td style=\"width: 258.4px; text-align: center; vertical-align: middle;\">\n<h3><strong>ABS\u00c8NCIES I RETARDS<\/strong><\/h3>\n<\/td>\n<td style=\"width: 730.4px;\">\n<p style=\"font-family: 'Helvetica Neue', Helvetica, Helvetica, Arial, sans-serif; font-size: 16px;\">Si \u00e9s possible es notificaran per endavant al tutor\/a i sempre caldr\u00e0 justificar-les per escrit a trav\u00e9s de l\u2019agenda. Es pot informar al\/a la mestre tutor\/a a trav\u00e9s del seu correu corporatiu.<span style=\"background-color: #ffffff;\"><br \/>\n<\/span><\/p>\n<\/td>\n<\/tr>\n<tr>\n<td style=\"width: 258.4px; text-align: center; vertical-align: middle;\">\n<h3><strong>ENTREVISTES<\/strong><\/h3>\n<\/td>\n<td style=\"width: 730.4px;\">\n<p style=\"font-family: 'Helvetica Neue', Helvetica, Helvetica, Arial, sans-serif; font-size: 16px;\"><span style=\"background-color: #ffffff;\">Les entrevistes amb el\/la tutor\/a corresponent es podran concertar a trav\u00e9s d\u2019una nota escrita a l\u2019agenda. Els\/Les mestres tenen dins l\u2019horari escolar unes hores assignades per a fer les entrevistes. Es demana que les fam\u00edlies s\u2019ajustin al m\u00e0xim a aquesta disponibilitat.\u00a0<\/span><\/p>\n<\/td>\n<\/tr>\n<tr>\n<td style=\"width: 258.4px; text-align: center; vertical-align: middle;\">\n<h3><strong>SORTIDES ESCOLARS<\/strong><\/h3>\n<\/td>\n<td style=\"width: 730.4px;\">Formen part de la Programaci\u00f3 General del Curs i \u00e9s imprescindible la presentaci\u00f3 de l\u2019autoritzaci\u00f3 corresponent degudament signada.<\/p>\n<p>En les activitats acad\u00e8miques realitzades fora de l\u2019escola \u00e9s vigent la mateixa normativa que regeix l\u2019activitat del centre.<\/td>\n<\/tr>\n<tr>\n<td style=\"width: 258.4px; text-align: center; vertical-align: middle;\">\n<h3><strong>SANITAT I HIGIENE<\/strong><\/h3>\n<\/td>\n<td style=\"width: 730.4px;\">Mantenir una acurada neteja personal forma part del respecte envers un mateix i els altres.<\/p>\n<p>Cal comunicar qualsevol problema de tipus m\u00e8dic. En el cas de malalties contagioses cal portar l\u2019alta m\u00e8dica.<\/p>\n<p>En casos excepcionals el professorat podr\u00e0 administrar els medicaments sempre i quan \u00e9s segueixin les pautes indicades en el dossier d\u2019inici de curs.<\/p>\n<p>Els nens\/ es que tinguin polls, ll\u00e9menes o altres par\u00e0sits o han de comunicar diligentment al tutor\/a i aplicar les mesures as\u00e8ptiques pertinents.<\/p>\n<p>Consulteu tamb\u00e9 la normativa respecte aquest any al Recull Informatiu.<\/td>\n<\/tr>\n<tr>\n<td style=\"width: 258.4px; text-align: center; vertical-align: middle;\">\n<h3><strong>MATERIAL I JOGUINES<\/strong><\/h3>\n<\/td>\n<td style=\"width: 730.4px;\">A l\u2019escola nom\u00e9s s\u2019han de portar objectes d\u2019\u00fas escolar.<\/p>\n<p>No \u00e9s perm\u00e8s portar joguines, m\u00f2bils, MP3, aparells electr\u00f2nics, diners o d\u2019altres objectes de valor dels quals no ens en podr\u00edem fer responsables en cas de p\u00e8rdua, desperfecte o mal \u00fas.<\/td>\n<\/tr>\n<tr>\n<td style=\"width: 258.4px; text-align: center; vertical-align: middle;\">\n<h3><strong>VESTUARI<\/strong><\/h3>\n<\/td>\n<td style=\"width: 730.4px;\">El xandall de l\u2019escola per l\u2019Educaci\u00f3 F\u00edsica i les sortides. Tota la roba ha d\u2019estar degudament marcada.<\/td>\n<\/tr>\n<tr>\n<td style=\"width: 258.4px; text-align: center; vertical-align: middle;\">\n<h3><strong>DEURES I FEINES A CASA<\/strong><\/h3>\n<\/td>\n<td style=\"width: 730.4px;\">\u00c9s important dedicar una estona di\u00e0ria a repassar all\u00f2 que es va fent a classe, acabar alguna tasca iniciada a l\u2019escola o fer petits exercicis que reforcin el que s\u2019ha treballat.<\/td>\n<\/tr>\n<tr>\n<td style=\"width: 258.4px; text-align: center; vertical-align: middle;\">\n<h3><strong>AGENDA (cicles mitj\u00e0 i superior)<\/strong><\/h3>\n<\/td>\n<td style=\"width: 730.4px;\">Caldr\u00e0 dur-la di\u00e0riament i ser\u00e0 el mitj\u00e0 de comunicaci\u00f3 entre l\u2019escola i la fam\u00edlia. Totes les incid\u00e8ncies i comunicacions (retards, abs\u00e8ncies&#8230;) s\u2019hauran d\u2019anotar a l\u2019agenda. Tamb\u00e9 s\u2019hi anotaran els deures i enc\u00e0rrecs que es facin des de l\u2019escola.<\/td>\n<\/tr>\n<tr>\n<td style=\"width: 258.4px; text-align: center; vertical-align: middle;\">\n<h3><strong>NORMES DE CONVIV\u00c8NCIA<\/strong><\/h3>\n<\/td>\n<td style=\"width: 730.4px;\">\n<p style=\"font-family: 'Helvetica Neue', Helvetica, Helvetica, Arial, sans-serif; font-size: 16px;\">Per aconseguir una bona conviv\u00e8ncia cal tenir una actitud de RESPECTE envers un mateix, els companys, professorat i personal del Centre.\u00a0Aquesta actitud de respecte s\u2019ha de mantenir tant a l\u2019aula com en la pr\u00e0ctica de l\u2019esport, en el joc i en les sortides.<\/p>\n<p style=\"font-family: 'Helvetica Neue', Helvetica, Helvetica, Arial, sans-serif; font-size: 16px;\">L\u2019estudi \u00e9s un dret i un deure de tots els alumnes. Ser responsables, tenir una actitud correcte a classe, mantenir l\u2019atenci\u00f3, respectar el torn de paraula i participar en les activitats, facilita un bon ambient de treball i millora el rendiment escolar.<\/p>\n<p style=\"font-family: 'Helvetica Neue', Helvetica, Helvetica, Arial, sans-serif; font-size: 16px;\">El respecte als altres implica tamb\u00e9 el respecte al seu treball. Per aix\u00f2 \u00e9s necessari despla\u00e7ar-se correctament per l\u2019escola, sense c\u00f3rrer ni fer soroll o crits.<\/p>\n<p style=\"font-family: 'Helvetica Neue', Helvetica, Helvetica, Arial, sans-serif; font-size: 16px;\">Cal tenir cura de les instal\u00b7lacions, les depend\u00e8ncies de l\u2019escola (aules, lavabos, menjador&#8230;), el mobiliari, i el material com\u00fa o personal, vetllant per la seva neteja i conservaci\u00f3.<\/p>\n<\/td>\n<\/tr>\n<tr>\n<td style=\"width: 258.4px; text-align: center; vertical-align: middle;\">\n<h3><strong>TRACTAMENT DE DADES<\/strong><\/h3>\n<\/td>\n<td style=\"width: 730.4px;\">\n<p style=\"font-family: 'Helvetica Neue', Helvetica, Helvetica, Arial, sans-serif; font-size: 16px;\">La majoria de tractaments ja estan &#8220;declarats&#8221; pel Departament d&#8217;Educaci\u00f3 (accediu a la informaci\u00f3 completa en aquest <a href=\"https:\/\/educacio.gencat.cat\/ca\/Detall\/alumnes-centres-departament#bloc6\">enlla\u00e7<\/a>).<\/p>\n<\/td>\n<\/tr>\n<\/tbody>\n<\/table>\n<p>&nbsp;<\/p>\n<p>&nbsp;<\/p>\n<p>&nbsp;<\/p>\n","protected":false},"excerpt":{"rendered":"<p>L\u2019exist\u00e8ncia de normes d&#8217;organitzaci\u00f3 i de funcionament (NOFC) \u00e9s necess\u00e0ria en qualsevol col\u00b7lectiu i m\u00e9s encara en una escola, on tamb\u00e9 esdev\u00e9 un element educatiu cabdal. &nbsp; A banda de les NOFC, a\u00a0principi de cada curs fem arribar a les fam\u00edlies el Recull Informatiu on es pot trobar tota la informaci\u00f3 rellevant respecte al curs [&hellip;]<\/p>\n","protected":false},"author":1,"featured_media":0,"parent":22,"menu_order":30,"comment_status":"closed","ping_status":"closed","template":"page-templates\/side-menu.php","meta":{"_bbp_topic_count":0,"_bbp_reply_count":0,"_bbp_total_topic_count":0,"_bbp_total_reply_count":0,"_bbp_voice_count":0,"_bbp_anonymous_reply_count":0,"_bbp_topic_count_hidden":0,"_bbp_reply_count_hidden":0,"_bbp_forum_subforum_count":0,"site-sidebar-layout":"default","site-content-layout":"","ast-site-content-layout":"","site-content-style":"default","site-sidebar-style":"default","ast-global-header-display":"","ast-banner-title-visibility":"","ast-main-header-display":"","ast-hfb-above-header-display":"","ast-hfb-below-header-display":"","ast-hfb-mobile-header-display":"","site-post-title":"","ast-breadcrumbs-content":"","ast-featured-img":"","footer-sml-layout":"","theme-transparent-header-meta":"","adv-header-id-meta":"","stick-header-meta":"","header-above-stick-meta":"","header-main-stick-meta":"","header-below-stick-meta":"","astra-migrate-meta-layouts":"default","ast-page-background-enabled":"default","ast-page-background-meta":{"desktop":{"background-color":"var(--ast-global-color-4)","background-image":"","background-repeat":"repeat","background-position":"center center","background-size":"auto","background-attachment":"scroll","background-type":"","background-media":"","overlay-type":"","overlay-color":"","overlay-opacity":"","overlay-gradient":""},"tablet":{"background-color":"","background-image":"","background-repeat":"repeat","background-position":"center center","background-size":"auto","background-attachment":"scroll","background-type":"","background-media":"","overlay-type":"","overlay-color":"","overlay-opacity":"","overlay-gradient":""},"mobile":{"background-color":"","background-image":"","background-repeat":"repeat","background-position":"center center","background-size":"auto","background-attachment":"scroll","background-type":"","background-media":"","overlay-type":"","overlay-color":"","overlay-opacity":"","overlay-gradient":""}},"ast-content-background-meta":{"desktop":{"background-color":"var(--ast-global-color-5)","background-image":"","background-repeat":"repeat","background-position":"center center","background-size":"auto","background-attachment":"scroll","background-type":"","background-media":"","overlay-type":"","overlay-color":"","overlay-opacity":"","overlay-gradient":""},"tablet":{"background-color":"var(--ast-global-color-5)","background-image":"","background-repeat":"repeat","background-position":"center center","background-size":"auto","background-attachment":"scroll","background-type":"","background-media":"","overlay-type":"","overlay-color":"","overlay-opacity":"","overlay-gradient":""},"mobile":{"background-color":"var(--ast-global-color-5)","background-image":"","background-repeat":"repeat","background-position":"center center","background-size":"auto","background-attachment":"scroll","background-type":"","background-media":"","overlay-type":"","overlay-color":"","overlay-opacity":"","overlay-gradient":""}},"footnotes":""},"class_list":["post-34","page","type-page","status-publish","hentry"],"post_mailing_queue_ids":[],"_links":{"self":[{"href":"https:\/\/agora.xtec.cat\/ceiplacaixa\/wp-json\/wp\/v2\/pages\/34","targetHints":{"allow":["GET"]}}],"collection":[{"href":"https:\/\/agora.xtec.cat\/ceiplacaixa\/wp-json\/wp\/v2\/pages"}],"about":[{"href":"https:\/\/agora.xtec.cat\/ceiplacaixa\/wp-json\/wp\/v2\/types\/page"}],"author":[{"embeddable":true,"href":"https:\/\/agora.xtec.cat\/ceiplacaixa\/wp-json\/wp\/v2\/users\/1"}],"replies":[{"embeddable":true,"href":"https:\/\/agora.xtec.cat\/ceiplacaixa\/wp-json\/wp\/v2\/comments?post=34"}],"version-history":[{"count":7,"href":"https:\/\/agora.xtec.cat\/ceiplacaixa\/wp-json\/wp\/v2\/pages\/34\/revisions"}],"predecessor-version":[{"id":3581,"href":"https:\/\/agora.xtec.cat\/ceiplacaixa\/wp-json\/wp\/v2\/pages\/34\/revisions\/3581"}],"up":[{"embeddable":true,"href":"https:\/\/agora.xtec.cat\/ceiplacaixa\/wp-json\/wp\/v2\/pages\/22"}],"wp:attachment":[{"href":"https:\/\/agora.xtec.cat\/ceiplacaixa\/wp-json\/wp\/v2\/media?parent=34"}],"curies":[{"name":"wp","href":"https:\/\/api.w.org\/{rel}","templated":true}]}}