{"id":3351,"date":"2024-03-05T12:19:19","date_gmt":"2024-03-05T11:19:19","guid":{"rendered":"https:\/\/agora.xtec.cat\/ceiplacaixa\/?page_id=3351"},"modified":"2025-02-20T16:09:50","modified_gmt":"2025-02-20T15:09:50","slug":"residu-zero","status":"publish","type":"page","link":"https:\/\/agora.xtec.cat\/ceiplacaixa\/projecte-educatiu\/caixes-daprenentatge\/residu-zero\/","title":{"rendered":"Residu Zero"},"content":{"rendered":"<p><a href=\"https:\/\/agora.xtec.cat\/ceiplacaixa\/wp-content\/uploads\/usu1455\/2024\/03\/White-Photocentric-Modern-Youre-Wonderful-Photo-Instagram-Story-1.png\"><img loading=\"lazy\" decoding=\"async\" class=\"wp-image-3371 alignleft\" src=\"https:\/\/agora.xtec.cat\/ceiplacaixa\/wp-content\/uploads\/usu1455\/2024\/03\/White-Photocentric-Modern-Youre-Wonderful-Photo-Instagram-Story-1-576x1024.png\" alt=\"\" width=\"209\" height=\"371\" srcset=\"https:\/\/agora.xtec.cat\/ceiplacaixa\/wp-content\/uploads\/usu1455\/2024\/03\/White-Photocentric-Modern-Youre-Wonderful-Photo-Instagram-Story-1-576x1024.png 576w, https:\/\/agora.xtec.cat\/ceiplacaixa\/wp-content\/uploads\/usu1455\/2024\/03\/White-Photocentric-Modern-Youre-Wonderful-Photo-Instagram-Story-1-169x300.png 169w, https:\/\/agora.xtec.cat\/ceiplacaixa\/wp-content\/uploads\/usu1455\/2024\/03\/White-Photocentric-Modern-Youre-Wonderful-Photo-Instagram-Story-1-768x1365.png 768w, https:\/\/agora.xtec.cat\/ceiplacaixa\/wp-content\/uploads\/usu1455\/2024\/03\/White-Photocentric-Modern-Youre-Wonderful-Photo-Instagram-Story-1-864x1536.png 864w, https:\/\/agora.xtec.cat\/ceiplacaixa\/wp-content\/uploads\/usu1455\/2024\/03\/White-Photocentric-Modern-Youre-Wonderful-Photo-Instagram-Story-1.png 1080w\" sizes=\"auto, (max-width: 209px) 100vw, 209px\" \/><\/a><\/p>\n<p style=\"text-align: left;\"><span style=\"font-weight: 400;\">L\u2019escola forma part del pograma d\u2019Escoles+Sostenibles, fet que fa que treballem de forma transversal amb tota la comunitat educativa per estar cada vegada m\u00e9s conscienciats en crear un entorn m\u00e9s sostenible. Amb aquest PCI es pret\u00e9n treballar el reciclatge i reducci\u00f3 de residus de manera divertida i interactiva.\u00a0<\/span><\/p>\n<p style=\"text-align: left;\"><span style=\"font-weight: 400;\">L\u2019alumnat aprendr\u00e0 vocabulari, conceptes clau, mitjan\u00e7ant jocs i fitxes de relaci\u00f3 sobre el reciclatge; a m\u00e9s reflexionaran envers la import\u00e0ncia de reduir, reutilitzar i reciclar per a cuidar el dia a dia de l\u2019escola i analitzaran les accions que es duen a terme i aquelles que cal millorar a l\u2019escola. Com a tasca final i partint d\u2019aquesta reflexi\u00f3, crearan un v\u00eddeo de conscienciaci\u00f3 per informar a la resta de la comunitat.<\/span><\/p>\n<p>&nbsp;<\/p>\n<p>&nbsp;<\/p>\n<p>&nbsp;<\/p>\n<p><a href=\"https:\/\/agora.xtec.cat\/ceiplacaixa\/wp-content\/uploads\/usu1455\/2024\/03\/1710759457360.jpg\"><img loading=\"lazy\" decoding=\"async\" class=\"wp-image-3380 alignleft\" src=\"https:\/\/agora.xtec.cat\/ceiplacaixa\/wp-content\/uploads\/usu1455\/2024\/03\/1710759457360-1024x705.jpg\" alt=\"\" width=\"223\" height=\"154\" srcset=\"https:\/\/agora.xtec.cat\/ceiplacaixa\/wp-content\/uploads\/usu1455\/2024\/03\/1710759457360-1024x705.jpg 1024w, https:\/\/agora.xtec.cat\/ceiplacaixa\/wp-content\/uploads\/usu1455\/2024\/03\/1710759457360-300x207.jpg 300w, https:\/\/agora.xtec.cat\/ceiplacaixa\/wp-content\/uploads\/usu1455\/2024\/03\/1710759457360-768x529.jpg 768w, https:\/\/agora.xtec.cat\/ceiplacaixa\/wp-content\/uploads\/usu1455\/2024\/03\/1710759457360-1536x1057.jpg 1536w, https:\/\/agora.xtec.cat\/ceiplacaixa\/wp-content\/uploads\/usu1455\/2024\/03\/1710759457360.jpg 1643w\" sizes=\"auto, (max-width: 223px) 100vw, 223px\" \/><\/a> <a href=\"https:\/\/agora.xtec.cat\/ceiplacaixa\/wp-content\/uploads\/usu1455\/2024\/03\/1710759457370-1.jpg\"><img loading=\"lazy\" decoding=\"async\" class=\"alignnone wp-image-3381\" src=\"https:\/\/agora.xtec.cat\/ceiplacaixa\/wp-content\/uploads\/usu1455\/2024\/03\/1710759457370-1.jpg\" alt=\"\" width=\"273\" height=\"164\" srcset=\"https:\/\/agora.xtec.cat\/ceiplacaixa\/wp-content\/uploads\/usu1455\/2024\/03\/1710759457370-1.jpg 545w, https:\/\/agora.xtec.cat\/ceiplacaixa\/wp-content\/uploads\/usu1455\/2024\/03\/1710759457370-1-300x181.jpg 300w\" sizes=\"auto, (max-width: 273px) 100vw, 273px\" \/><\/a> <a href=\"https:\/\/agora.xtec.cat\/ceiplacaixa\/wp-content\/uploads\/usu1455\/2024\/03\/1710759457379.jpg\"><img loading=\"lazy\" decoding=\"async\" class=\"alignnone wp-image-3382\" src=\"https:\/\/agora.xtec.cat\/ceiplacaixa\/wp-content\/uploads\/usu1455\/2024\/03\/1710759457379.jpg\" alt=\"\" width=\"191\" height=\"158\" srcset=\"https:\/\/agora.xtec.cat\/ceiplacaixa\/wp-content\/uploads\/usu1455\/2024\/03\/1710759457379.jpg 1024w, https:\/\/agora.xtec.cat\/ceiplacaixa\/wp-content\/uploads\/usu1455\/2024\/03\/1710759457379-300x250.jpg 300w, https:\/\/agora.xtec.cat\/ceiplacaixa\/wp-content\/uploads\/usu1455\/2024\/03\/1710759457379-768x635.jpg 768w\" sizes=\"auto, (max-width: 191px) 100vw, 191px\" \/><\/a><\/p>\n","protected":false},"excerpt":{"rendered":"<p>L\u2019escola forma part del pograma d\u2019Escoles+Sostenibles, fet que fa que treballem de forma transversal amb tota la comunitat educativa per estar cada vegada m\u00e9s conscienciats en crear un entorn m\u00e9s sostenible. Amb aquest PCI es pret\u00e9n treballar el reciclatge i reducci\u00f3 de residus de manera divertida i interactiva.\u00a0 L\u2019alumnat aprendr\u00e0 vocabulari, conceptes clau, mitjan\u00e7ant jocs [&hellip;]<\/p>\n","protected":false},"author":1,"featured_media":0,"parent":3847,"menu_order":0,"comment_status":"closed","ping_status":"closed","template":"","meta":{"_bbp_topic_count":0,"_bbp_reply_count":0,"_bbp_total_topic_count":0,"_bbp_total_reply_count":0,"_bbp_voice_count":0,"_bbp_anonymous_reply_count":0,"_bbp_topic_count_hidden":0,"_bbp_reply_count_hidden":0,"_bbp_forum_subforum_count":0,"site-sidebar-layout":"default","site-content-layout":"","ast-site-content-layout":"","site-content-style":"default","site-sidebar-style":"default","ast-global-header-display":"","ast-banner-title-visibility":"","ast-main-header-display":"","ast-hfb-above-header-display":"","ast-hfb-below-header-display":"","ast-hfb-mobile-header-display":"","site-post-title":"","ast-breadcrumbs-content":"","ast-featured-img":"","footer-sml-layout":"","theme-transparent-header-meta":"","adv-header-id-meta":"","stick-header-meta":"","header-above-stick-meta":"","header-main-stick-meta":"","header-below-stick-meta":"","astra-migrate-meta-layouts":"default","ast-page-background-enabled":"default","ast-page-background-meta":{"desktop":{"background-color":"var(--ast-global-color-4)","background-image":"","background-repeat":"repeat","background-position":"center center","background-size":"auto","background-attachment":"scroll","background-type":"","background-media":"","overlay-type":"","overlay-color":"","overlay-opacity":"","overlay-gradient":""},"tablet":{"background-color":"","background-image":"","background-repeat":"repeat","background-position":"center center","background-size":"auto","background-attachment":"scroll","background-type":"","background-media":"","overlay-type":"","overlay-color":"","overlay-opacity":"","overlay-gradient":""},"mobile":{"background-color":"","background-image":"","background-repeat":"repeat","background-position":"center center","background-size":"auto","background-attachment":"scroll","background-type":"","background-media":"","overlay-type":"","overlay-color":"","overlay-opacity":"","overlay-gradient":""}},"ast-content-background-meta":{"desktop":{"background-color":"var(--ast-global-color-5)","background-image":"","background-repeat":"repeat","background-position":"center center","background-size":"auto","background-attachment":"scroll","background-type":"","background-media":"","overlay-type":"","overlay-color":"","overlay-opacity":"","overlay-gradient":""},"tablet":{"background-color":"var(--ast-global-color-5)","background-image":"","background-repeat":"repeat","background-position":"center center","background-size":"auto","background-attachment":"scroll","background-type":"","background-media":"","overlay-type":"","overlay-color":"","overlay-opacity":"","overlay-gradient":""},"mobile":{"background-color":"var(--ast-global-color-5)","background-image":"","background-repeat":"repeat","background-position":"center center","background-size":"auto","background-attachment":"scroll","background-type":"","background-media":"","overlay-type":"","overlay-color":"","overlay-opacity":"","overlay-gradient":""}},"footnotes":""},"class_list":["post-3351","page","type-page","status-publish","hentry"],"post_mailing_queue_ids":[],"_links":{"self":[{"href":"https:\/\/agora.xtec.cat\/ceiplacaixa\/wp-json\/wp\/v2\/pages\/3351","targetHints":{"allow":["GET"]}}],"collection":[{"href":"https:\/\/agora.xtec.cat\/ceiplacaixa\/wp-json\/wp\/v2\/pages"}],"about":[{"href":"https:\/\/agora.xtec.cat\/ceiplacaixa\/wp-json\/wp\/v2\/types\/page"}],"author":[{"embeddable":true,"href":"https:\/\/agora.xtec.cat\/ceiplacaixa\/wp-json\/wp\/v2\/users\/1"}],"replies":[{"embeddable":true,"href":"https:\/\/agora.xtec.cat\/ceiplacaixa\/wp-json\/wp\/v2\/comments?post=3351"}],"version-history":[{"count":6,"href":"https:\/\/agora.xtec.cat\/ceiplacaixa\/wp-json\/wp\/v2\/pages\/3351\/revisions"}],"predecessor-version":[{"id":3383,"href":"https:\/\/agora.xtec.cat\/ceiplacaixa\/wp-json\/wp\/v2\/pages\/3351\/revisions\/3383"}],"up":[{"embeddable":true,"href":"https:\/\/agora.xtec.cat\/ceiplacaixa\/wp-json\/wp\/v2\/pages\/3847"}],"wp:attachment":[{"href":"https:\/\/agora.xtec.cat\/ceiplacaixa\/wp-json\/wp\/v2\/media?parent=3351"}],"curies":[{"name":"wp","href":"https:\/\/api.w.org\/{rel}","templated":true}]}}