{"id":1455,"date":"2021-11-29T15:54:29","date_gmt":"2021-11-29T14:54:29","guid":{"rendered":"https:\/\/agora.xtec.cat\/ceiplacaixa\/?page_id=1455"},"modified":"2025-12-18T15:56:20","modified_gmt":"2025-12-18T14:56:20","slug":"consell-escolar","status":"publish","type":"page","link":"https:\/\/agora.xtec.cat\/ceiplacaixa\/comunitat-educativa\/consell-escolar\/","title":{"rendered":"Consell Escolar"},"content":{"rendered":"<p><span style=\"font-weight: 400;\">\u00c9s l&#8217;\u00f2rgan de govern del centre. Est\u00e0 compost per representants del personal docent, del personal d&#8217;administraci\u00f3 i serveis, de fam\u00edlies, de l&#8217;associaci\u00f3 de fam\u00edlies i un representant de l&#8217;Ajuntament.<\/span><span style=\"font-weight: 400;\"> Els membres del Consell Escolar s\u00f3n elegits per votaci\u00f3 per un per\u00edode de quatre anys.<\/span><\/p>\n<p><span style=\"font-weight: 400;\">Als centres p\u00fablics com el nostre, la funci\u00f3 principal del Consell Escolar \u00e9s participar en la presa de decisions dels temes importants per al funcionament i l&#8217;organitzaci\u00f3 del centre: el projecte educatiu, la programaci\u00f3 general, la gesti\u00f3 econ\u00f2mica, etc.<\/span><\/p>\n<table style=\"width: 100%; border-collapse: collapse;\">\n<tbody>\n<tr>\n<td style=\"width: 19.5552%;\">\n<h4>Equip directiu<\/h4>\n<\/td>\n<td style=\"width: 23.2536%;\">\n<h4>Sector mestres<\/h4>\n<\/td>\n<td style=\"width: 24.2809%;\">\n<h4>Sector fam\u00edlies<\/h4>\n<\/td>\n<td style=\"width: 16.9627%;\">\n<h4>Ajuntament<\/h4>\n<\/td>\n<td style=\"width: 15.9475%;\">\n<h4>PAS<\/h4>\n<\/td>\n<\/tr>\n<tr>\n<td style=\"width: 19.5552%;\">Gemma Jov\u00e9Natalia Figueruelo<\/p>\n<p>Mar Ib\u00e1\u00f1ez<\/td>\n<td style=\"width: 23.2536%;\">Rebeca Mu\u00f1oz<\/p>\n<p>Isabel Blancas<\/p>\n<p>Sandra Mart\u00ednez<\/p>\n<p>Margarita Escoll<\/p>\n<p>Jawa Camara<\/td>\n<td style=\"width: 24.2809%;\">Soraya Blasco<\/p>\n<p>Jaime Ariza<\/p>\n<p>Desir\u00e9 Tarrasa Chill\u00f3n<\/p>\n<p>Ceidy Tatiana Medina<\/p>\n<p>Iolanda Batet (representant AFA)<\/td>\n<td style=\"width: 16.9627%;\">Carme Herrero<\/td>\n<td style=\"width: 15.9475%;\">I\u00f1aki Corada<\/td>\n<\/tr>\n<\/tbody>\n<\/table>\n<table style=\"border-collapse: collapse; width: 100%;\">\n<tbody>\n<tr>\n<td style=\"width: 50%;\"><a href=\"https:\/\/drive.google.com\/drive\/folders\/1OOVzkp90vPW_ELJyv5eOhcV98pV_aA8y?usp=sharing\"><strong><img loading=\"lazy\" decoding=\"async\" class=\"aligncenter  wp-image-2957\" src=\"https:\/\/agora.xtec.cat\/ceiplacaixa\/wp-content\/uploads\/usu1455\/2023\/11\/acta.png\" alt=\"\" width=\"294\" height=\"301\" srcset=\"https:\/\/agora.xtec.cat\/ceiplacaixa\/wp-content\/uploads\/usu1455\/2023\/11\/acta.png 405w, https:\/\/agora.xtec.cat\/ceiplacaixa\/wp-content\/uploads\/usu1455\/2023\/11\/acta-293x300.png 293w\" sizes=\"auto, (max-width: 294px) 100vw, 294px\" \/><\/strong><\/a><\/p>\n<h4 style=\"text-align: center;\"><strong>Accedeix a les <a href=\"https:\/\/drive.google.com\/drive\/folders\/1OOVzkp90vPW_ELJyv5eOhcV98pV_aA8y?usp=sharing\">actes<\/a> de les reunions de Consell Escolar<\/strong><\/h4>\n<\/td>\n<\/tr>\n<\/tbody>\n<\/table>\n","protected":false},"excerpt":{"rendered":"<p>\u00c9s l&#8217;\u00f2rgan de govern del centre. Est\u00e0 compost per representants del personal docent, del personal d&#8217;administraci\u00f3 i serveis, de fam\u00edlies, de l&#8217;associaci\u00f3 de fam\u00edlies i un representant de l&#8217;Ajuntament. Els membres del Consell Escolar s\u00f3n elegits per votaci\u00f3 per un per\u00edode de quatre anys. Als centres p\u00fablics com el nostre, la funci\u00f3 principal del Consell [&hellip;]<\/p>\n","protected":false},"author":3,"featured_media":0,"parent":1452,"menu_order":0,"comment_status":"closed","ping_status":"closed","template":"","meta":{"_bbp_topic_count":0,"_bbp_reply_count":0,"_bbp_total_topic_count":0,"_bbp_total_reply_count":0,"_bbp_voice_count":0,"_bbp_anonymous_reply_count":0,"_bbp_topic_count_hidden":0,"_bbp_reply_count_hidden":0,"_bbp_forum_subforum_count":0,"site-sidebar-layout":"default","site-content-layout":"","ast-site-content-layout":"default","site-content-style":"default","site-sidebar-style":"default","ast-global-header-display":"","ast-banner-title-visibility":"","ast-main-header-display":"","ast-hfb-above-header-display":"","ast-hfb-below-header-display":"","ast-hfb-mobile-header-display":"","site-post-title":"","ast-breadcrumbs-content":"","ast-featured-img":"","footer-sml-layout":"","theme-transparent-header-meta":"","adv-header-id-meta":"","stick-header-meta":"","header-above-stick-meta":"","header-main-stick-meta":"","header-below-stick-meta":"","astra-migrate-meta-layouts":"set","ast-page-background-enabled":"default","ast-page-background-meta":{"desktop":{"background-color":"var(--ast-global-color-4)","background-image":"","background-repeat":"repeat","background-position":"center center","background-size":"auto","background-attachment":"scroll","background-type":"","background-media":"","overlay-type":"","overlay-color":"","overlay-opacity":"","overlay-gradient":""},"tablet":{"background-color":"","background-image":"","background-repeat":"repeat","background-position":"center center","background-size":"auto","background-attachment":"scroll","background-type":"","background-media":"","overlay-type":"","overlay-color":"","overlay-opacity":"","overlay-gradient":""},"mobile":{"background-color":"","background-image":"","background-repeat":"repeat","background-position":"center center","background-size":"auto","background-attachment":"scroll","background-type":"","background-media":"","overlay-type":"","overlay-color":"","overlay-opacity":"","overlay-gradient":""}},"ast-content-background-meta":{"desktop":{"background-color":"var(--ast-global-color-5)","background-image":"","background-repeat":"repeat","background-position":"center center","background-size":"auto","background-attachment":"scroll","background-type":"","background-media":"","overlay-type":"","overlay-color":"","overlay-opacity":"","overlay-gradient":""},"tablet":{"background-color":"var(--ast-global-color-5)","background-image":"","background-repeat":"repeat","background-position":"center center","background-size":"auto","background-attachment":"scroll","background-type":"","background-media":"","overlay-type":"","overlay-color":"","overlay-opacity":"","overlay-gradient":""},"mobile":{"background-color":"var(--ast-global-color-5)","background-image":"","background-repeat":"repeat","background-position":"center center","background-size":"auto","background-attachment":"scroll","background-type":"","background-media":"","overlay-type":"","overlay-color":"","overlay-opacity":"","overlay-gradient":""}},"footnotes":""},"class_list":["post-1455","page","type-page","status-publish","hentry"],"post_mailing_queue_ids":[],"_links":{"self":[{"href":"https:\/\/agora.xtec.cat\/ceiplacaixa\/wp-json\/wp\/v2\/pages\/1455","targetHints":{"allow":["GET"]}}],"collection":[{"href":"https:\/\/agora.xtec.cat\/ceiplacaixa\/wp-json\/wp\/v2\/pages"}],"about":[{"href":"https:\/\/agora.xtec.cat\/ceiplacaixa\/wp-json\/wp\/v2\/types\/page"}],"author":[{"embeddable":true,"href":"https:\/\/agora.xtec.cat\/ceiplacaixa\/wp-json\/wp\/v2\/users\/3"}],"replies":[{"embeddable":true,"href":"https:\/\/agora.xtec.cat\/ceiplacaixa\/wp-json\/wp\/v2\/comments?post=1455"}],"version-history":[{"count":5,"href":"https:\/\/agora.xtec.cat\/ceiplacaixa\/wp-json\/wp\/v2\/pages\/1455\/revisions"}],"predecessor-version":[{"id":4418,"href":"https:\/\/agora.xtec.cat\/ceiplacaixa\/wp-json\/wp\/v2\/pages\/1455\/revisions\/4418"}],"up":[{"embeddable":true,"href":"https:\/\/agora.xtec.cat\/ceiplacaixa\/wp-json\/wp\/v2\/pages\/1452"}],"wp:attachment":[{"href":"https:\/\/agora.xtec.cat\/ceiplacaixa\/wp-json\/wp\/v2\/media?parent=1455"}],"curies":[{"name":"wp","href":"https:\/\/api.w.org\/{rel}","templated":true}]}}