{"id":1304,"date":"2021-09-13T16:33:03","date_gmt":"2021-09-13T14:33:03","guid":{"rendered":"https:\/\/agora.xtec.cat\/ceiplacaixa\/?page_id=1304"},"modified":"2025-09-10T15:08:46","modified_gmt":"2025-09-10T13:08:46","slug":"recull-informatiu","status":"publish","type":"page","link":"https:\/\/agora.xtec.cat\/ceiplacaixa\/projecte-educatiu\/recull-informatiu\/","title":{"rendered":"Recull informatiu"},"content":{"rendered":"<p>En aquest document trobareu la informaci\u00f3 b\u00e0sica necess\u00e0ria per al bon funcionament del curs. A m\u00e9s, a dins del document, teniu a la vostra disposici\u00f3 una c\u00f2pia d&#8217;aquella documentaci\u00f3 i\/o autoritzacions que podeu necessitar en diferents moments.<\/p>\n<h4 style=\"text-align: center;\"><\/h4>\n<p><a href=\"https:\/\/drive.google.com\/file\/d\/1NjiIjq4T_VYXF-EskL-Ry1KmTRphZqMC\/view?usp=drive_link\"><img loading=\"lazy\" decoding=\"async\" class=\"aligncenter wp-image-1305\" src=\"https:\/\/agora.xtec.cat\/ceiplacaixa\/wp-content\/uploads\/usu1455\/2021\/09\/dibuix-recull-informatiu.png\" alt=\"\" width=\"230\" height=\"238\" srcset=\"https:\/\/agora.xtec.cat\/ceiplacaixa\/wp-content\/uploads\/usu1455\/2021\/09\/dibuix-recull-informatiu.png 354w, https:\/\/agora.xtec.cat\/ceiplacaixa\/wp-content\/uploads\/usu1455\/2021\/09\/dibuix-recull-informatiu-290x300.png 290w\" sizes=\"auto, (max-width: 230px) 100vw, 230px\" \/><\/a><\/p>\n<pre style=\"text-align: center;\"><a href=\"https:\/\/drive.google.com\/file\/d\/1NjiIjq4T_VYXF-EskL-Ry1KmTRphZqMC\/view?usp=drive_link\">Clica<\/a> la imatge per veure tot el document\r\n\r\n\r\n<\/pre>\n<table style=\"width: 100%; border-collapse: collapse;\">\n<tbody>\n<tr>\n<td style=\"width: 33.3333%; text-align: center;\"><strong>Autoritzacions<\/strong><\/td>\n<td style=\"width: 33.3333%; text-align: center;\"><strong>Qui la pot necessitar?<\/strong><\/td>\n<\/tr>\n<tr>\n<td style=\"width: 33.3333%;\">Administraci\u00f3 de medicaments<\/td>\n<td style=\"width: 33.3333%;\">Qualsevol alumne\/a de l&#8217;escola, nom\u00e9s en cas necessari<\/td>\n<\/tr>\n<tr>\n<td style=\"width: 33.3333%;\">Al\u00b7l\u00e8rgies o problemes de salut<\/td>\n<td style=\"width: 33.3333%;\">Alumnat nou o canvis<\/td>\n<\/tr>\n<tr>\n<td style=\"width: 33.3333%;\">Drets d&#8217;imatge<\/td>\n<td style=\"width: 33.3333%;\">Alumnat nou i canvis<br \/>\n(a partir d&#8217;aquest curs 21-22 aquest full no tindr\u00e0 data de caducitat).<\/td>\n<\/tr>\n<tr>\n<td style=\"width: 33.3333%;\">Sortida del centre (sol\/acompanyat)<\/td>\n<td style=\"width: 33.3333%;\">Alumnat de 4t, 5\u00e8 o 6\u00e8<\/td>\n<\/tr>\n<tr>\n<td style=\"width: 33.3333%;\">Recollida d&#8217;un infant del centre<\/td>\n<td style=\"width: 33.3333%;\">Alumnat comunitat de petits i mitjans<\/td>\n<\/tr>\n<tr>\n<td style=\"width: 33.3333%;\">usuari @escolacaixa.cat<\/td>\n<td style=\"width: 33.3333%;\">Alumnat de prim\u00e0ria.<\/td>\n<\/tr>\n<tr>\n<td style=\"width: 33.3333%;\">Dinantia<\/td>\n<td style=\"width: 33.3333%;\">Alumnat nou i canvis en les dades.<\/td>\n<\/tr>\n<\/tbody>\n<\/table>\n<p>Les autoritzacions les heu de portar si l&#8217;alumne\/a \u00e9s nou\/nova o voleu realitzar algun canvi.<\/p>\n","protected":false},"excerpt":{"rendered":"<p>En aquest document trobareu la informaci\u00f3 b\u00e0sica necess\u00e0ria per al bon funcionament del curs. A m\u00e9s, a dins del document, teniu a la vostra disposici\u00f3 una c\u00f2pia d&#8217;aquella documentaci\u00f3 i\/o autoritzacions que podeu necessitar en diferents moments. Clica la imatge per veure tot el document Autoritzacions Qui la pot necessitar? Administraci\u00f3 de medicaments Qualsevol alumne\/a [&hellip;]<\/p>\n","protected":false},"author":3,"featured_media":0,"parent":64,"menu_order":40,"comment_status":"closed","ping_status":"closed","template":"page-templates\/side-menu.php","meta":{"_bbp_topic_count":0,"_bbp_reply_count":0,"_bbp_total_topic_count":0,"_bbp_total_reply_count":0,"_bbp_voice_count":0,"_bbp_anonymous_reply_count":0,"_bbp_topic_count_hidden":0,"_bbp_reply_count_hidden":0,"_bbp_forum_subforum_count":0,"site-sidebar-layout":"default","site-content-layout":"","ast-site-content-layout":"","site-content-style":"default","site-sidebar-style":"default","ast-global-header-display":"","ast-banner-title-visibility":"","ast-main-header-display":"","ast-hfb-above-header-display":"","ast-hfb-below-header-display":"","ast-hfb-mobile-header-display":"","site-post-title":"","ast-breadcrumbs-content":"","ast-featured-img":"","footer-sml-layout":"","theme-transparent-header-meta":"","adv-header-id-meta":"","stick-header-meta":"","header-above-stick-meta":"","header-main-stick-meta":"","header-below-stick-meta":"","astra-migrate-meta-layouts":"default","ast-page-background-enabled":"default","ast-page-background-meta":{"desktop":{"background-color":"var(--ast-global-color-4)","background-image":"","background-repeat":"repeat","background-position":"center center","background-size":"auto","background-attachment":"scroll","background-type":"","background-media":"","overlay-type":"","overlay-color":"","overlay-opacity":"","overlay-gradient":""},"tablet":{"background-color":"","background-image":"","background-repeat":"repeat","background-position":"center center","background-size":"auto","background-attachment":"scroll","background-type":"","background-media":"","overlay-type":"","overlay-color":"","overlay-opacity":"","overlay-gradient":""},"mobile":{"background-color":"","background-image":"","background-repeat":"repeat","background-position":"center center","background-size":"auto","background-attachment":"scroll","background-type":"","background-media":"","overlay-type":"","overlay-color":"","overlay-opacity":"","overlay-gradient":""}},"ast-content-background-meta":{"desktop":{"background-color":"var(--ast-global-color-5)","background-image":"","background-repeat":"repeat","background-position":"center center","background-size":"auto","background-attachment":"scroll","background-type":"","background-media":"","overlay-type":"","overlay-color":"","overlay-opacity":"","overlay-gradient":""},"tablet":{"background-color":"var(--ast-global-color-5)","background-image":"","background-repeat":"repeat","background-position":"center center","background-size":"auto","background-attachment":"scroll","background-type":"","background-media":"","overlay-type":"","overlay-color":"","overlay-opacity":"","overlay-gradient":""},"mobile":{"background-color":"var(--ast-global-color-5)","background-image":"","background-repeat":"repeat","background-position":"center center","background-size":"auto","background-attachment":"scroll","background-type":"","background-media":"","overlay-type":"","overlay-color":"","overlay-opacity":"","overlay-gradient":""}},"footnotes":""},"class_list":["post-1304","page","type-page","status-publish","hentry"],"post_mailing_queue_ids":[],"_links":{"self":[{"href":"https:\/\/agora.xtec.cat\/ceiplacaixa\/wp-json\/wp\/v2\/pages\/1304","targetHints":{"allow":["GET"]}}],"collection":[{"href":"https:\/\/agora.xtec.cat\/ceiplacaixa\/wp-json\/wp\/v2\/pages"}],"about":[{"href":"https:\/\/agora.xtec.cat\/ceiplacaixa\/wp-json\/wp\/v2\/types\/page"}],"author":[{"embeddable":true,"href":"https:\/\/agora.xtec.cat\/ceiplacaixa\/wp-json\/wp\/v2\/users\/3"}],"replies":[{"embeddable":true,"href":"https:\/\/agora.xtec.cat\/ceiplacaixa\/wp-json\/wp\/v2\/comments?post=1304"}],"version-history":[{"count":7,"href":"https:\/\/agora.xtec.cat\/ceiplacaixa\/wp-json\/wp\/v2\/pages\/1304\/revisions"}],"predecessor-version":[{"id":4160,"href":"https:\/\/agora.xtec.cat\/ceiplacaixa\/wp-json\/wp\/v2\/pages\/1304\/revisions\/4160"}],"up":[{"embeddable":true,"href":"https:\/\/agora.xtec.cat\/ceiplacaixa\/wp-json\/wp\/v2\/pages\/64"}],"wp:attachment":[{"href":"https:\/\/agora.xtec.cat\/ceiplacaixa\/wp-json\/wp\/v2\/media?parent=1304"}],"curies":[{"name":"wp","href":"https:\/\/api.w.org\/{rel}","templated":true}]}}