{"id":1145,"date":"2021-05-14T14:02:18","date_gmt":"2021-05-14T12:02:18","guid":{"rendered":"https:\/\/agora.xtec.cat\/ceiplacaixa\/?page_id=1145"},"modified":"2026-01-13T11:32:54","modified_gmt":"2026-01-13T10:32:54","slug":"projecte-socialitzacio-de-llibres","status":"publish","type":"page","link":"https:\/\/agora.xtec.cat\/ceiplacaixa\/projecte-educatiu\/projecte-socialitzacio-de-llibres\/","title":{"rendered":"Projecte Socialitzaci\u00f3 de Llibres"},"content":{"rendered":"<table style=\"height: 380px; width: 100%;\">\n<tbody>\n<tr style=\"height: 94px;\">\n<td style=\"width: 132.723%; height: 10px; text-align: center;\"><img loading=\"lazy\" decoding=\"async\" width=\"1024\" height=\"375\" class=\"aligncenter size-large wp-image-2781\" style=\"max-width: 105%; height: auto;\" src=\"https:\/\/agora.xtec.cat\/ceiplacaixa\/wp-content\/uploads\/usu1455\/2023\/06\/socialitzacio-1024x375.png\" alt=\"\" srcset=\"https:\/\/agora.xtec.cat\/ceiplacaixa\/wp-content\/uploads\/usu1455\/2023\/06\/socialitzacio-1024x375.png 1024w, https:\/\/agora.xtec.cat\/ceiplacaixa\/wp-content\/uploads\/usu1455\/2023\/06\/socialitzacio-300x110.png 300w, https:\/\/agora.xtec.cat\/ceiplacaixa\/wp-content\/uploads\/usu1455\/2023\/06\/socialitzacio-768x281.png 768w, https:\/\/agora.xtec.cat\/ceiplacaixa\/wp-content\/uploads\/usu1455\/2023\/06\/socialitzacio.png 1062w\" sizes=\"auto, (max-width: 1024px) 100vw, 1024px\" \/><\/td>\n<\/tr>\n<tr>\n<td style=\"width: 132.723%;\">\n<table style=\"border-collapse: collapse; width: 100%; height: 311px;\">\n<tbody>\n<tr style=\"height: 28px;\">\n<td style=\"width: 50%; text-align: center; height: 28px;\">\n<h3><strong>1r<\/strong><\/h3>\n<\/td>\n<td style=\"width: 50%; text-align: center; height: 28px;\">\n<h3><strong>2n<\/strong><\/h3>\n<\/td>\n<\/tr>\n<tr style=\"height: 28px;\">\n<td style=\"width: 50%; text-align: center; height: 28px;\"><a href=\"https:\/\/agora.xtec.cat\/ceiplacaixa\/wp-content\/uploads\/usu1455\/2026\/01\/defi-1r.png\"> <img loading=\"lazy\" decoding=\"async\" width=\"942\" height=\"424\" class=\"alignnone wp-image-4526 size-full\" style=\"max-width: 105%; height: auto;\" src=\"https:\/\/agora.xtec.cat\/ceiplacaixa\/wp-content\/uploads\/usu1455\/2026\/01\/defi-1r.png\" alt=\"\" srcset=\"https:\/\/agora.xtec.cat\/ceiplacaixa\/wp-content\/uploads\/usu1455\/2026\/01\/defi-1r.png 942w, https:\/\/agora.xtec.cat\/ceiplacaixa\/wp-content\/uploads\/usu1455\/2026\/01\/defi-1r-300x135.png 300w, https:\/\/agora.xtec.cat\/ceiplacaixa\/wp-content\/uploads\/usu1455\/2026\/01\/defi-1r-768x346.png 768w\" sizes=\"auto, (max-width: 942px) 100vw, 942px\" \/> <\/a><\/td>\n<td style=\"width: 50%; text-align: center; height: 28px;\"><a href=\"https:\/\/agora.xtec.cat\/ceiplacaixa\/wp-content\/uploads\/usu1455\/2026\/01\/segundo-def.png\"><img loading=\"lazy\" decoding=\"async\" class=\"alignnone wp-image-4538 size-large\" style=\"max-width: 105%; height: auto;\" src=\"https:\/\/agora.xtec.cat\/ceiplacaixa\/wp-content\/uploads\/usu1455\/2026\/01\/segundo-def-1024x469.png\" alt=\"\" width=\"1024\" height=\"469\" srcset=\"https:\/\/agora.xtec.cat\/ceiplacaixa\/wp-content\/uploads\/usu1455\/2026\/01\/segundo-def-1024x469.png 1024w, https:\/\/agora.xtec.cat\/ceiplacaixa\/wp-content\/uploads\/usu1455\/2026\/01\/segundo-def-300x138.png 300w, https:\/\/agora.xtec.cat\/ceiplacaixa\/wp-content\/uploads\/usu1455\/2026\/01\/segundo-def-768x352.png 768w, https:\/\/agora.xtec.cat\/ceiplacaixa\/wp-content\/uploads\/usu1455\/2026\/01\/segundo-def.png 1058w\" sizes=\"auto, (max-width: 1024px) 100vw, 1024px\" \/><\/a><\/td>\n<\/tr>\n<tr style=\"height: 28px;\">\n<td style=\"width: 50%; text-align: center; height: 28px;\">\n<h3><strong>3r<\/strong><\/h3>\n<\/td>\n<td style=\"width: 50%; text-align: center; height: 28px;\">\n<h3><strong>4t<\/strong><\/h3>\n<\/td>\n<\/tr>\n<tr style=\"height: 28px;\">\n<td style=\"width: 50%; text-align: center; height: 28px;\"><a href=\"https:\/\/agora.xtec.cat\/ceiplacaixa\/wp-content\/uploads\/usu1455\/2026\/01\/3t-def.png\"> <img loading=\"lazy\" decoding=\"async\" width=\"1024\" height=\"445\" class=\"alignnone wp-image-4528 size-large\" style=\"max-width: 105%; height: auto;\" src=\"https:\/\/agora.xtec.cat\/ceiplacaixa\/wp-content\/uploads\/usu1455\/2026\/01\/3t-def-1024x445.png\" alt=\"\" srcset=\"https:\/\/agora.xtec.cat\/ceiplacaixa\/wp-content\/uploads\/usu1455\/2026\/01\/3t-def-1024x445.png 1024w, https:\/\/agora.xtec.cat\/ceiplacaixa\/wp-content\/uploads\/usu1455\/2026\/01\/3t-def-300x130.png 300w, https:\/\/agora.xtec.cat\/ceiplacaixa\/wp-content\/uploads\/usu1455\/2026\/01\/3t-def-768x333.png 768w, https:\/\/agora.xtec.cat\/ceiplacaixa\/wp-content\/uploads\/usu1455\/2026\/01\/3t-def.png 1062w\" sizes=\"auto, (max-width: 1024px) 100vw, 1024px\" \/> <\/a><\/td>\n<td style=\"width: 50%; text-align: center; height: 28px;\"><a href=\"https:\/\/agora.xtec.cat\/ceiplacaixa\/wp-content\/uploads\/usu1455\/2026\/01\/def-4.png\"> <img loading=\"lazy\" decoding=\"async\" width=\"1024\" height=\"443\" class=\"alignnone wp-image-4529 size-large\" style=\"max-width: 105%; height: auto;\" src=\"https:\/\/agora.xtec.cat\/ceiplacaixa\/wp-content\/uploads\/usu1455\/2026\/01\/def-4-1024x443.png\" alt=\"\" srcset=\"https:\/\/agora.xtec.cat\/ceiplacaixa\/wp-content\/uploads\/usu1455\/2026\/01\/def-4-1024x443.png 1024w, https:\/\/agora.xtec.cat\/ceiplacaixa\/wp-content\/uploads\/usu1455\/2026\/01\/def-4-300x130.png 300w, https:\/\/agora.xtec.cat\/ceiplacaixa\/wp-content\/uploads\/usu1455\/2026\/01\/def-4-768x333.png 768w, https:\/\/agora.xtec.cat\/ceiplacaixa\/wp-content\/uploads\/usu1455\/2026\/01\/def-4.png 1076w\" sizes=\"auto, (max-width: 1024px) 100vw, 1024px\" \/> <\/a><\/td>\n<\/tr>\n<tr style=\"height: 28px;\">\n<td style=\"width: 50%; text-align: center; height: 28px;\">\n<h3><strong>5\u00e8<\/strong><\/h3>\n<\/td>\n<td style=\"width: 50%; text-align: center; height: 28px;\">\n<h3><strong>6\u00e8<\/strong><\/h3>\n<\/td>\n<\/tr>\n<tr style=\"height: 171px;\">\n<td style=\"width: 50%; text-align: center; height: 171px;\"><a href=\"https:\/\/agora.xtec.cat\/ceiplacaixa\/wp-content\/uploads\/usu1455\/2026\/01\/5-def.png\"> <img loading=\"lazy\" decoding=\"async\" width=\"1024\" height=\"410\" class=\"alignnone wp-image-4530 size-large\" style=\"max-width: 105%; height: auto;\" src=\"https:\/\/agora.xtec.cat\/ceiplacaixa\/wp-content\/uploads\/usu1455\/2026\/01\/5-def-1024x410.png\" alt=\"\" srcset=\"https:\/\/agora.xtec.cat\/ceiplacaixa\/wp-content\/uploads\/usu1455\/2026\/01\/5-def-1024x410.png 1024w, https:\/\/agora.xtec.cat\/ceiplacaixa\/wp-content\/uploads\/usu1455\/2026\/01\/5-def-300x120.png 300w, https:\/\/agora.xtec.cat\/ceiplacaixa\/wp-content\/uploads\/usu1455\/2026\/01\/5-def-768x308.png 768w, https:\/\/agora.xtec.cat\/ceiplacaixa\/wp-content\/uploads\/usu1455\/2026\/01\/5-def.png 1083w\" sizes=\"auto, (max-width: 1024px) 100vw, 1024px\" \/> <\/a><\/td>\n<td style=\"width: 50%; text-align: center; vertical-align: top; height: 171px;\"><a href=\"https:\/\/agora.xtec.cat\/ceiplacaixa\/wp-content\/uploads\/usu1455\/2026\/01\/6-def.png\"> <img loading=\"lazy\" decoding=\"async\" width=\"1024\" height=\"439\" class=\"alignnone wp-image-4531 size-large\" style=\"max-width: 105%; height: auto;\" src=\"https:\/\/agora.xtec.cat\/ceiplacaixa\/wp-content\/uploads\/usu1455\/2026\/01\/6-def-1024x439.png\" alt=\"\" srcset=\"https:\/\/agora.xtec.cat\/ceiplacaixa\/wp-content\/uploads\/usu1455\/2026\/01\/6-def-1024x439.png 1024w, https:\/\/agora.xtec.cat\/ceiplacaixa\/wp-content\/uploads\/usu1455\/2026\/01\/6-def-300x128.png 300w, https:\/\/agora.xtec.cat\/ceiplacaixa\/wp-content\/uploads\/usu1455\/2026\/01\/6-def-768x329.png 768w, https:\/\/agora.xtec.cat\/ceiplacaixa\/wp-content\/uploads\/usu1455\/2026\/01\/6-def.png 1081w\" sizes=\"auto, (max-width: 1024px) 100vw, 1024px\" \/> <\/a><\/td>\n<\/tr>\n<\/tbody>\n<\/table>\n<\/td>\n<\/tr>\n<tr>\n<td style=\"width: 132.723%;\">\n<h4 style=\"text-align: center;\"><strong>CONSULTA <a href=\"https:\/\/agora.xtec.cat\/ceiplacaixa\/projecte-educatiu\/projecte-socialitzacio-de-llibres\/llibres-curs\/\">AQU\u00cd<\/a> QUINS S\u00d3N ELS LLIBRES QUE <span style=\"text-decoration: underline;\">S\u00cd S&#8217;HAN DE COMPRAR<\/span><\/strong><\/h4>\n<\/td>\n<\/tr>\n<\/tbody>\n<\/table>\n","protected":false},"excerpt":{"rendered":"<p>1r 2n 3r 4t 5\u00e8 6\u00e8 CONSULTA AQU\u00cd QUINS S\u00d3N ELS LLIBRES QUE S\u00cd S&#8217;HAN DE COMPRAR<\/p>\n","protected":false},"author":3,"featured_media":0,"parent":64,"menu_order":30,"comment_status":"closed","ping_status":"closed","template":"","meta":{"_bbp_topic_count":0,"_bbp_reply_count":0,"_bbp_total_topic_count":0,"_bbp_total_reply_count":0,"_bbp_voice_count":0,"_bbp_anonymous_reply_count":0,"_bbp_topic_count_hidden":0,"_bbp_reply_count_hidden":0,"_bbp_forum_subforum_count":0,"site-sidebar-layout":"default","site-content-layout":"","ast-site-content-layout":"default","site-content-style":"default","site-sidebar-style":"default","ast-global-header-display":"","ast-banner-title-visibility":"","ast-main-header-display":"","ast-hfb-above-header-display":"","ast-hfb-below-header-display":"","ast-hfb-mobile-header-display":"","site-post-title":"","ast-breadcrumbs-content":"","ast-featured-img":"","footer-sml-layout":"","theme-transparent-header-meta":"","adv-header-id-meta":"","stick-header-meta":"","header-above-stick-meta":"","header-main-stick-meta":"","header-below-stick-meta":"","astra-migrate-meta-layouts":"set","ast-page-background-enabled":"default","ast-page-background-meta":{"desktop":{"background-color":"var(--ast-global-color-4)","background-image":"","background-repeat":"repeat","background-position":"center center","background-size":"auto","background-attachment":"scroll","background-type":"","background-media":"","overlay-type":"","overlay-color":"","overlay-opacity":"","overlay-gradient":""},"tablet":{"background-color":"","background-image":"","background-repeat":"repeat","background-position":"center center","background-size":"auto","background-attachment":"scroll","background-type":"","background-media":"","overlay-type":"","overlay-color":"","overlay-opacity":"","overlay-gradient":""},"mobile":{"background-color":"","background-image":"","background-repeat":"repeat","background-position":"center center","background-size":"auto","background-attachment":"scroll","background-type":"","background-media":"","overlay-type":"","overlay-color":"","overlay-opacity":"","overlay-gradient":""}},"ast-content-background-meta":{"desktop":{"background-color":"var(--ast-global-color-5)","background-image":"","background-repeat":"repeat","background-position":"center center","background-size":"auto","background-attachment":"scroll","background-type":"","background-media":"","overlay-type":"","overlay-color":"","overlay-opacity":"","overlay-gradient":""},"tablet":{"background-color":"var(--ast-global-color-5)","background-image":"","background-repeat":"repeat","background-position":"center center","background-size":"auto","background-attachment":"scroll","background-type":"","background-media":"","overlay-type":"","overlay-color":"","overlay-opacity":"","overlay-gradient":""},"mobile":{"background-color":"var(--ast-global-color-5)","background-image":"","background-repeat":"repeat","background-position":"center center","background-size":"auto","background-attachment":"scroll","background-type":"","background-media":"","overlay-type":"","overlay-color":"","overlay-opacity":"","overlay-gradient":""}},"footnotes":""},"class_list":["post-1145","page","type-page","status-publish","hentry"],"post_mailing_queue_ids":[],"_links":{"self":[{"href":"https:\/\/agora.xtec.cat\/ceiplacaixa\/wp-json\/wp\/v2\/pages\/1145","targetHints":{"allow":["GET"]}}],"collection":[{"href":"https:\/\/agora.xtec.cat\/ceiplacaixa\/wp-json\/wp\/v2\/pages"}],"about":[{"href":"https:\/\/agora.xtec.cat\/ceiplacaixa\/wp-json\/wp\/v2\/types\/page"}],"author":[{"embeddable":true,"href":"https:\/\/agora.xtec.cat\/ceiplacaixa\/wp-json\/wp\/v2\/users\/3"}],"replies":[{"embeddable":true,"href":"https:\/\/agora.xtec.cat\/ceiplacaixa\/wp-json\/wp\/v2\/comments?post=1145"}],"version-history":[{"count":6,"href":"https:\/\/agora.xtec.cat\/ceiplacaixa\/wp-json\/wp\/v2\/pages\/1145\/revisions"}],"predecessor-version":[{"id":4549,"href":"https:\/\/agora.xtec.cat\/ceiplacaixa\/wp-json\/wp\/v2\/pages\/1145\/revisions\/4549"}],"up":[{"embeddable":true,"href":"https:\/\/agora.xtec.cat\/ceiplacaixa\/wp-json\/wp\/v2\/pages\/64"}],"wp:attachment":[{"href":"https:\/\/agora.xtec.cat\/ceiplacaixa\/wp-json\/wp\/v2\/media?parent=1145"}],"curies":[{"name":"wp","href":"https:\/\/api.w.org\/{rel}","templated":true}]}}