{"id":968,"date":"2020-01-23T11:32:31","date_gmt":"2020-01-23T10:32:31","guid":{"rendered":"http:\/\/agora.xtec.cat\/ceiplabenaula\/?page_id=968"},"modified":"2024-04-23T12:51:14","modified_gmt":"2024-04-23T10:51:14","slug":"etwinning-projects","status":"publish","type":"page","link":"https:\/\/agora.xtec.cat\/ceiplabenaula\/els-nostres-projectes\/etwinning-projects\/","title":{"rendered":"Projectes eTwinning"},"content":{"rendered":"<p><a href=\"https:\/\/agora.xtec.cat\/ceiplabenaula\/wp-content\/uploads\/usu1883\/2020\/01\/e-twwinning.png\"><img loading=\"lazy\" decoding=\"async\" class=\"size-full wp-image-972 alignright\" src=\"https:\/\/agora.xtec.cat\/ceiplabenaula\/wp-content\/uploads\/usu1883\/2020\/01\/e-twwinning.png\" alt=\"\" width=\"215\" height=\"235\" \/><\/a><\/p>\n<p><span style=\"font-weight: 400;\">Els alumnes m\u00e9s grans del centre participen en projectes internacionals eTwinning. Amb aquests projectes es treballa l&#8217;\u00e0rea de llengua anglesa des d&#8217;un context real tot implicant-hi altres mat\u00e8ries, convertint aquests projectes en aprenentatges globalitzats i interdisciplinars. Es busca potenciar i millorar el treball cooperatiu entre l&#8217;alumnat de l\u2019escola i altres escoles de la resta del pa\u00eds\/estrangeres i millorar la compet\u00e8ncia digital.\u00a0<\/span><\/p>\n<p>Actuacions de l\u2019auxiliar de conversa (en cas d\u2019obtenir aquest recurs):<\/p>\n<ul>\n<li>Treball oral en petit grup: di\u00e0legs, jocs<\/li>\n<li>Suport a la mestra especialista en activitats orals d\u2019eTwinning<\/li>\n<li>Elaboraci\u00f3 del material necessari per a les activitats orals programades<\/li>\n<\/ul>\n<h5><\/h5>\n","protected":false},"excerpt":{"rendered":"<p>Els alumnes m\u00e9s grans del centre participen en projectes internacionals eTwinning. Amb aquests projectes es treballa l&#8217;\u00e0rea de llengua anglesa des d&#8217;un context real tot implicant-hi altres mat\u00e8ries, convertint aquests projectes en aprenentatges globalitzats i interdisciplinars. Es busca potenciar i millorar el treball cooperatiu entre l&#8217;alumnat de l\u2019escola i altres escoles de la resta del [&hellip;]<\/p>\n","protected":false},"author":1,"featured_media":0,"parent":773,"menu_order":0,"comment_status":"closed","ping_status":"closed","template":"page-templates\/side-menu.php","meta":{"_bbp_topic_count":0,"_bbp_reply_count":0,"_bbp_total_topic_count":0,"_bbp_total_reply_count":0,"_bbp_voice_count":0,"_bbp_anonymous_reply_count":0,"_bbp_topic_count_hidden":0,"_bbp_reply_count_hidden":0,"_bbp_forum_subforum_count":0,"site-sidebar-layout":"default","site-content-layout":"","ast-site-content-layout":"","site-content-style":"default","site-sidebar-style":"default","ast-global-header-display":"","ast-banner-title-visibility":"","ast-main-header-display":"","ast-hfb-above-header-display":"","ast-hfb-below-header-display":"","ast-hfb-mobile-header-display":"","site-post-title":"","ast-breadcrumbs-content":"","ast-featured-img":"","footer-sml-layout":"","theme-transparent-header-meta":"","adv-header-id-meta":"","stick-header-meta":"","header-above-stick-meta":"","header-main-stick-meta":"","header-below-stick-meta":"","astra-migrate-meta-layouts":"default","ast-page-background-enabled":"default","ast-page-background-meta":{"desktop":{"background-color":"var(--ast-global-color-4)","background-image":"","background-repeat":"repeat","background-position":"center center","background-size":"auto","background-attachment":"scroll","background-type":"","background-media":"","overlay-type":"","overlay-color":"","overlay-opacity":"","overlay-gradient":""},"tablet":{"background-color":"","background-image":"","background-repeat":"repeat","background-position":"center center","background-size":"auto","background-attachment":"scroll","background-type":"","background-media":"","overlay-type":"","overlay-color":"","overlay-opacity":"","overlay-gradient":""},"mobile":{"background-color":"","background-image":"","background-repeat":"repeat","background-position":"center center","background-size":"auto","background-attachment":"scroll","background-type":"","background-media":"","overlay-type":"","overlay-color":"","overlay-opacity":"","overlay-gradient":""}},"ast-content-background-meta":{"desktop":{"background-color":"var(--ast-global-color-5)","background-image":"","background-repeat":"repeat","background-position":"center center","background-size":"auto","background-attachment":"scroll","background-type":"","background-media":"","overlay-type":"","overlay-color":"","overlay-opacity":"","overlay-gradient":""},"tablet":{"background-color":"var(--ast-global-color-5)","background-image":"","background-repeat":"repeat","background-position":"center center","background-size":"auto","background-attachment":"scroll","background-type":"","background-media":"","overlay-type":"","overlay-color":"","overlay-opacity":"","overlay-gradient":""},"mobile":{"background-color":"var(--ast-global-color-5)","background-image":"","background-repeat":"repeat","background-position":"center center","background-size":"auto","background-attachment":"scroll","background-type":"","background-media":"","overlay-type":"","overlay-color":"","overlay-opacity":"","overlay-gradient":""}},"footnotes":""},"class_list":["post-968","page","type-page","status-publish","hentry"],"post_mailing_queue_ids":[],"_links":{"self":[{"href":"https:\/\/agora.xtec.cat\/ceiplabenaula\/wp-json\/wp\/v2\/pages\/968","targetHints":{"allow":["GET"]}}],"collection":[{"href":"https:\/\/agora.xtec.cat\/ceiplabenaula\/wp-json\/wp\/v2\/pages"}],"about":[{"href":"https:\/\/agora.xtec.cat\/ceiplabenaula\/wp-json\/wp\/v2\/types\/page"}],"author":[{"embeddable":true,"href":"https:\/\/agora.xtec.cat\/ceiplabenaula\/wp-json\/wp\/v2\/users\/1"}],"replies":[{"embeddable":true,"href":"https:\/\/agora.xtec.cat\/ceiplabenaula\/wp-json\/wp\/v2\/comments?post=968"}],"version-history":[{"count":6,"href":"https:\/\/agora.xtec.cat\/ceiplabenaula\/wp-json\/wp\/v2\/pages\/968\/revisions"}],"predecessor-version":[{"id":2545,"href":"https:\/\/agora.xtec.cat\/ceiplabenaula\/wp-json\/wp\/v2\/pages\/968\/revisions\/2545"}],"up":[{"embeddable":true,"href":"https:\/\/agora.xtec.cat\/ceiplabenaula\/wp-json\/wp\/v2\/pages\/773"}],"wp:attachment":[{"href":"https:\/\/agora.xtec.cat\/ceiplabenaula\/wp-json\/wp\/v2\/media?parent=968"}],"curies":[{"name":"wp","href":"https:\/\/api.w.org\/{rel}","templated":true}]}}