{"id":849,"date":"2020-01-22T12:27:08","date_gmt":"2020-01-22T11:27:08","guid":{"rendered":"http:\/\/agora.xtec.cat\/ceiplabenaula\/?page_id=849"},"modified":"2024-04-23T10:04:19","modified_gmt":"2024-04-23T08:04:19","slug":"pla-lector-del-centre","status":"publish","type":"page","link":"https:\/\/agora.xtec.cat\/ceiplabenaula\/projecte-educatiu\/pec\/pla-lector-del-centre\/","title":{"rendered":"Pla Lector del Centre"},"content":{"rendered":"<p><a href=\"https:\/\/agora.xtec.cat\/ceiplabenaula\/wp-content\/uploads\/usu1883\/2020\/01\/baixa.jpg\"><img loading=\"lazy\" decoding=\"async\" class=\"size-full wp-image-855 alignleft\" src=\"https:\/\/agora.xtec.cat\/ceiplabenaula\/wp-content\/uploads\/usu1883\/2020\/01\/baixa.jpg\" alt=\"\" width=\"263\" height=\"192\" \/><\/a>El<strong> PLEC<\/strong> \u00e9s un document de centre que pret\u00e9n ser una guia de refer\u00e8ncia de tots els membres de la comunitat educativa \u2013professorat, fam\u00edlies, alumnat\u2026\u2013 i que ens permeti crear una l\u00ednia d\u2019escola per refor\u00e7ar i millorar la Compet\u00e8ncia Lectora dels nostres infants.<\/p>\n<p>El PLEC vol ser una eina de f\u00e0cil \u00fas, consensuat i aplicable a tots els nivells. Per ser un document \u00fatil i vigent, hem de pensar en la seva constant revisi\u00f3 i modificaci\u00f3.<\/p>\n<p>Gr\u00e0cies al PLEC hem de millorar i optimitzar l\u2019organitzaci\u00f3, coordinar els esfor\u00e7os perqu\u00e8 siguin m\u00e9s efica\u00e7os i recollir tot tipus d\u2019activitats que fomentin la lectura en els seus tres \u00e0mbits de treball.<\/p>\n<p>Volem donar als nostres infants estrat\u00e8gies de millora per adquirir la compet\u00e8ncia lectora (saber llegir), per desenvolupar l\u2019h\u00e0bit lector (el gust per llegir) i per saber trobar i tractar la informaci\u00f3 (llegir per aprendre).<\/p>\n<p>L\u2019objectiu final \u00e9s que l\u2019infant faci un bon proc\u00e9s de descoberta de la lectura, gaudint i creixent amb ella, per convertir-se en un \u201caddicte\u201d a la lectura, tot respectant el seu propi ritme i gustos.<\/p>\n<p><a href=\"https:\/\/docs.google.com\/document\/d\/1fyE4LI8ngjUyHf3RhGtXKecUqsgQWpk7siJL--WCSOU\/edit\" target=\"_blank\" rel=\"noopener\"><strong>PLEC<\/strong><\/a><\/p>\n<p><i>*L\u2019escriptor Emili Teixidor afirma: \u201cContagiar el desig de llegir \u00e9s com contagiar qualsevol altra convicci\u00f3 profunda: nom\u00e9s es pot aconseguir, o millor, intentar, sense imposicions, per simple contacte, imitaci\u00f3 o seducci\u00f3\u2026 el contagi\/contacte m\u00e9s efica\u00e7 \u00e9s l\u2019exemple.\u201d I \u00e9s ben cert. Els infants tenen els adults com a models. Per aix\u00f2 han de veure el pare, la mare, l\u2019oncle, la padrina o la germana\u2026 llegint com m\u00e9s sovint, millor.\u00a0<\/i><\/p>\n","protected":false},"excerpt":{"rendered":"<p>El PLEC \u00e9s un document de centre que pret\u00e9n ser una guia de refer\u00e8ncia de tots els membres de la comunitat educativa \u2013professorat, fam\u00edlies, alumnat\u2026\u2013 i que ens permeti crear una l\u00ednia d\u2019escola per refor\u00e7ar i millorar la Compet\u00e8ncia Lectora dels nostres infants. El PLEC vol ser una eina de f\u00e0cil \u00fas, consensuat i aplicable [&hellip;]<\/p>\n","protected":false},"author":1,"featured_media":0,"parent":780,"menu_order":2,"comment_status":"closed","ping_status":"closed","template":"page-templates\/side-menu.php","meta":{"_bbp_topic_count":0,"_bbp_reply_count":0,"_bbp_total_topic_count":0,"_bbp_total_reply_count":0,"_bbp_voice_count":0,"_bbp_anonymous_reply_count":0,"_bbp_topic_count_hidden":0,"_bbp_reply_count_hidden":0,"_bbp_forum_subforum_count":0,"site-sidebar-layout":"default","site-content-layout":"","ast-site-content-layout":"","site-content-style":"default","site-sidebar-style":"default","ast-global-header-display":"","ast-banner-title-visibility":"","ast-main-header-display":"","ast-hfb-above-header-display":"","ast-hfb-below-header-display":"","ast-hfb-mobile-header-display":"","site-post-title":"","ast-breadcrumbs-content":"","ast-featured-img":"","footer-sml-layout":"","theme-transparent-header-meta":"","adv-header-id-meta":"","stick-header-meta":"","header-above-stick-meta":"","header-main-stick-meta":"","header-below-stick-meta":"","astra-migrate-meta-layouts":"default","ast-page-background-enabled":"default","ast-page-background-meta":{"desktop":{"background-color":"var(--ast-global-color-4)","background-image":"","background-repeat":"repeat","background-position":"center center","background-size":"auto","background-attachment":"scroll","background-type":"","background-media":"","overlay-type":"","overlay-color":"","overlay-opacity":"","overlay-gradient":""},"tablet":{"background-color":"","background-image":"","background-repeat":"repeat","background-position":"center center","background-size":"auto","background-attachment":"scroll","background-type":"","background-media":"","overlay-type":"","overlay-color":"","overlay-opacity":"","overlay-gradient":""},"mobile":{"background-color":"","background-image":"","background-repeat":"repeat","background-position":"center center","background-size":"auto","background-attachment":"scroll","background-type":"","background-media":"","overlay-type":"","overlay-color":"","overlay-opacity":"","overlay-gradient":""}},"ast-content-background-meta":{"desktop":{"background-color":"var(--ast-global-color-5)","background-image":"","background-repeat":"repeat","background-position":"center center","background-size":"auto","background-attachment":"scroll","background-type":"","background-media":"","overlay-type":"","overlay-color":"","overlay-opacity":"","overlay-gradient":""},"tablet":{"background-color":"var(--ast-global-color-5)","background-image":"","background-repeat":"repeat","background-position":"center center","background-size":"auto","background-attachment":"scroll","background-type":"","background-media":"","overlay-type":"","overlay-color":"","overlay-opacity":"","overlay-gradient":""},"mobile":{"background-color":"var(--ast-global-color-5)","background-image":"","background-repeat":"repeat","background-position":"center center","background-size":"auto","background-attachment":"scroll","background-type":"","background-media":"","overlay-type":"","overlay-color":"","overlay-opacity":"","overlay-gradient":""}},"footnotes":""},"class_list":["post-849","page","type-page","status-publish","hentry"],"post_mailing_queue_ids":[],"_links":{"self":[{"href":"https:\/\/agora.xtec.cat\/ceiplabenaula\/wp-json\/wp\/v2\/pages\/849","targetHints":{"allow":["GET"]}}],"collection":[{"href":"https:\/\/agora.xtec.cat\/ceiplabenaula\/wp-json\/wp\/v2\/pages"}],"about":[{"href":"https:\/\/agora.xtec.cat\/ceiplabenaula\/wp-json\/wp\/v2\/types\/page"}],"author":[{"embeddable":true,"href":"https:\/\/agora.xtec.cat\/ceiplabenaula\/wp-json\/wp\/v2\/users\/1"}],"replies":[{"embeddable":true,"href":"https:\/\/agora.xtec.cat\/ceiplabenaula\/wp-json\/wp\/v2\/comments?post=849"}],"version-history":[{"count":3,"href":"https:\/\/agora.xtec.cat\/ceiplabenaula\/wp-json\/wp\/v2\/pages\/849\/revisions"}],"predecessor-version":[{"id":2328,"href":"https:\/\/agora.xtec.cat\/ceiplabenaula\/wp-json\/wp\/v2\/pages\/849\/revisions\/2328"}],"up":[{"embeddable":true,"href":"https:\/\/agora.xtec.cat\/ceiplabenaula\/wp-json\/wp\/v2\/pages\/780"}],"wp:attachment":[{"href":"https:\/\/agora.xtec.cat\/ceiplabenaula\/wp-json\/wp\/v2\/media?parent=849"}],"curies":[{"name":"wp","href":"https:\/\/api.w.org\/{rel}","templated":true}]}}