{"id":66,"date":"2014-09-18T12:40:47","date_gmt":"2014-09-18T11:40:47","guid":{"rendered":"http:\/\/agora.xtec.cat\/ceiplabenaula\/?page_id=66"},"modified":"2024-04-23T12:14:46","modified_gmt":"2024-04-23T10:14:46","slug":"serveis","status":"publish","type":"page","link":"https:\/\/agora.xtec.cat\/ceiplabenaula\/informacio-per-families\/serveis\/","title":{"rendered":"Serveis"},"content":{"rendered":"<p>El centre ofereix els serveis de MENJADOR ESCOLAR, TRANSPORT ESCOLAR I SERVEIS D&#8217;EXTRAESCOLARS I ACOLLIDA MATINAL:<\/p>\n<h4><strong>MENJADOR ESCOLAR<\/strong><\/h4>\n<p>L\u2019escola ofereix aquest servei complementari i d\u2019ajuda a l\u2019escolaritzaci\u00f3. El Consell Comarcal de la Selva supervisa la gesti\u00f3 del servei del menjador escolar. L\u2019empresa contractada s\u2019encarrega\u00a0tant\u00a0del monitoratge com de la confecci\u00f3 del menjar i la neteja de la cuina.<\/p>\n<p>L\u2019horari \u00e9s:<\/p>\n<p>JORNADA COMPLETA:\u00a0<strong>12:30-15:00<\/strong><\/p>\n<p>JORNADA INTENSIVA:\u00a0<strong>13:00-15:00\/15:30<\/strong><\/p>\n<p>Pels infants de<strong>\u00a0i3 el servei del\u00a0 menjador comen\u00e7a a partir de la segona setmana de setembre (recomanable octubre).<\/strong><\/p>\n<h4><\/h4>\n<h4><strong>TRANSPORT ESCOLAR<\/strong><\/h4>\n<p>El\u00a0<strong>Consell Comarcal de La Selva\u00a0<\/strong>\u00e9s qui gestiona el servei de\u00a0<strong>Transport escolar del centre.\u00a0<\/strong><\/p>\n<p>Per qu<a href=\"https:\/\/educacio.selva.cat\/menjador.php\" target=\"_blank\" rel=\"https:\/\/educacio.selva.cat\/menjador.php noopener noreferrer\"><img loading=\"lazy\" decoding=\"async\" class=\"wp-image-1015 alignleft\" src=\"https:\/\/agora.xtec.cat\/ceiplabenaula\/wp-content\/uploads\/usu1883\/2020\/01\/baixa.png\" sizes=\"auto, (max-width: 282px) 100vw, 282px\" srcset=\"https:\/\/agora.xtec.cat\/ceiplabenaula\/wp-content\/uploads\/usu1883\/2020\/01\/baixa.png 369w, https:\/\/agora.xtec.cat\/ceiplabenaula\/wp-content\/uploads\/usu1883\/2020\/01\/baixa-300x111.png 300w\" alt=\"\" width=\"282\" height=\"104\" \/><\/a>alsevol informaci\u00f3 o gesti\u00f3, us podeu dirigir a la\u00a0<a href=\"https:\/\/educacio.selva.cat\/menjador.php\">p\u00e0gina web del Consell<\/a><\/p>\n<p>Cliqueu en aquesta imatge que us portar\u00e0 al web on hi trobareu la informaci\u00f3.<\/p>\n<p>Consultar el<a href=\"https:\/\/agora.xtec.cat\/ceiplabenaula\/informacio-per-families\/serveis\/transport-escolar\/\"> pla de transport del centre<\/a> complert<\/p>\n<p>&nbsp;<\/p>\n<h4><strong>SERVEIS D&#8217;EXTRAESCOLARS I ACOLLIDA MATINAL (promoguts per l&#8217;AFA)<\/strong><\/h4>\n<p>L&#8217;AFA del centre ofereix serveis d&#8217;extraescolars i servei diari d&#8217;acollida matinal. Per saber-ne m\u00e9s, consulteu l&#8217;enlla\u00e7 del <a href=\"http:\/\/www.afalabenaula.cat\/\">web de l&#8217;AFA<\/a> que tamb\u00e9 podeu trobar al men\u00fa superior dret de la p\u00e0gina d&#8217;inici.<\/p>\n<p>&nbsp;<\/p>\n","protected":false},"excerpt":{"rendered":"<p>El centre ofereix els serveis de MENJADOR ESCOLAR, TRANSPORT ESCOLAR I SERVEIS D&#8217;EXTRAESCOLARS I ACOLLIDA MATINAL: MENJADOR ESCOLAR L\u2019escola ofereix aquest servei complementari i d\u2019ajuda a l\u2019escolaritzaci\u00f3. El Consell Comarcal de la Selva supervisa la gesti\u00f3 del servei del menjador escolar. L\u2019empresa contractada s\u2019encarrega\u00a0tant\u00a0del monitoratge com de la confecci\u00f3 del menjar i la neteja de [&hellip;]<\/p>\n","protected":false},"author":1,"featured_media":0,"parent":2500,"menu_order":2,"comment_status":"closed","ping_status":"closed","template":"page-templates\/side-menu.php","meta":{"_bbp_topic_count":0,"_bbp_reply_count":0,"_bbp_total_topic_count":0,"_bbp_total_reply_count":0,"_bbp_voice_count":0,"_bbp_anonymous_reply_count":0,"_bbp_topic_count_hidden":0,"_bbp_reply_count_hidden":0,"_bbp_forum_subforum_count":0,"site-sidebar-layout":"default","site-content-layout":"","ast-site-content-layout":"","site-content-style":"default","site-sidebar-style":"default","ast-global-header-display":"","ast-banner-title-visibility":"","ast-main-header-display":"","ast-hfb-above-header-display":"","ast-hfb-below-header-display":"","ast-hfb-mobile-header-display":"","site-post-title":"","ast-breadcrumbs-content":"","ast-featured-img":"","footer-sml-layout":"","theme-transparent-header-meta":"","adv-header-id-meta":"","stick-header-meta":"","header-above-stick-meta":"","header-main-stick-meta":"","header-below-stick-meta":"","astra-migrate-meta-layouts":"default","ast-page-background-enabled":"default","ast-page-background-meta":{"desktop":{"background-color":"var(--ast-global-color-4)","background-image":"","background-repeat":"repeat","background-position":"center center","background-size":"auto","background-attachment":"scroll","background-type":"","background-media":"","overlay-type":"","overlay-color":"","overlay-opacity":"","overlay-gradient":""},"tablet":{"background-color":"","background-image":"","background-repeat":"repeat","background-position":"center center","background-size":"auto","background-attachment":"scroll","background-type":"","background-media":"","overlay-type":"","overlay-color":"","overlay-opacity":"","overlay-gradient":""},"mobile":{"background-color":"","background-image":"","background-repeat":"repeat","background-position":"center center","background-size":"auto","background-attachment":"scroll","background-type":"","background-media":"","overlay-type":"","overlay-color":"","overlay-opacity":"","overlay-gradient":""}},"ast-content-background-meta":{"desktop":{"background-color":"var(--ast-global-color-5)","background-image":"","background-repeat":"repeat","background-position":"center center","background-size":"auto","background-attachment":"scroll","background-type":"","background-media":"","overlay-type":"","overlay-color":"","overlay-opacity":"","overlay-gradient":""},"tablet":{"background-color":"var(--ast-global-color-5)","background-image":"","background-repeat":"repeat","background-position":"center center","background-size":"auto","background-attachment":"scroll","background-type":"","background-media":"","overlay-type":"","overlay-color":"","overlay-opacity":"","overlay-gradient":""},"mobile":{"background-color":"var(--ast-global-color-5)","background-image":"","background-repeat":"repeat","background-position":"center center","background-size":"auto","background-attachment":"scroll","background-type":"","background-media":"","overlay-type":"","overlay-color":"","overlay-opacity":"","overlay-gradient":""}},"footnotes":""},"class_list":["post-66","page","type-page","status-publish","hentry"],"post_mailing_queue_ids":[],"_links":{"self":[{"href":"https:\/\/agora.xtec.cat\/ceiplabenaula\/wp-json\/wp\/v2\/pages\/66","targetHints":{"allow":["GET"]}}],"collection":[{"href":"https:\/\/agora.xtec.cat\/ceiplabenaula\/wp-json\/wp\/v2\/pages"}],"about":[{"href":"https:\/\/agora.xtec.cat\/ceiplabenaula\/wp-json\/wp\/v2\/types\/page"}],"author":[{"embeddable":true,"href":"https:\/\/agora.xtec.cat\/ceiplabenaula\/wp-json\/wp\/v2\/users\/1"}],"replies":[{"embeddable":true,"href":"https:\/\/agora.xtec.cat\/ceiplabenaula\/wp-json\/wp\/v2\/comments?post=66"}],"version-history":[{"count":6,"href":"https:\/\/agora.xtec.cat\/ceiplabenaula\/wp-json\/wp\/v2\/pages\/66\/revisions"}],"predecessor-version":[{"id":2536,"href":"https:\/\/agora.xtec.cat\/ceiplabenaula\/wp-json\/wp\/v2\/pages\/66\/revisions\/2536"}],"up":[{"embeddable":true,"href":"https:\/\/agora.xtec.cat\/ceiplabenaula\/wp-json\/wp\/v2\/pages\/2500"}],"wp:attachment":[{"href":"https:\/\/agora.xtec.cat\/ceiplabenaula\/wp-json\/wp\/v2\/media?parent=66"}],"curies":[{"name":"wp","href":"https:\/\/api.w.org\/{rel}","templated":true}]}}

<p>El centre ofereix els serveis de MENJADOR ESCOLAR, TRANSPORT ESCOLAR I SERVEIS D&#8217;EXTRAESCOLARS I ACOLLIDA MATINAL:</p>
<h4><strong>MENJADOR ESCOLAR</strong></h4>
<p>L’escola ofereix aquest servei complementari i d’ajuda a l’escolarització. El Consell Comarcal de la Selva supervisa la gestió del servei del menjador escolar. L’empresa contractada s’encarrega tant del monitoratge com de la confecció del menjar i la neteja de la cuina.</p>
<p>L’horari és:</p>
<p>JORNADA COMPLETA: <strong>12:30-15:00</strong></p>
<p>JORNADA INTENSIVA: <strong>13:00-15:00/15:30</strong></p>
<p>Pels infants de<strong> i3 el servei del  menjador comença a partir de la segona setmana de setembre (recomanable octubre).</strong></p>
<h4></h4>
<h4><strong>TRANSPORT ESCOLAR</strong></h4>
<p>El <strong>Consell Comarcal de La Selva </strong>és qui gestiona el servei de <strong>Transport escolar del centre. </strong></p>
<p>Per qu<a href="https://educacio.selva.cat/menjador.php" target="_blank" rel="https://educacio.selva.cat/menjador.php noopener noreferrer"><img loading="lazy" decoding="async" class="wp-image-1015 alignleft" src="https://agora.xtec.cat/ceiplabenaula/wp-content/uploads/usu1883/2020/01/baixa.png" sizes="auto, (max-width: 282px) 100vw, 282px" srcset="https://agora.xtec.cat/ceiplabenaula/wp-content/uploads/usu1883/2020/01/baixa.png 369w, https://agora.xtec.cat/ceiplabenaula/wp-content/uploads/usu1883/2020/01/baixa-300x111.png 300w" alt="" width="282" height="104" /></a>alsevol informació o gestió, us podeu dirigir a la <a href="https://educacio.selva.cat/menjador.php">pàgina web del Consell</a></p>
<p>Cliqueu en aquesta imatge que us portarà al web on hi trobareu la informació.</p>
<p>Consultar el<a href="https://agora.xtec.cat/ceiplabenaula/informacio-per-families/serveis/transport-escolar/"> pla de transport del centre</a> complert</p>
<p>&nbsp;</p>
<h4><strong>SERVEIS D&#8217;EXTRAESCOLARS I ACOLLIDA MATINAL (promoguts per l&#8217;AFA)</strong></h4>
<p>L&#8217;AFA del centre ofereix serveis d&#8217;extraescolars i servei diari d&#8217;acollida matinal. Per saber-ne més, consulteu l&#8217;enllaç del <a href="http://www.afalabenaula.cat/">web de l&#8217;AFA</a> que també podeu trobar al menú superior dret de la pàgina d&#8217;inici.</p>
<p>&nbsp;</p>

<p>El centre ofereix els serveis de MENJADOR ESCOLAR, TRANSPORT ESCOLAR I SERVEIS D&#8217;EXTRAESCOLARS I ACOLLIDA MATINAL: MENJADOR ESCOLAR L’escola ofereix aquest servei complementari i d’ajuda a l’escolarització. El Consell Comarcal de la Selva supervisa la gestió del servei del menjador escolar. L’empresa contractada s’encarrega tant del monitoratge com de la confecció del menjar i la neteja de [&hellip;]</p>
