{"id":34,"date":"2014-09-18T12:32:18","date_gmt":"2014-09-18T11:32:18","guid":{"rendered":"http:\/\/agora.xtec.cat\/ceiplabenaula\/?page_id=34"},"modified":"2024-04-23T13:55:56","modified_gmt":"2024-04-23T11:55:56","slug":"oferta-educativa","status":"publish","type":"page","link":"https:\/\/agora.xtec.cat\/ceiplabenaula\/informacio-per-families\/oferta-educativa\/","title":{"rendered":"Preinscripcions i Matriculacions"},"content":{"rendered":"<p><strong>LES PREINSCRIPCIONS I MATRICULACIONS DINS DELS TERMINIS D&#8217;INSCRIPCI\u00d3 ESTARAN PUBLICADES A LA<a href=\"https:\/\/agora.xtec.cat\/ceiplabenaula\/\"> P\u00c0GINA PRINCIPAL<\/a> DE LA NOSTRA WEB<\/strong>.<\/p>\n<p>Si el tr\u00e0mit es fa <strong>FORA DE TERMINI<\/strong>:<\/p>\n<ul style=\"list-style-type: circle;\">\n<li>\u00c9s millor demanar cita pr\u00e8via al <strong>tel\u00e8fon:<\/strong> 972480056 o per <strong>e-mail:<\/strong>\u00a0b7008781@xtec.cat.<\/li>\n<li>La documentaci\u00f3 que cal presentar \u00e9s:<\/li>\n<\/ul>\n<ul>\n<li style=\"list-style-type: none;\">\n<ul>\n<li style=\"list-style-type: none;\">\n<ul>\n<li><strong>DOCUMENTACI\u00d3 OBLIGAT\u00d2RIA:<\/strong><\/li>\n<li>Full de la sol\u00b7licitud<a href=\"https:\/\/agora.xtec.cat\/ceiplabenaula\/wp-content\/uploads\/usu1883\/2020\/05\/escola.jpg\"><img loading=\"lazy\" decoding=\"async\" class=\"size-full wp-image-1385 alignright\" src=\"https:\/\/agora.xtec.cat\/ceiplabenaula\/wp-content\/uploads\/usu1883\/2020\/05\/escola.jpg\" alt=\"\" width=\"237\" height=\"213\" data-wp-editing=\"1\" \/><\/a><\/li>\n<li>Fotoc\u00f2pia de tots els fulls del llibre de fam\u00edlia<\/li>\n<li>DNI del progenitor\/a sol\u00b7licitant (tamb\u00e9 \u00e9s v\u00e0lid si est\u00e0 caducat dintre del termini de l\u2019Estat d\u2019Alarma)<\/li>\n<li>Si l\u2019adre\u00e7a no \u00e9s la mateixa que la del full de sol\u00b7licitud cal portar el Full d\u2019Empadronament on surtin tots els membre de la unitat familiar.<\/li>\n<li><b>DOCUMENTACI\u00d3 ADDICIONAL:<\/b><\/li>\n<li>Fotoc\u00f2pia carnet fam\u00edlia nombrosa<\/li>\n<li>Fotoc\u00f2pia discapacitat de + del 33%<\/li>\n<li>Fotoc\u00f2pia del lloc de treball<\/li>\n<li>Fotoc\u00f2pia renda m\u00ednima<\/li>\n<\/ul>\n<\/li>\n<\/ul>\n<\/li>\n<\/ul>\n<p>&nbsp;<\/p>\n","protected":false},"excerpt":{"rendered":"<p>LES PREINSCRIPCIONS I MATRICULACIONS DINS DELS TERMINIS D&#8217;INSCRIPCI\u00d3 ESTARAN PUBLICADES A LA P\u00c0GINA PRINCIPAL DE LA NOSTRA WEB. Si el tr\u00e0mit es fa FORA DE TERMINI: \u00c9s millor demanar cita pr\u00e8via al tel\u00e8fon: 972480056 o per e-mail:\u00a0b7008781@xtec.cat. La documentaci\u00f3 que cal presentar \u00e9s: DOCUMENTACI\u00d3 OBLIGAT\u00d2RIA: Full de la sol\u00b7licitud Fotoc\u00f2pia de tots els fulls del [&hellip;]<\/p>\n","protected":false},"author":1,"featured_media":0,"parent":2500,"menu_order":1,"comment_status":"closed","ping_status":"closed","template":"page-templates\/side-menu.php","meta":{"_bbp_topic_count":0,"_bbp_reply_count":0,"_bbp_total_topic_count":0,"_bbp_total_reply_count":0,"_bbp_voice_count":0,"_bbp_anonymous_reply_count":0,"_bbp_topic_count_hidden":0,"_bbp_reply_count_hidden":0,"_bbp_forum_subforum_count":0,"site-sidebar-layout":"default","site-content-layout":"","ast-site-content-layout":"","site-content-style":"default","site-sidebar-style":"default","ast-global-header-display":"","ast-banner-title-visibility":"","ast-main-header-display":"","ast-hfb-above-header-display":"","ast-hfb-below-header-display":"","ast-hfb-mobile-header-display":"","site-post-title":"","ast-breadcrumbs-content":"","ast-featured-img":"","footer-sml-layout":"","theme-transparent-header-meta":"","adv-header-id-meta":"","stick-header-meta":"","header-above-stick-meta":"","header-main-stick-meta":"","header-below-stick-meta":"","astra-migrate-meta-layouts":"default","ast-page-background-enabled":"default","ast-page-background-meta":{"desktop":{"background-color":"var(--ast-global-color-4)","background-image":"","background-repeat":"repeat","background-position":"center center","background-size":"auto","background-attachment":"scroll","background-type":"","background-media":"","overlay-type":"","overlay-color":"","overlay-opacity":"","overlay-gradient":""},"tablet":{"background-color":"","background-image":"","background-repeat":"repeat","background-position":"center center","background-size":"auto","background-attachment":"scroll","background-type":"","background-media":"","overlay-type":"","overlay-color":"","overlay-opacity":"","overlay-gradient":""},"mobile":{"background-color":"","background-image":"","background-repeat":"repeat","background-position":"center center","background-size":"auto","background-attachment":"scroll","background-type":"","background-media":"","overlay-type":"","overlay-color":"","overlay-opacity":"","overlay-gradient":""}},"ast-content-background-meta":{"desktop":{"background-color":"var(--ast-global-color-5)","background-image":"","background-repeat":"repeat","background-position":"center center","background-size":"auto","background-attachment":"scroll","background-type":"","background-media":"","overlay-type":"","overlay-color":"","overlay-opacity":"","overlay-gradient":""},"tablet":{"background-color":"var(--ast-global-color-5)","background-image":"","background-repeat":"repeat","background-position":"center center","background-size":"auto","background-attachment":"scroll","background-type":"","background-media":"","overlay-type":"","overlay-color":"","overlay-opacity":"","overlay-gradient":""},"mobile":{"background-color":"var(--ast-global-color-5)","background-image":"","background-repeat":"repeat","background-position":"center center","background-size":"auto","background-attachment":"scroll","background-type":"","background-media":"","overlay-type":"","overlay-color":"","overlay-opacity":"","overlay-gradient":""}},"footnotes":""},"class_list":["post-34","page","type-page","status-publish","hentry"],"post_mailing_queue_ids":[],"_links":{"self":[{"href":"https:\/\/agora.xtec.cat\/ceiplabenaula\/wp-json\/wp\/v2\/pages\/34","targetHints":{"allow":["GET"]}}],"collection":[{"href":"https:\/\/agora.xtec.cat\/ceiplabenaula\/wp-json\/wp\/v2\/pages"}],"about":[{"href":"https:\/\/agora.xtec.cat\/ceiplabenaula\/wp-json\/wp\/v2\/types\/page"}],"author":[{"embeddable":true,"href":"https:\/\/agora.xtec.cat\/ceiplabenaula\/wp-json\/wp\/v2\/users\/1"}],"replies":[{"embeddable":true,"href":"https:\/\/agora.xtec.cat\/ceiplabenaula\/wp-json\/wp\/v2\/comments?post=34"}],"version-history":[{"count":5,"href":"https:\/\/agora.xtec.cat\/ceiplabenaula\/wp-json\/wp\/v2\/pages\/34\/revisions"}],"predecessor-version":[{"id":2551,"href":"https:\/\/agora.xtec.cat\/ceiplabenaula\/wp-json\/wp\/v2\/pages\/34\/revisions\/2551"}],"up":[{"embeddable":true,"href":"https:\/\/agora.xtec.cat\/ceiplabenaula\/wp-json\/wp\/v2\/pages\/2500"}],"wp:attachment":[{"href":"https:\/\/agora.xtec.cat\/ceiplabenaula\/wp-json\/wp\/v2\/media?parent=34"}],"curies":[{"name":"wp","href":"https:\/\/api.w.org\/{rel}","templated":true}]}}