{"id":30,"date":"2014-09-18T12:30:23","date_gmt":"2014-09-18T11:30:23","guid":{"rendered":"http:\/\/agora.xtec.cat\/ceiplabenaula\/?page_id=30"},"modified":"2024-04-23T09:48:11","modified_gmt":"2024-04-23T07:48:11","slug":"instal%c2%b7lacions","status":"publish","type":"page","link":"https:\/\/agora.xtec.cat\/ceiplabenaula\/lescola\/instal%c2%b7lacions\/","title":{"rendered":"Instal\u00b7lacions"},"content":{"rendered":"<p><a href=\"https:\/\/docs.google.com\/presentation\/d\/e\/2PACX-1vS7ypufQKIwHMBViC-jHphllawaUP83aaoBgKM-zqvhHgTtrZuBsSEyhp1nM_139UtTHH9QttTw0_MS\/pub?start=false&amp;loop=true&amp;delayms=3000\" target=\"_blank\" rel=\"https:\/\/docs.google.com\/presentation\/d\/e\/2pacx-1vs7ypufqkiwhmbvic-jhphllawaup83aaobgkm-zqvhhgttrzubsseyhp1nm_139utthh9qtttw0_ms\/pub?start=false&amp;loop=true&amp;delayms=3000 noopener noreferrer\"><img loading=\"lazy\" decoding=\"async\" class=\"alignright wp-image-1162\" src=\"https:\/\/agora.xtec.cat\/ceiplabenaula\/wp-content\/uploads\/usu1883\/2020\/02\/IMG_1630_opt-300x225.jpg\" alt=\"\" width=\"341\" height=\"256\" srcset=\"https:\/\/agora.xtec.cat\/ceiplabenaula\/wp-content\/uploads\/usu1883\/2020\/02\/IMG_1630_opt-300x225.jpg 300w, https:\/\/agora.xtec.cat\/ceiplabenaula\/wp-content\/uploads\/usu1883\/2020\/02\/IMG_1630_opt-200x150.jpg 200w, https:\/\/agora.xtec.cat\/ceiplabenaula\/wp-content\/uploads\/usu1883\/2020\/02\/IMG_1630_opt.jpg 400w\" sizes=\"auto, (max-width: 341px) 100vw, 341px\" \/><\/a><\/p>\n<p><span style=\"font-weight: 400;\">L\u2019edifici consa dels seg\u00fcents espais (clicant aquesta imatge podreu veure les nostres instal\u00b7lacions):\u00a0<\/span><\/p>\n<table>\n<tbody>\n<tr>\n<td><b>Espais<\/b> <b>interiors<\/b><span style=\"font-weight: 400;\"> primera planta: 9 aules ordin\u00e0ries (4 a la zona d\u2019infantil i 6 a la zona de prim\u00e0ria), 2 espais de magatzem, 2 halls, 1 menjador + espai per al monitoratge i AFA, 1 biblioteca, 4 despatxos, 1 despatx de direcci\u00f3 i un per a la secretaria, 1 gimn\u00e0s, 5 m\u00f2duls de lavabos, 1 amb dutxes.\u00a0<\/span><\/p>\n<p><span style=\"font-weight: 400;\">Segona planta: 2 aules ordin\u00e0ries, 1 aula d\u2019angl\u00e8s, aula d\u2019inform\u00e0tica i d\u2019educaci\u00f3 especial, 1 hall, 1 magatzem, 2 WC, 1 magatzem.\u00a0<\/span><\/td>\n<\/tr>\n<tr>\n<td><b>Espais exteriors<\/b><span style=\"font-weight: 400;\"> pati tipus pista, zona de porxos amb lavabos. Pati amb sorra, elements de joc i arbres, a la zona d\u2019infantil. Actualment s\u2019ha annexat un parc infantil a disposici\u00f3 del centre les hores lectives.\u00a0<\/span><\/td>\n<\/tr>\n<\/tbody>\n<\/table>\n<p>&nbsp;<\/p>\n","protected":false},"excerpt":{"rendered":"<p>L\u2019edifici consa dels seg\u00fcents espais (clicant aquesta imatge podreu veure les nostres instal\u00b7lacions):\u00a0 Espais interiors primera planta: 9 aules ordin\u00e0ries (4 a la zona d\u2019infantil i 6 a la zona de prim\u00e0ria), 2 espais de magatzem, 2 halls, 1 menjador + espai per al monitoratge i AFA, 1 biblioteca, 4 despatxos, 1 despatx de direcci\u00f3 [&hellip;]<\/p>\n","protected":false},"author":1,"featured_media":0,"parent":638,"menu_order":40,"comment_status":"closed","ping_status":"closed","template":"page-templates\/side-menu.php","meta":{"_bbp_topic_count":0,"_bbp_reply_count":0,"_bbp_total_topic_count":0,"_bbp_total_reply_count":0,"_bbp_voice_count":0,"_bbp_anonymous_reply_count":0,"_bbp_topic_count_hidden":0,"_bbp_reply_count_hidden":0,"_bbp_forum_subforum_count":0,"site-sidebar-layout":"default","site-content-layout":"","ast-site-content-layout":"","site-content-style":"default","site-sidebar-style":"default","ast-global-header-display":"","ast-banner-title-visibility":"","ast-main-header-display":"","ast-hfb-above-header-display":"","ast-hfb-below-header-display":"","ast-hfb-mobile-header-display":"","site-post-title":"","ast-breadcrumbs-content":"","ast-featured-img":"","footer-sml-layout":"","theme-transparent-header-meta":"","adv-header-id-meta":"","stick-header-meta":"","header-above-stick-meta":"","header-main-stick-meta":"","header-below-stick-meta":"","astra-migrate-meta-layouts":"default","ast-page-background-enabled":"default","ast-page-background-meta":{"desktop":{"background-color":"var(--ast-global-color-4)","background-image":"","background-repeat":"repeat","background-position":"center center","background-size":"auto","background-attachment":"scroll","background-type":"","background-media":"","overlay-type":"","overlay-color":"","overlay-opacity":"","overlay-gradient":""},"tablet":{"background-color":"","background-image":"","background-repeat":"repeat","background-position":"center center","background-size":"auto","background-attachment":"scroll","background-type":"","background-media":"","overlay-type":"","overlay-color":"","overlay-opacity":"","overlay-gradient":""},"mobile":{"background-color":"","background-image":"","background-repeat":"repeat","background-position":"center center","background-size":"auto","background-attachment":"scroll","background-type":"","background-media":"","overlay-type":"","overlay-color":"","overlay-opacity":"","overlay-gradient":""}},"ast-content-background-meta":{"desktop":{"background-color":"var(--ast-global-color-5)","background-image":"","background-repeat":"repeat","background-position":"center center","background-size":"auto","background-attachment":"scroll","background-type":"","background-media":"","overlay-type":"","overlay-color":"","overlay-opacity":"","overlay-gradient":""},"tablet":{"background-color":"var(--ast-global-color-5)","background-image":"","background-repeat":"repeat","background-position":"center center","background-size":"auto","background-attachment":"scroll","background-type":"","background-media":"","overlay-type":"","overlay-color":"","overlay-opacity":"","overlay-gradient":""},"mobile":{"background-color":"var(--ast-global-color-5)","background-image":"","background-repeat":"repeat","background-position":"center center","background-size":"auto","background-attachment":"scroll","background-type":"","background-media":"","overlay-type":"","overlay-color":"","overlay-opacity":"","overlay-gradient":""}},"footnotes":""},"class_list":["post-30","page","type-page","status-publish","hentry"],"post_mailing_queue_ids":[],"_links":{"self":[{"href":"https:\/\/agora.xtec.cat\/ceiplabenaula\/wp-json\/wp\/v2\/pages\/30","targetHints":{"allow":["GET"]}}],"collection":[{"href":"https:\/\/agora.xtec.cat\/ceiplabenaula\/wp-json\/wp\/v2\/pages"}],"about":[{"href":"https:\/\/agora.xtec.cat\/ceiplabenaula\/wp-json\/wp\/v2\/types\/page"}],"author":[{"embeddable":true,"href":"https:\/\/agora.xtec.cat\/ceiplabenaula\/wp-json\/wp\/v2\/users\/1"}],"replies":[{"embeddable":true,"href":"https:\/\/agora.xtec.cat\/ceiplabenaula\/wp-json\/wp\/v2\/comments?post=30"}],"version-history":[{"count":2,"href":"https:\/\/agora.xtec.cat\/ceiplabenaula\/wp-json\/wp\/v2\/pages\/30\/revisions"}],"predecessor-version":[{"id":2057,"href":"https:\/\/agora.xtec.cat\/ceiplabenaula\/wp-json\/wp\/v2\/pages\/30\/revisions\/2057"}],"up":[{"embeddable":true,"href":"https:\/\/agora.xtec.cat\/ceiplabenaula\/wp-json\/wp\/v2\/pages\/638"}],"wp:attachment":[{"href":"https:\/\/agora.xtec.cat\/ceiplabenaula\/wp-json\/wp\/v2\/media?parent=30"}],"curies":[{"name":"wp","href":"https:\/\/api.w.org\/{rel}","templated":true}]}}