{"id":28,"date":"2014-09-18T12:29:35","date_gmt":"2014-09-18T11:29:35","guid":{"rendered":"http:\/\/agora.xtec.cat\/ceiplabenaula\/?page_id=28"},"modified":"2024-04-23T10:39:34","modified_gmt":"2024-04-23T08:39:34","slug":"consell-escolar","status":"publish","type":"page","link":"https:\/\/agora.xtec.cat\/ceiplabenaula\/lescola\/consell-escolar\/","title":{"rendered":"Consell Escolar"},"content":{"rendered":"<div class=\"FW_sPregunta FW_sImpacte\">\n<p class=\"FW_ancora\">El\u00a0<strong>Consell Escolar\u00a0<\/strong>del centre \u00e9s l&#8217;\u00f2rgan de participaci\u00f3 de la Comunitat Educativa en el govern de centres (<span style=\"font-weight: 400;\">regulen<\/span><a href=\"http:\/\/portaljuridic.gencat.cat\/ca\/pjur_ocults\/pjur_resultats_fitxa\/?action=fitxa&amp;documentId=480169&amp;language=ca_ES&amp;searchId=5050627&amp;mode=single#fragment-1182808\"> <span style=\"font-weight: 400;\">Llei 12\/2009 d\u2019educaci\u00f3<\/span><\/a><span style=\"font-weight: 400;\">\u00a0 (Article 148 i article 152) i<\/span><a href=\"http:\/\/portaljuridic.gencat.cat\/ca\/pjur_ocults\/pjur_resultats_fitxa\/?action=fitxa&amp;mode=single&amp;documentId=545262&amp;language=ca_ES#fragment-1397942\"> <span style=\"font-weight: 400;\">Decret 102\/2010<\/span><\/a> <a href=\"http:\/\/portaljuridic.gencat.cat\/ca\/pjur_ocults\/pjur_resultats_fitxa\/?action=fitxa&amp;mode=single&amp;documentId=545262&amp;language=ca_ES#fragment-1397942\"><span style=\"font-weight: 400;\">\u00a0<\/span><\/a><span style=\"font-weight: 400;\">(Article 27.1)<\/span>).<\/p>\n<p>El formen r<span style=\"font-weight: 400;\">epresentants de tota la <\/span><b>Comunitat Educativa: <\/b><span style=\"font-weight: 400;\">Equip Directiu, mestres, Fam\u00edlies \/ AFA, Personal d\u2019Administraci\u00f3 i Serveis, un Representant de l\u2019Administraci\u00f3 local.\u00a0<\/span><\/p>\n<\/div>\n<div class=\"FW_sPregunta FW_sImpacte\">\n<div class=\"FW_sArticleFoto\">\n<div class=\"FW_sEditPro\">\n<div class=\"FW_sPregunta FW_sImpacte\">\n<div class=\"FW_sArticleFoto\">\n<div class=\"FW_sEditPro\">\n<h4><b>Qu\u00e8 vol dir ser representant dels pares i mares i tutors\/es legals al Consell Escolar?<\/b><\/h4>\n<p><span style=\"font-weight: 400;\">Les mares i pares i\/o tutors\/es legals representants al consell opinen, aproven, avaluen i elaboren propostes per a la millora del funcionament del centre educatiu.<\/span><\/p>\n<p><span style=\"font-weight: 400;\">La seva participaci\u00f3 en el Consell Escolar tamb\u00e9 \u00e9s una tasca de representaci\u00f3. Aix\u00f2 significa que, com a membres del consell donen veu a les peticions, preocupacions i iniciatives de totes les fam\u00edlies.<\/span><\/p>\n<p><span style=\"font-weight: 400;\">Per representar de manera efica\u00e7 totes les fam\u00edlies del centre, s\u2019han de recollir les seves propostes i opinions i portar-les al Consell Escolar. D\u2019altra banda, tamb\u00e9 cal que els representats informin de tots els assumptes que es tracten en el Consell Escolar.<\/span><\/p>\n<h4><b>\u00a0<\/b><\/h4>\n<h4><b>Qu\u00e8 poden fer les AFA per millorar la participaci\u00f3 de les fam\u00edlies en les eleccions de representants als consells escolars?<\/b><\/h4>\n<p><span style=\"font-weight: 400;\">Perqu\u00e8 les fam\u00edlies participin en la renovaci\u00f3 dels seus representants al consell escolar cal que les AFA:<\/span><\/p>\n<ul>\n<li style=\"font-weight: 400;\" aria-level=\"1\"><span style=\"font-weight: 400;\">Informin les fam\u00edlies de les funcions del consell escolar i de com els afecten les decisions que s\u2019hi prenen;<\/span><\/li>\n<li style=\"font-weight: 400;\" aria-level=\"1\"><span style=\"font-weight: 400;\">Transmetin el valor afegit que suposa que les fam\u00edlies estiguin representades;<\/span><\/li>\n<li style=\"font-weight: 400;\" aria-level=\"1\"><span style=\"font-weight: 400;\">Difonguin les dates del proc\u00e9s electoral.\u00c9s important tenir una escola oberta a l\u2019entorn, que col\u00b7labori amb els altres centres i les diferents entitats i que entre tots pugueu fer del vostre municipi, barri o poble un entorn m\u00e9s educatiu i cohesionat.<\/span><\/li>\n<\/ul>\n<\/div>\n<\/div>\n<\/div>\n<\/div>\n<\/div>\n<\/div>\n","protected":false},"excerpt":{"rendered":"<p>El\u00a0Consell Escolar\u00a0del centre \u00e9s l&#8217;\u00f2rgan de participaci\u00f3 de la Comunitat Educativa en el govern de centres (regulen Llei 12\/2009 d\u2019educaci\u00f3\u00a0 (Article 148 i article 152) i Decret 102\/2010 \u00a0(Article 27.1)). El formen representants de tota la Comunitat Educativa: Equip Directiu, mestres, Fam\u00edlies \/ AFA, Personal d\u2019Administraci\u00f3 i Serveis, un Representant de l\u2019Administraci\u00f3 local.\u00a0 Qu\u00e8 vol [&hellip;]<\/p>\n","protected":false},"author":1,"featured_media":0,"parent":638,"menu_order":30,"comment_status":"closed","ping_status":"closed","template":"page-templates\/side-menu.php","meta":{"_bbp_topic_count":0,"_bbp_reply_count":0,"_bbp_total_topic_count":0,"_bbp_total_reply_count":0,"_bbp_voice_count":0,"_bbp_anonymous_reply_count":0,"_bbp_topic_count_hidden":0,"_bbp_reply_count_hidden":0,"_bbp_forum_subforum_count":0,"site-sidebar-layout":"default","site-content-layout":"","ast-site-content-layout":"","site-content-style":"default","site-sidebar-style":"default","ast-global-header-display":"","ast-banner-title-visibility":"","ast-main-header-display":"","ast-hfb-above-header-display":"","ast-hfb-below-header-display":"","ast-hfb-mobile-header-display":"","site-post-title":"","ast-breadcrumbs-content":"","ast-featured-img":"","footer-sml-layout":"","theme-transparent-header-meta":"","adv-header-id-meta":"","stick-header-meta":"","header-above-stick-meta":"","header-main-stick-meta":"","header-below-stick-meta":"","astra-migrate-meta-layouts":"default","ast-page-background-enabled":"default","ast-page-background-meta":{"desktop":{"background-color":"var(--ast-global-color-4)","background-image":"","background-repeat":"repeat","background-position":"center center","background-size":"auto","background-attachment":"scroll","background-type":"","background-media":"","overlay-type":"","overlay-color":"","overlay-opacity":"","overlay-gradient":""},"tablet":{"background-color":"","background-image":"","background-repeat":"repeat","background-position":"center center","background-size":"auto","background-attachment":"scroll","background-type":"","background-media":"","overlay-type":"","overlay-color":"","overlay-opacity":"","overlay-gradient":""},"mobile":{"background-color":"","background-image":"","background-repeat":"repeat","background-position":"center center","background-size":"auto","background-attachment":"scroll","background-type":"","background-media":"","overlay-type":"","overlay-color":"","overlay-opacity":"","overlay-gradient":""}},"ast-content-background-meta":{"desktop":{"background-color":"var(--ast-global-color-5)","background-image":"","background-repeat":"repeat","background-position":"center center","background-size":"auto","background-attachment":"scroll","background-type":"","background-media":"","overlay-type":"","overlay-color":"","overlay-opacity":"","overlay-gradient":""},"tablet":{"background-color":"var(--ast-global-color-5)","background-image":"","background-repeat":"repeat","background-position":"center center","background-size":"auto","background-attachment":"scroll","background-type":"","background-media":"","overlay-type":"","overlay-color":"","overlay-opacity":"","overlay-gradient":""},"mobile":{"background-color":"var(--ast-global-color-5)","background-image":"","background-repeat":"repeat","background-position":"center center","background-size":"auto","background-attachment":"scroll","background-type":"","background-media":"","overlay-type":"","overlay-color":"","overlay-opacity":"","overlay-gradient":""}},"footnotes":""},"class_list":["post-28","page","type-page","status-publish","hentry"],"post_mailing_queue_ids":[],"_links":{"self":[{"href":"https:\/\/agora.xtec.cat\/ceiplabenaula\/wp-json\/wp\/v2\/pages\/28","targetHints":{"allow":["GET"]}}],"collection":[{"href":"https:\/\/agora.xtec.cat\/ceiplabenaula\/wp-json\/wp\/v2\/pages"}],"about":[{"href":"https:\/\/agora.xtec.cat\/ceiplabenaula\/wp-json\/wp\/v2\/types\/page"}],"author":[{"embeddable":true,"href":"https:\/\/agora.xtec.cat\/ceiplabenaula\/wp-json\/wp\/v2\/users\/1"}],"replies":[{"embeddable":true,"href":"https:\/\/agora.xtec.cat\/ceiplabenaula\/wp-json\/wp\/v2\/comments?post=28"}],"version-history":[{"count":6,"href":"https:\/\/agora.xtec.cat\/ceiplabenaula\/wp-json\/wp\/v2\/pages\/28\/revisions"}],"predecessor-version":[{"id":2508,"href":"https:\/\/agora.xtec.cat\/ceiplabenaula\/wp-json\/wp\/v2\/pages\/28\/revisions\/2508"}],"up":[{"embeddable":true,"href":"https:\/\/agora.xtec.cat\/ceiplabenaula\/wp-json\/wp\/v2\/pages\/638"}],"wp:attachment":[{"href":"https:\/\/agora.xtec.cat\/ceiplabenaula\/wp-json\/wp\/v2\/media?parent=28"}],"curies":[{"name":"wp","href":"https:\/\/api.w.org\/{rel}","templated":true}]}}

<div class="FW_sPregunta FW_sImpacte">
<p class="FW_ancora">El <strong>Consell Escolar </strong>del centre és l&#8217;òrgan de participació de la Comunitat Educativa en el govern de centres (<span style="font-weight: 400;">regulen</span><a href="http://portaljuridic.gencat.cat/ca/pjur_ocults/pjur_resultats_fitxa/?action=fitxa&amp;documentId=480169&amp;language=ca_ES&amp;searchId=5050627&amp;mode=single#fragment-1182808"> <span style="font-weight: 400;">Llei 12/2009 d’educació</span></a><span style="font-weight: 400;">  (Article 148 i article 152) i</span><a href="http://portaljuridic.gencat.cat/ca/pjur_ocults/pjur_resultats_fitxa/?action=fitxa&amp;mode=single&amp;documentId=545262&amp;language=ca_ES#fragment-1397942"> <span style="font-weight: 400;">Decret 102/2010</span></a> <a href="http://portaljuridic.gencat.cat/ca/pjur_ocults/pjur_resultats_fitxa/?action=fitxa&amp;mode=single&amp;documentId=545262&amp;language=ca_ES#fragment-1397942"><span style="font-weight: 400;"> </span></a><span style="font-weight: 400;">(Article 27.1)</span>).</p>
<p>El formen r<span style="font-weight: 400;">epresentants de tota la </span><b>Comunitat Educativa: </b><span style="font-weight: 400;">Equip Directiu, mestres, Famílies / AFA, Personal d’Administració i Serveis, un Representant de l’Administració local. </span></p>
</div>
<div class="FW_sPregunta FW_sImpacte">
<div class="FW_sArticleFoto">
<div class="FW_sEditPro">
<div class="FW_sPregunta FW_sImpacte">
<div class="FW_sArticleFoto">
<div class="FW_sEditPro">
<h4><b>Què vol dir ser representant dels pares i mares i tutors/es legals al Consell Escolar?</b></h4>
<p><span style="font-weight: 400;">Les mares i pares i/o tutors/es legals representants al consell opinen, aproven, avaluen i elaboren propostes per a la millora del funcionament del centre educatiu.</span></p>
<p><span style="font-weight: 400;">La seva participació en el Consell Escolar també és una tasca de representació. Això significa que, com a membres del consell donen veu a les peticions, preocupacions i iniciatives de totes les famílies.</span></p>
<p><span style="font-weight: 400;">Per representar de manera eficaç totes les famílies del centre, s’han de recollir les seves propostes i opinions i portar-les al Consell Escolar. D’altra banda, també cal que els representats informin de tots els assumptes que es tracten en el Consell Escolar.</span></p>
<h4><b> </b></h4>
<h4><b>Què poden fer les AFA per millorar la participació de les famílies en les eleccions de representants als consells escolars?</b></h4>
<p><span style="font-weight: 400;">Perquè les famílies participin en la renovació dels seus representants al consell escolar cal que les AFA:</span></p>
<ul>
<li style="font-weight: 400;" aria-level="1"><span style="font-weight: 400;">Informin les famílies de les funcions del consell escolar i de com els afecten les decisions que s’hi prenen;</span></li>
<li style="font-weight: 400;" aria-level="1"><span style="font-weight: 400;">Transmetin el valor afegit que suposa que les famílies estiguin representades;</span></li>
<li style="font-weight: 400;" aria-level="1"><span style="font-weight: 400;">Difonguin les dates del procés electoral.És important tenir una escola oberta a l’entorn, que col·labori amb els altres centres i les diferents entitats i que entre tots pugueu fer del vostre municipi, barri o poble un entorn més educatiu i cohesionat.</span></li>
</ul>
</div>
</div>
</div>
</div>
</div>
</div>

<p>El Consell Escolar del centre és l&#8217;òrgan de participació de la Comunitat Educativa en el govern de centres (regulen Llei 12/2009 d’educació  (Article 148 i article 152) i Decret 102/2010  (Article 27.1)). El formen representants de tota la Comunitat Educativa: Equip Directiu, mestres, Famílies / AFA, Personal d’Administració i Serveis, un Representant de l’Administració local.  Què vol [&hellip;]</p>
