{"id":1001,"date":"2020-01-23T12:34:37","date_gmt":"2020-01-23T11:34:37","guid":{"rendered":"http:\/\/agora.xtec.cat\/ceiplabenaula\/?page_id=1001"},"modified":"2024-04-23T12:57:08","modified_gmt":"2024-04-23T10:57:08","slug":"hort-a-lescola","status":"publish","type":"page","link":"https:\/\/agora.xtec.cat\/ceiplabenaula\/els-nostres-projectes\/hort-a-lescola\/","title":{"rendered":"Hort a l&#8217;escola i escola respectuosa amb el medi ambient"},"content":{"rendered":"<p>La nostra escola creu en el\u00a0<strong>respecte pel medi ambient<\/strong> i l&#8217;entorn que ens envolta. Per aquest motiu es fan tot un seguit d&#8217;actuacions al respecte:<\/p>\n<table>\n<tbody>\n<tr>\n<td><span style=\"font-weight: 400;\">CICLE<\/span><\/td>\n<td><span style=\"font-weight: 400;\">ACTUACIONS CONJUNTES<\/span><\/td>\n<td><span style=\"font-weight: 400;\">ACTUACIONS DE CICLE<\/span><\/td>\n<\/tr>\n<tr>\n<td><span style=\"font-weight: 400;\">EDUCACI\u00d3 INFANTIL<\/span><\/td>\n<td rowspan=\"2\">\n<ul>\n<li style=\"font-weight: 400;\" aria-level=\"1\"><span style=\"font-weight: 400;\">tot el material fungible d\u2019\u00fas com\u00fa<\/span><\/li>\n<li style=\"font-weight: 400;\" aria-level=\"1\"><span style=\"font-weight: 400;\">contenidors de separaci\u00f3 selectiva<\/span><\/li>\n<\/ul>\n<\/td>\n<td><\/td>\n<\/tr>\n<tr>\n<td><span style=\"font-weight: 400;\">CICLE INICIAL<\/span><\/td>\n<td>\n<ul>\n<li style=\"font-weight: 400;\" aria-level=\"1\"><span style=\"font-weight: 400;\">treball de l\u2019hort escolar junt amb EE<\/span><\/li>\n<li style=\"font-weight: 400;\" aria-level=\"1\"><span style=\"font-weight: 400;\">agenda escolar com\u00fa<\/span><\/li>\n<\/ul>\n<\/td>\n<\/tr>\n<tr>\n<td><span style=\"font-weight: 400;\">CICLE MITJ\u00c0<\/span><\/td>\n<td rowspan=\"2\">\n<ul>\n<li style=\"font-weight: 400;\" aria-level=\"1\"><span style=\"font-weight: 400;\">material fungible d\u2019\u00fas com\u00fa per a la pl\u00e0stica i els projectes<\/span><\/li>\n<li style=\"font-weight: 400;\" aria-level=\"1\"><span style=\"font-weight: 400;\">contenidors de separaci\u00f3 selectiva<\/span><\/li>\n<\/ul>\n<\/td>\n<td>\n<ul>\n<li style=\"font-weight: 400;\" aria-level=\"1\"><span style=\"font-weight: 400;\">agenda escolar com\u00fa<\/span><\/li>\n<li style=\"font-weight: 400;\" aria-level=\"1\"><span style=\"font-weight: 400;\">visita a la deixalleria i la depuradora (si s\u2019escau)<\/span><\/li>\n<\/ul>\n<\/td>\n<\/tr>\n<tr>\n<td><span style=\"font-weight: 400;\">CICLE SUPERIOR<\/span><\/td>\n<td>\n<ul>\n<li style=\"font-weight: 400;\" aria-level=\"1\"><span style=\"font-weight: 400;\">5\u00e8: taller i recollida de mostres del Programa mosquit tigre<\/span><\/li>\n<li style=\"font-weight: 400;\" aria-level=\"1\"><span style=\"font-weight: 400;\">agenda escolar com\u00fa<\/span><\/li>\n<\/ul>\n<\/td>\n<\/tr>\n<tr>\n<td colspan=\"3\"><span style=\"font-weight: 400;\">ALTRES ACTUACIONS<\/span><\/p>\n<ul>\n<li style=\"font-weight: 400;\" aria-level=\"1\"><span style=\"font-weight: 400;\">Reducci\u00f3 del consum de paper tot fent trameses d\u2019informaci\u00f3 a trav\u00e9s del Tokapp School.\u00a0<\/span><\/li>\n<li style=\"font-weight: 400;\" aria-level=\"1\"><span style=\"font-weight: 400;\">Fer impressi\u00f3 a doble cara sempre que es pugui, fent \u00fas del paper en des\u00fas.\u00a0<\/span><\/li>\n<li style=\"font-weight: 400;\" aria-level=\"1\"><span style=\"font-weight: 400;\">Restes org\u00e0niques (aula i menjador) al contenidor i\/o compostador.\u00a0<\/span><\/li>\n<li style=\"font-weight: 400;\" aria-level=\"1\"><span style=\"font-weight: 400;\">Activitats de conscienciaci\u00f3 ambiental i forestal.\u00a0<\/span><\/li>\n<li style=\"font-weight: 400;\" aria-level=\"1\"><span style=\"font-weight: 400;\">Incidir en tancament de llums i portes de les aules.\u00a0<\/span><\/li>\n<li style=\"font-weight: 400;\" aria-level=\"1\"><span style=\"font-weight: 400;\">Conscienciaci\u00f3 de l\u2019alumnat per fer \u00fas d\u2019envasos reutilitzables per als esmorzars i aigua.\u00a0<\/span><\/li>\n<li style=\"font-weight: 400;\" aria-level=\"1\"><span style=\"font-weight: 400;\">Incidir en el consum responsable de l\u2019aigua: font, aixetes, cisterna del wc. \u00das responsable del paper per eixugar mans.<\/span><\/li>\n<li style=\"font-weight: 400;\" aria-level=\"1\"><span style=\"font-weight: 400;\">\u00das de gots i ampolles personals en les festes per evitar envasos d\u2019un sol \u00fas.<\/span><\/li>\n<li style=\"font-weight: 400;\" aria-level=\"1\"><span style=\"font-weight: 400;\">Recuperaci\u00f3 de l\u2019aigua de les gerres del menjador per omplir el dip\u00f2sit de reg de l\u2019hort.<\/span><\/li>\n<\/ul>\n<\/td>\n<\/tr>\n<\/tbody>\n<\/table>\n<p>&nbsp;<\/p>\n<p>A m\u00e9s, comptem amb un\u00a0<strong>hort escolar<\/strong> que d\u00f3na als infants de 1r i 2n l&#8217;oportunitat de con\u00e8ixer les plantes, el seu creixement i l&#8217;entorn d&#8217;un hort de primera m\u00e0.<\/p>\n<table style=\"height: 215px; width: 278px; border-color: #000000;\" width=\"278\">\n<tbody>\n<tr>\n<td style=\"width: 272px;\"><a href=\"https:\/\/agora.xtec.cat\/ceiplabenaula\/wp-content\/uploads\/usu1883\/2020\/01\/Hort.jpg\"><img loading=\"lazy\" decoding=\"async\" class=\"alignnone wp-image-1003 \" src=\"https:\/\/agora.xtec.cat\/ceiplabenaula\/wp-content\/uploads\/usu1883\/2020\/01\/Hort.jpg\" alt=\"\" width=\"478\" height=\"390\" srcset=\"https:\/\/agora.xtec.cat\/ceiplabenaula\/wp-content\/uploads\/usu1883\/2020\/01\/Hort.jpg 750w, https:\/\/agora.xtec.cat\/ceiplabenaula\/wp-content\/uploads\/usu1883\/2020\/01\/Hort-300x245.jpg 300w\" sizes=\"auto, (max-width: 478px) 100vw, 478px\" \/><\/a><\/td>\n<\/tr>\n<\/tbody>\n<\/table>\n","protected":false},"excerpt":{"rendered":"<p>La nostra escola creu en el\u00a0respecte pel medi ambient i l&#8217;entorn que ens envolta. Per aquest motiu es fan tot un seguit d&#8217;actuacions al respecte: CICLE ACTUACIONS CONJUNTES ACTUACIONS DE CICLE EDUCACI\u00d3 INFANTIL tot el material fungible d\u2019\u00fas com\u00fa contenidors de separaci\u00f3 selectiva CICLE INICIAL treball de l\u2019hort escolar junt amb EE agenda escolar com\u00fa [&hellip;]<\/p>\n","protected":false},"author":1,"featured_media":0,"parent":773,"menu_order":0,"comment_status":"closed","ping_status":"closed","template":"page-templates\/side-menu.php","meta":{"_bbp_topic_count":0,"_bbp_reply_count":0,"_bbp_total_topic_count":0,"_bbp_total_reply_count":0,"_bbp_voice_count":0,"_bbp_anonymous_reply_count":0,"_bbp_topic_count_hidden":0,"_bbp_reply_count_hidden":0,"_bbp_forum_subforum_count":0,"site-sidebar-layout":"default","site-content-layout":"","ast-site-content-layout":"","site-content-style":"default","site-sidebar-style":"default","ast-global-header-display":"","ast-banner-title-visibility":"","ast-main-header-display":"","ast-hfb-above-header-display":"","ast-hfb-below-header-display":"","ast-hfb-mobile-header-display":"","site-post-title":"","ast-breadcrumbs-content":"","ast-featured-img":"","footer-sml-layout":"","theme-transparent-header-meta":"","adv-header-id-meta":"","stick-header-meta":"","header-above-stick-meta":"","header-main-stick-meta":"","header-below-stick-meta":"","astra-migrate-meta-layouts":"default","ast-page-background-enabled":"default","ast-page-background-meta":{"desktop":{"background-color":"var(--ast-global-color-4)","background-image":"","background-repeat":"repeat","background-position":"center center","background-size":"auto","background-attachment":"scroll","background-type":"","background-media":"","overlay-type":"","overlay-color":"","overlay-opacity":"","overlay-gradient":""},"tablet":{"background-color":"","background-image":"","background-repeat":"repeat","background-position":"center center","background-size":"auto","background-attachment":"scroll","background-type":"","background-media":"","overlay-type":"","overlay-color":"","overlay-opacity":"","overlay-gradient":""},"mobile":{"background-color":"","background-image":"","background-repeat":"repeat","background-position":"center center","background-size":"auto","background-attachment":"scroll","background-type":"","background-media":"","overlay-type":"","overlay-color":"","overlay-opacity":"","overlay-gradient":""}},"ast-content-background-meta":{"desktop":{"background-color":"var(--ast-global-color-5)","background-image":"","background-repeat":"repeat","background-position":"center center","background-size":"auto","background-attachment":"scroll","background-type":"","background-media":"","overlay-type":"","overlay-color":"","overlay-opacity":"","overlay-gradient":""},"tablet":{"background-color":"var(--ast-global-color-5)","background-image":"","background-repeat":"repeat","background-position":"center center","background-size":"auto","background-attachment":"scroll","background-type":"","background-media":"","overlay-type":"","overlay-color":"","overlay-opacity":"","overlay-gradient":""},"mobile":{"background-color":"var(--ast-global-color-5)","background-image":"","background-repeat":"repeat","background-position":"center center","background-size":"auto","background-attachment":"scroll","background-type":"","background-media":"","overlay-type":"","overlay-color":"","overlay-opacity":"","overlay-gradient":""}},"footnotes":""},"class_list":["post-1001","page","type-page","status-publish","hentry"],"post_mailing_queue_ids":[],"_links":{"self":[{"href":"https:\/\/agora.xtec.cat\/ceiplabenaula\/wp-json\/wp\/v2\/pages\/1001","targetHints":{"allow":["GET"]}}],"collection":[{"href":"https:\/\/agora.xtec.cat\/ceiplabenaula\/wp-json\/wp\/v2\/pages"}],"about":[{"href":"https:\/\/agora.xtec.cat\/ceiplabenaula\/wp-json\/wp\/v2\/types\/page"}],"author":[{"embeddable":true,"href":"https:\/\/agora.xtec.cat\/ceiplabenaula\/wp-json\/wp\/v2\/users\/1"}],"replies":[{"embeddable":true,"href":"https:\/\/agora.xtec.cat\/ceiplabenaula\/wp-json\/wp\/v2\/comments?post=1001"}],"version-history":[{"count":3,"href":"https:\/\/agora.xtec.cat\/ceiplabenaula\/wp-json\/wp\/v2\/pages\/1001\/revisions"}],"predecessor-version":[{"id":2547,"href":"https:\/\/agora.xtec.cat\/ceiplabenaula\/wp-json\/wp\/v2\/pages\/1001\/revisions\/2547"}],"up":[{"embeddable":true,"href":"https:\/\/agora.xtec.cat\/ceiplabenaula\/wp-json\/wp\/v2\/pages\/773"}],"wp:attachment":[{"href":"https:\/\/agora.xtec.cat\/ceiplabenaula\/wp-json\/wp\/v2\/media?parent=1001"}],"curies":[{"name":"wp","href":"https:\/\/api.w.org\/{rel}","templated":true}]}}

<p>La nostra escola creu en el <strong>respecte pel medi ambient</strong> i l&#8217;entorn que ens envolta. Per aquest motiu es fan tot un seguit d&#8217;actuacions al respecte:</p>
<table>
<tbody>
<tr>
<td><span style="font-weight: 400;">CICLE</span></td>
<td><span style="font-weight: 400;">ACTUACIONS CONJUNTES</span></td>
<td><span style="font-weight: 400;">ACTUACIONS DE CICLE</span></td>
</tr>
<tr>
<td><span style="font-weight: 400;">EDUCACIÓ INFANTIL</span></td>
<td rowspan="2">
<ul>
<li style="font-weight: 400;" aria-level="1"><span style="font-weight: 400;">tot el material fungible d’ús comú</span></li>
<li style="font-weight: 400;" aria-level="1"><span style="font-weight: 400;">contenidors de separació selectiva</span></li>
</ul>
</td>
<td></td>
</tr>
<tr>
<td><span style="font-weight: 400;">CICLE INICIAL</span></td>
<td>
<ul>
<li style="font-weight: 400;" aria-level="1"><span style="font-weight: 400;">treball de l’hort escolar junt amb EE</span></li>
<li style="font-weight: 400;" aria-level="1"><span style="font-weight: 400;">agenda escolar comú</span></li>
</ul>
</td>
</tr>
<tr>
<td><span style="font-weight: 400;">CICLE MITJÀ</span></td>
<td rowspan="2">
<ul>
<li style="font-weight: 400;" aria-level="1"><span style="font-weight: 400;">material fungible d’ús comú per a la plàstica i els projectes</span></li>
<li style="font-weight: 400;" aria-level="1"><span style="font-weight: 400;">contenidors de separació selectiva</span></li>
</ul>
</td>
<td>
<ul>
<li style="font-weight: 400;" aria-level="1"><span style="font-weight: 400;">agenda escolar comú</span></li>
<li style="font-weight: 400;" aria-level="1"><span style="font-weight: 400;">visita a la deixalleria i la depuradora (si s’escau)</span></li>
</ul>
</td>
</tr>
<tr>
<td><span style="font-weight: 400;">CICLE SUPERIOR</span></td>
<td>
<ul>
<li style="font-weight: 400;" aria-level="1"><span style="font-weight: 400;">5è: taller i recollida de mostres del Programa mosquit tigre</span></li>
<li style="font-weight: 400;" aria-level="1"><span style="font-weight: 400;">agenda escolar comú</span></li>
</ul>
</td>
</tr>
<tr>
<td colspan="3"><span style="font-weight: 400;">ALTRES ACTUACIONS</span></p>
<ul>
<li style="font-weight: 400;" aria-level="1"><span style="font-weight: 400;">Reducció del consum de paper tot fent trameses d’informació a través del Tokapp School. </span></li>
<li style="font-weight: 400;" aria-level="1"><span style="font-weight: 400;">Fer impressió a doble cara sempre que es pugui, fent ús del paper en desús. </span></li>
<li style="font-weight: 400;" aria-level="1"><span style="font-weight: 400;">Restes orgàniques (aula i menjador) al contenidor i/o compostador. </span></li>
<li style="font-weight: 400;" aria-level="1"><span style="font-weight: 400;">Activitats de conscienciació ambiental i forestal. </span></li>
<li style="font-weight: 400;" aria-level="1"><span style="font-weight: 400;">Incidir en tancament de llums i portes de les aules. </span></li>
<li style="font-weight: 400;" aria-level="1"><span style="font-weight: 400;">Conscienciació de l’alumnat per fer ús d’envasos reutilitzables per als esmorzars i aigua. </span></li>
<li style="font-weight: 400;" aria-level="1"><span style="font-weight: 400;">Incidir en el consum responsable de l’aigua: font, aixetes, cisterna del wc. Ús responsable del paper per eixugar mans.</span></li>
<li style="font-weight: 400;" aria-level="1"><span style="font-weight: 400;">Ús de gots i ampolles personals en les festes per evitar envasos d’un sol ús.</span></li>
<li style="font-weight: 400;" aria-level="1"><span style="font-weight: 400;">Recuperació de l’aigua de les gerres del menjador per omplir el dipòsit de reg de l’hort.</span></li>
</ul>
</td>
</tr>
</tbody>
</table>
<p>&nbsp;</p>
<p>A més, comptem amb un <strong>hort escolar</strong> que dóna als infants de 1r i 2n l&#8217;oportunitat de conèixer les plantes, el seu creixement i l&#8217;entorn d&#8217;un hort de primera mà.</p>
<table style="height: 215px; width: 278px; border-color: #000000;" width="278">
<tbody>
<tr>
<td style="width: 272px;"><a href="https://agora.xtec.cat/ceiplabenaula/wp-content/uploads/usu1883/2020/01/Hort.jpg"><img loading="lazy" decoding="async" class="alignnone wp-image-1003 " src="https://agora.xtec.cat/ceiplabenaula/wp-content/uploads/usu1883/2020/01/Hort.jpg" alt="" width="478" height="390" srcset="https://agora.xtec.cat/ceiplabenaula/wp-content/uploads/usu1883/2020/01/Hort.jpg 750w, https://agora.xtec.cat/ceiplabenaula/wp-content/uploads/usu1883/2020/01/Hort-300x245.jpg 300w" sizes="auto, (max-width: 478px) 100vw, 478px" /></a></td>
</tr>
</tbody>
</table>

<p>La nostra escola creu en el respecte pel medi ambient i l&#8217;entorn que ens envolta. Per aquest motiu es fan tot un seguit d&#8217;actuacions al respecte: CICLE ACTUACIONS CONJUNTES ACTUACIONS DE CICLE EDUCACIÓ INFANTIL tot el material fungible d’ús comú contenidors de separació selectiva CICLE INICIAL treball de l’hort escolar junt amb EE agenda escolar comú [&hellip;]</p>
