{"id":7559,"date":"2025-01-29T15:17:33","date_gmt":"2025-01-29T14:17:33","guid":{"rendered":"https:\/\/agora.xtec.cat\/ceipjventallo\/?page_id=7559"},"modified":"2026-02-12T11:20:59","modified_gmt":"2026-02-12T10:20:59","slug":"nivells-2","status":"publish","type":"page","link":"https:\/\/agora.xtec.cat\/ceipjventallo\/nivells-2\/","title":{"rendered":"Nivells"},"content":{"rendered":"<p>La nostra escola \u00e9s un centre d&#8217;una sola l\u00ednia (2 l\u00ednies al grup de 4t), i s&#8217;estructura en dues etapes : la d&#8217;Educaci\u00f3 Infantil i la d&#8217;Educaci\u00f3 Prim\u00e0ria.<\/p>\n<p>El segon cicle de l&#8217;educaci\u00f3 infantil (3-6 anys) i prim\u00e0ria (6-12 anys) formen part de l&#8217;educaci\u00f3 b\u00e0sica, centrades en el desenvolupament integral, l&#8217;autonomia i la socialitzaci\u00f3 de l&#8217;infant. S&#8217;articulen com a comunitats d&#8217;aprenentatge que impliquen fam\u00edlies, mestres i l&#8217;entorn per fomentar valors de conviv\u00e8ncia, respecte i igualtat d&#8217;oportunitats des d&#8217;un entorn segur.<\/p>\n<p>La Comunitat de Petits: I3 &#8211; I4 &#8211; I5<\/p>\n<p>La Comunitat de Mitjans: 1r &#8211; 2n &#8211; 3r<\/p>\n<p>La Comunitat de Grans: 4t &#8211; 5\u00e8 &#8211; 6\u00e8<\/p>\n","protected":false},"excerpt":{"rendered":"<p>La nostra escola \u00e9s un centre d&#8217;una sola l\u00ednia (2 l\u00ednies al grup de 4t), i s&#8217;estructura en dues etapes : la d&#8217;Educaci\u00f3 Infantil i la d&#8217;Educaci\u00f3 Prim\u00e0ria. El segon cicle de l&#8217;educaci\u00f3 infantil (3-6 anys) i prim\u00e0ria (6-12 anys) formen part de l&#8217;educaci\u00f3 b\u00e0sica, centrades en el desenvolupament integral, l&#8217;autonomia i la socialitzaci\u00f3 de [&hellip;]<\/p>\n","protected":false},"author":1,"featured_media":0,"parent":0,"menu_order":0,"comment_status":"closed","ping_status":"closed","template":"","meta":{"_bbp_topic_count":0,"_bbp_reply_count":0,"_bbp_total_topic_count":0,"_bbp_total_reply_count":0,"_bbp_voice_count":0,"_bbp_anonymous_reply_count":0,"_bbp_topic_count_hidden":0,"_bbp_reply_count_hidden":0,"_bbp_forum_subforum_count":0,"site-sidebar-layout":"default","site-content-layout":"","ast-site-content-layout":"default","site-content-style":"default","site-sidebar-style":"default","ast-global-header-display":"","ast-banner-title-visibility":"","ast-main-header-display":"","ast-hfb-above-header-display":"","ast-hfb-below-header-display":"","ast-hfb-mobile-header-display":"","site-post-title":"","ast-breadcrumbs-content":"","ast-featured-img":"","footer-sml-layout":"","theme-transparent-header-meta":"default","adv-header-id-meta":"","stick-header-meta":"","header-above-stick-meta":"","header-main-stick-meta":"","header-below-stick-meta":"","astra-migrate-meta-layouts":"set","ast-page-background-enabled":"default","ast-page-background-meta":{"desktop":{"background-color":"var(--ast-global-color-4)","background-image":"","background-repeat":"repeat","background-position":"center center","background-size":"auto","background-attachment":"scroll","background-type":"","background-media":"","overlay-type":"","overlay-color":"","overlay-opacity":"","overlay-gradient":""},"tablet":{"background-color":"","background-image":"","background-repeat":"repeat","background-position":"center center","background-size":"auto","background-attachment":"scroll","background-type":"","background-media":"","overlay-type":"","overlay-color":"","overlay-opacity":"","overlay-gradient":""},"mobile":{"background-color":"","background-image":"","background-repeat":"repeat","background-position":"center center","background-size":"auto","background-attachment":"scroll","background-type":"","background-media":"","overlay-type":"","overlay-color":"","overlay-opacity":"","overlay-gradient":""}},"ast-content-background-meta":{"desktop":{"background-color":"var(--ast-global-color-5)","background-image":"","background-repeat":"repeat","background-position":"center center","background-size":"auto","background-attachment":"scroll","background-type":"","background-media":"","overlay-type":"","overlay-color":"","overlay-opacity":"","overlay-gradient":""},"tablet":{"background-color":"var(--ast-global-color-5)","background-image":"","background-repeat":"repeat","background-position":"center center","background-size":"auto","background-attachment":"scroll","background-type":"","background-media":"","overlay-type":"","overlay-color":"","overlay-opacity":"","overlay-gradient":""},"mobile":{"background-color":"var(--ast-global-color-5)","background-image":"","background-repeat":"repeat","background-position":"center center","background-size":"auto","background-attachment":"scroll","background-type":"","background-media":"","overlay-type":"","overlay-color":"","overlay-opacity":"","overlay-gradient":""}},"footnotes":""},"class_list":["post-7559","page","type-page","status-publish","hentry"],"post_mailing_queue_ids":[],"_links":{"self":[{"href":"https:\/\/agora.xtec.cat\/ceipjventallo\/wp-json\/wp\/v2\/pages\/7559","targetHints":{"allow":["GET"]}}],"collection":[{"href":"https:\/\/agora.xtec.cat\/ceipjventallo\/wp-json\/wp\/v2\/pages"}],"about":[{"href":"https:\/\/agora.xtec.cat\/ceipjventallo\/wp-json\/wp\/v2\/types\/page"}],"author":[{"embeddable":true,"href":"https:\/\/agora.xtec.cat\/ceipjventallo\/wp-json\/wp\/v2\/users\/1"}],"replies":[{"embeddable":true,"href":"https:\/\/agora.xtec.cat\/ceipjventallo\/wp-json\/wp\/v2\/comments?post=7559"}],"version-history":[{"count":3,"href":"https:\/\/agora.xtec.cat\/ceipjventallo\/wp-json\/wp\/v2\/pages\/7559\/revisions"}],"predecessor-version":[{"id":8688,"href":"https:\/\/agora.xtec.cat\/ceipjventallo\/wp-json\/wp\/v2\/pages\/7559\/revisions\/8688"}],"wp:attachment":[{"href":"https:\/\/agora.xtec.cat\/ceipjventallo\/wp-json\/wp\/v2\/media?parent=7559"}],"curies":[{"name":"wp","href":"https:\/\/api.w.org\/{rel}","templated":true}]}}