{"id":8976,"date":"2025-10-16T15:34:14","date_gmt":"2025-10-16T13:34:14","guid":{"rendered":"https:\/\/agora.xtec.cat\/ceipjvallmajo\/?page_id=8976"},"modified":"2025-10-17T13:01:35","modified_gmt":"2025-10-17T11:01:35","slug":"premi-joaquim-vallmajo","status":"publish","type":"page","link":"https:\/\/agora.xtec.cat\/ceipjvallmajo\/joaquim-vallmajo\/premi-joaquim-vallmajo\/","title":{"rendered":"Premi Joaquim Vallmaj\u00f3"},"content":{"rendered":"\n<p class=\"has-text-align-right has-small-font-size\">(Actualitzat: 17\/10\/2025)<\/p>\n\n\n\n<p>La Coordinadora d&#8217;ONG Solid\u00e0ries&nbsp;impulsa la creaci\u00f3 del <a href=\"https:\/\/www.solidaries.org\/vallmajo\" target=\"_blank\" rel=\"noreferrer noopener\">Premi Joaquim Vallmaj\u00f3<\/a>, un guard\u00f3 que vol recon\u00e8ixer i visibilitzar persones, col\u00b7lectius o entitats que destaquin per la seva tasca en els \u00e0mbits de la solidaritat, la cooperaci\u00f3, la pau, la veritat i la just\u00edcia social.<\/p>\n\n\n\n<figure class=\"wp-block-image aligncenter size-large is-resized\"><a href=\"https:\/\/agora.xtec.cat\/ceipjvallmajo\/wp-content\/uploads\/usu1198\/2025\/10\/20251009_1r_Premi_Joaquim_Vallmajo.jpg\"><img loading=\"lazy\" decoding=\"async\" width=\"724\" height=\"1024\" src=\"https:\/\/agora.xtec.cat\/ceipjvallmajo\/wp-content\/uploads\/usu1198\/2025\/10\/20251009_1r_Premi_Joaquim_Vallmajo-724x1024.jpg\" alt=\"\" class=\"wp-image-8979\" style=\"width:551px;height:auto\" srcset=\"https:\/\/agora.xtec.cat\/ceipjvallmajo\/wp-content\/uploads\/usu1198\/2025\/10\/20251009_1r_Premi_Joaquim_Vallmajo-724x1024.jpg 724w, https:\/\/agora.xtec.cat\/ceipjvallmajo\/wp-content\/uploads\/usu1198\/2025\/10\/20251009_1r_Premi_Joaquim_Vallmajo-212x300.jpg 212w, https:\/\/agora.xtec.cat\/ceipjvallmajo\/wp-content\/uploads\/usu1198\/2025\/10\/20251009_1r_Premi_Joaquim_Vallmajo-768x1086.jpg 768w, https:\/\/agora.xtec.cat\/ceipjvallmajo\/wp-content\/uploads\/usu1198\/2025\/10\/20251009_1r_Premi_Joaquim_Vallmajo-1086x1536.jpg 1086w, https:\/\/agora.xtec.cat\/ceipjvallmajo\/wp-content\/uploads\/usu1198\/2025\/10\/20251009_1r_Premi_Joaquim_Vallmajo.jpg 1131w\" sizes=\"auto, (max-width: 724px) 100vw, 724px\" \/><\/a><\/figure>\n\n\n","protected":false},"excerpt":{"rendered":"<p>(Actualitzat: 17\/10\/2025) La Coordinadora d&#8217;ONG Solid\u00e0ries&nbsp;impulsa la creaci\u00f3 del Premi Joaquim Vallmaj\u00f3, un guard\u00f3 que vol recon\u00e8ixer i visibilitzar persones, col\u00b7lectius o entitats que destaquin per la seva tasca en els \u00e0mbits de la solidaritat, la cooperaci\u00f3, la pau, la veritat i la just\u00edcia social.<\/p>\n","protected":false},"author":1,"featured_media":8979,"parent":3679,"menu_order":0,"comment_status":"closed","ping_status":"closed","template":"","meta":{"_bbp_topic_count":0,"_bbp_reply_count":0,"_bbp_total_topic_count":0,"_bbp_total_reply_count":0,"_bbp_voice_count":0,"_bbp_anonymous_reply_count":0,"_bbp_topic_count_hidden":0,"_bbp_reply_count_hidden":0,"_bbp_forum_subforum_count":0,"site-sidebar-layout":"default","site-content-layout":"","ast-site-content-layout":"default","site-content-style":"default","site-sidebar-style":"default","ast-global-header-display":"","ast-banner-title-visibility":"","ast-main-header-display":"","ast-hfb-above-header-display":"","ast-hfb-below-header-display":"","ast-hfb-mobile-header-display":"","site-post-title":"","ast-breadcrumbs-content":"","ast-featured-img":"","footer-sml-layout":"","theme-transparent-header-meta":"","adv-header-id-meta":"","stick-header-meta":"","header-above-stick-meta":"","header-main-stick-meta":"","header-below-stick-meta":"","astra-migrate-meta-layouts":"set","ast-page-background-enabled":"default","ast-page-background-meta":{"desktop":{"background-color":"var(--ast-global-color-4)","background-image":"","background-repeat":"repeat","background-position":"center center","background-size":"auto","background-attachment":"scroll","background-type":"","background-media":"","overlay-type":"","overlay-color":"","overlay-opacity":"","overlay-gradient":""},"tablet":{"background-color":"","background-image":"","background-repeat":"repeat","background-position":"center center","background-size":"auto","background-attachment":"scroll","background-type":"","background-media":"","overlay-type":"","overlay-color":"","overlay-opacity":"","overlay-gradient":""},"mobile":{"background-color":"","background-image":"","background-repeat":"repeat","background-position":"center center","background-size":"auto","background-attachment":"scroll","background-type":"","background-media":"","overlay-type":"","overlay-color":"","overlay-opacity":"","overlay-gradient":""}},"ast-content-background-meta":{"desktop":{"background-color":"var(--ast-global-color-5)","background-image":"","background-repeat":"repeat","background-position":"center center","background-size":"auto","background-attachment":"scroll","background-type":"","background-media":"","overlay-type":"","overlay-color":"","overlay-opacity":"","overlay-gradient":""},"tablet":{"background-color":"var(--ast-global-color-5)","background-image":"","background-repeat":"repeat","background-position":"center center","background-size":"auto","background-attachment":"scroll","background-type":"","background-media":"","overlay-type":"","overlay-color":"","overlay-opacity":"","overlay-gradient":""},"mobile":{"background-color":"var(--ast-global-color-5)","background-image":"","background-repeat":"repeat","background-position":"center center","background-size":"auto","background-attachment":"scroll","background-type":"","background-media":"","overlay-type":"","overlay-color":"","overlay-opacity":"","overlay-gradient":""}},"footnotes":""},"class_list":["post-8976","page","type-page","status-publish","has-post-thumbnail","hentry"],"post_mailing_queue_ids":[],"_links":{"self":[{"href":"https:\/\/agora.xtec.cat\/ceipjvallmajo\/wp-json\/wp\/v2\/pages\/8976","targetHints":{"allow":["GET"]}}],"collection":[{"href":"https:\/\/agora.xtec.cat\/ceipjvallmajo\/wp-json\/wp\/v2\/pages"}],"about":[{"href":"https:\/\/agora.xtec.cat\/ceipjvallmajo\/wp-json\/wp\/v2\/types\/page"}],"author":[{"embeddable":true,"href":"https:\/\/agora.xtec.cat\/ceipjvallmajo\/wp-json\/wp\/v2\/users\/1"}],"replies":[{"embeddable":true,"href":"https:\/\/agora.xtec.cat\/ceipjvallmajo\/wp-json\/wp\/v2\/comments?post=8976"}],"version-history":[{"count":5,"href":"https:\/\/agora.xtec.cat\/ceipjvallmajo\/wp-json\/wp\/v2\/pages\/8976\/revisions"}],"predecessor-version":[{"id":8986,"href":"https:\/\/agora.xtec.cat\/ceipjvallmajo\/wp-json\/wp\/v2\/pages\/8976\/revisions\/8986"}],"up":[{"embeddable":true,"href":"https:\/\/agora.xtec.cat\/ceipjvallmajo\/wp-json\/wp\/v2\/pages\/3679"}],"wp:featuredmedia":[{"embeddable":true,"href":"https:\/\/agora.xtec.cat\/ceipjvallmajo\/wp-json\/wp\/v2\/media\/8979"}],"wp:attachment":[{"href":"https:\/\/agora.xtec.cat\/ceipjvallmajo\/wp-json\/wp\/v2\/media?parent=8976"}],"curies":[{"name":"wp","href":"https:\/\/api.w.org\/{rel}","templated":true}]}}

Premi Joaquim Vallmajó

<p class="has-text-align-right has-small-font-size">(Actualitzat: 17/10/2025)</p>



<p>La Coordinadora d&#8217;ONG Solidàries&nbsp;impulsa la creació del <a href="https://www.solidaries.org/vallmajo" target="_blank" rel="noreferrer noopener">Premi Joaquim Vallmajó</a>, un guardó que vol reconèixer i visibilitzar persones, col·lectius o entitats que destaquin per la seva tasca en els àmbits de la solidaritat, la cooperació, la pau, la veritat i la justícia social.</p>



<figure class="wp-block-image aligncenter size-large is-resized"><a href="https://agora.xtec.cat/ceipjvallmajo/wp-content/uploads/usu1198/2025/10/20251009_1r_Premi_Joaquim_Vallmajo.jpg"><img loading="lazy" decoding="async" width="724" height="1024" src="https://agora.xtec.cat/ceipjvallmajo/wp-content/uploads/usu1198/2025/10/20251009_1r_Premi_Joaquim_Vallmajo-724x1024.jpg" alt="" class="wp-image-8979" style="width:551px;height:auto" srcset="https://agora.xtec.cat/ceipjvallmajo/wp-content/uploads/usu1198/2025/10/20251009_1r_Premi_Joaquim_Vallmajo-724x1024.jpg 724w, https://agora.xtec.cat/ceipjvallmajo/wp-content/uploads/usu1198/2025/10/20251009_1r_Premi_Joaquim_Vallmajo-212x300.jpg 212w, https://agora.xtec.cat/ceipjvallmajo/wp-content/uploads/usu1198/2025/10/20251009_1r_Premi_Joaquim_Vallmajo-768x1086.jpg 768w, https://agora.xtec.cat/ceipjvallmajo/wp-content/uploads/usu1198/2025/10/20251009_1r_Premi_Joaquim_Vallmajo-1086x1536.jpg 1086w, https://agora.xtec.cat/ceipjvallmajo/wp-content/uploads/usu1198/2025/10/20251009_1r_Premi_Joaquim_Vallmajo.jpg 1131w" sizes="auto, (max-width: 724px) 100vw, 724px" /></a></figure>

<p>(Actualitzat: 17/10/2025) La Coordinadora d&#8217;ONG Solidàries&nbsp;impulsa la creació del Premi Joaquim Vallmajó, un guardó que vol reconèixer i visibilitzar persones, col·lectius o entitats que destaquin per la seva tasca en els àmbits de la solidaritat, la cooperació, la pau, la veritat i la justícia social.</p>
