{"id":73,"date":"2014-09-18T14:01:51","date_gmt":"2014-09-18T13:01:51","guid":{"rendered":"http:\/\/agora.xtec.cat\/ceipjvallmajo\/?page_id=73"},"modified":"2026-04-28T10:45:37","modified_gmt":"2026-04-28T08:45:37","slug":"menjador-escolar","status":"publish","type":"page","link":"https:\/\/agora.xtec.cat\/ceipjvallmajo\/serveis\/menjador-escolar\/","title":{"rendered":"Menjador escolar"},"content":{"rendered":"\n<p class=\"has-text-align-right has-small-font-size\">(Data d&#8217;actualitzaci\u00f3: 25\/03\/2026)<\/p>\n\n\n\n<p class=\"has-text-align-left\"><strong>Men\u00fas escolars curs 2025-2026<\/strong><\/p>\n\n\n\n<figure class=\"wp-block-table has-small-font-size\"><table class=\"has-fixed-layout\"><tbody><tr><td><a href=\"https:\/\/agora.xtec.cat\/ceipjvallmajo\/wp-content\/uploads\/usu1198\/2025\/09\/09.MENU_SETEMBRE-2025.pdf\" target=\"_blank\" rel=\"noreferrer noopener\">MEN\u00da SETEMBRE<\/a><\/td><td><a href=\"https:\/\/agora.xtec.cat\/ceipjvallmajo\/wp-content\/uploads\/usu1198\/2025\/09\/10.MENU_OCTUBRE_2025.pdf\" target=\"_blank\" rel=\"noreferrer noopener\">MEN\u00da<\/a><br><a href=\"https:\/\/agora.xtec.cat\/ceipjvallmajo\/wp-content\/uploads\/usu1198\/2025\/09\/10.MENU_OCTUBRE_2025.pdf\" target=\"_blank\" rel=\"noreferrer noopener\">OCTUBRE<\/a><\/td><td><a href=\"https:\/\/agora.xtec.cat\/ceipjvallmajo\/wp-content\/uploads\/usu1198\/2025\/10\/11.-MENU_NOVEMBRE_2025.pdf\" target=\"_blank\" rel=\"noreferrer noopener\">MEN\u00da NOVEMBRE<\/a><\/td><td><a href=\"https:\/\/agora.xtec.cat\/ceipjvallmajo\/wp-content\/uploads\/usu1198\/2025\/11\/12.-MENU_DESEMBRE_2025.pdf\" target=\"_blank\" rel=\"noreferrer noopener\">MEN\u00da DESEMBRE<\/a><\/td><td><a href=\"https:\/\/agora.xtec.cat\/ceipjvallmajo\/wp-content\/uploads\/usu1198\/2026\/01\/ESCOLA-JOAQUIM-VALLMAJO-BASAL-GENER-2026-.pdf\" target=\"_blank\" rel=\"noreferrer noopener\">MEN\u00da GENER<\/a><\/td><td><a href=\"https:\/\/agora.xtec.cat\/ceipjvallmajo\/wp-content\/uploads\/usu1198\/2026\/01\/02.-MENU_FEBRER-2006.pdf\" target=\"_blank\" rel=\"noreferrer noopener\">MEN\u00da FEBRER<\/a><\/td><td><a href=\"https:\/\/agora.xtec.cat\/ceipjvallmajo\/wp-content\/uploads\/usu1198\/2026\/02\/03.-MENU_MARC_2026.pdf\">MEN\u00da MAR\u00c7<\/a><\/td><td><a href=\"https:\/\/agora.xtec.cat\/ceipjvallmajo\/wp-content\/uploads\/usu1198\/2026\/03\/04.-MENU_ABRIL_2026.pdf\" target=\"_blank\" rel=\"noreferrer noopener\">MEN\u00da ABRIL<\/a><\/td><td><a href=\"https:\/\/agora.xtec.cat\/ceipjvallmajo\/wp-content\/uploads\/usu1198\/2026\/04\/05.-MENU_MAIG_2026.pdf\" target=\"_blank\" rel=\"noreferrer noopener\">MEN\u00da MAIG<\/a><\/td><td><\/td><\/tr><\/tbody><\/table><\/figure>\n\n\n\n<p>El menjador escolar est\u00e0 gestionat per l&#8217;empresa <a href=\"https:\/\/www.serunion.es\/ca\/serveis\/serunion-educa\" target=\"_blank\" rel=\"noopener\">SERUNION<\/a>.<\/p>\n\n\n\n<p>Cal donar-se d&#8217;alta a l&#8217;APP <a href=\"https:\/\/colechef.com\/\" target=\"_blank\" rel=\"noopener\">COLECHEF<\/a> per poder fer \u00fas del servei de menjador escolar.<\/p>\n\n\n\n<ul class=\"wp-block-list\">\n<li><a href=\"https:\/\/agora.xtec.cat\/ceipjvallmajo\/wp-content\/uploads\/usu1198\/2025\/07\/Instruccions-APP-Colechef-ESC-Joaquim-Vallmajo-25-26.pdf\" target=\"_blank\" rel=\"noreferrer noopener\">Instruccions APP Colechef<\/a> (per donar-se d&#8217;alta o reactivar el servei)<\/li>\n\n\n\n<li><a href=\"https:\/\/agora.xtec.cat\/ceipjvallmajo\/wp-content\/uploads\/usu1198\/2025\/07\/Normativa-contractacio-menjador-escolar-25-26.pdf\" target=\"_blank\" rel=\"noreferrer noopener\">Normativa de contractaci\u00f3 del servei de menjador<\/a><\/li>\n\n\n\n<li><a href=\"https:\/\/agora.xtec.cat\/ceipjvallmajo\/wp-content\/uploads\/usu1198\/2025\/09\/Comunicacions-families-menjador-dietes-i-servei-de-picnic-Curs-25-26-.pdf\" target=\"_blank\" rel=\"noreferrer noopener\">Sol.licitud de dietes i de p\u00edcnic (2025-2026)<\/a><\/li>\n<\/ul>\n\n\n\n<hr class=\"wp-block-separator has-alpha-channel-opacity\"\/>\n\n\n\n<p class=\"has-text-align-left\">Podeu contactar amb la coordinadora del servei de menjador:<\/p>\n\n\n\n<p class=\"has-text-align-center\">\ud83d\udcde <strong>629 080 196<\/strong> (de 9h a 9:30h i de 12h a 15h)<\/p>\n\n\n\n<p class=\"has-text-align-center\">\ud83d\udce7 escola.joaquimvallmajo<span class=\"\">@<\/span>serunion.elior.com<\/p>\n","protected":false},"excerpt":{"rendered":"<p>(Data d&#8217;actualitzaci\u00f3: 25\/03\/2026) Men\u00fas escolars curs 2025-2026 MEN\u00da SETEMBRE MEN\u00daOCTUBRE MEN\u00da NOVEMBRE MEN\u00da DESEMBRE MEN\u00da GENER MEN\u00da FEBRER MEN\u00da MAR\u00c7 MEN\u00da ABRIL MEN\u00da MAIG El menjador escolar est\u00e0 gestionat per l&#8217;empresa SERUNION. Cal donar-se d&#8217;alta a l&#8217;APP COLECHEF per poder fer \u00fas del servei de menjador escolar. Podeu contactar amb la coordinadora del servei de [&hellip;]<\/p>\n","protected":false},"author":1,"featured_media":0,"parent":66,"menu_order":10,"comment_status":"closed","ping_status":"closed","template":"","meta":{"_bbp_topic_count":0,"_bbp_reply_count":0,"_bbp_total_topic_count":0,"_bbp_total_reply_count":0,"_bbp_voice_count":0,"_bbp_anonymous_reply_count":0,"_bbp_topic_count_hidden":0,"_bbp_reply_count_hidden":0,"_bbp_forum_subforum_count":0,"site-sidebar-layout":"default","site-content-layout":"","ast-site-content-layout":"default","site-content-style":"default","site-sidebar-style":"default","ast-global-header-display":"","ast-banner-title-visibility":"","ast-main-header-display":"","ast-hfb-above-header-display":"","ast-hfb-below-header-display":"","ast-hfb-mobile-header-display":"","site-post-title":"","ast-breadcrumbs-content":"","ast-featured-img":"","footer-sml-layout":"","theme-transparent-header-meta":"","adv-header-id-meta":"","stick-header-meta":"","header-above-stick-meta":"","header-main-stick-meta":"","header-below-stick-meta":"","astra-migrate-meta-layouts":"set","ast-page-background-enabled":"default","ast-page-background-meta":{"desktop":{"background-color":"var(--ast-global-color-4)","background-image":"","background-repeat":"repeat","background-position":"center center","background-size":"auto","background-attachment":"scroll","background-type":"","background-media":"","overlay-type":"","overlay-color":"","overlay-opacity":"","overlay-gradient":""},"tablet":{"background-color":"","background-image":"","background-repeat":"repeat","background-position":"center center","background-size":"auto","background-attachment":"scroll","background-type":"","background-media":"","overlay-type":"","overlay-color":"","overlay-opacity":"","overlay-gradient":""},"mobile":{"background-color":"","background-image":"","background-repeat":"repeat","background-position":"center center","background-size":"auto","background-attachment":"scroll","background-type":"","background-media":"","overlay-type":"","overlay-color":"","overlay-opacity":"","overlay-gradient":""}},"ast-content-background-meta":{"desktop":{"background-color":"var(--ast-global-color-5)","background-image":"","background-repeat":"repeat","background-position":"center center","background-size":"auto","background-attachment":"scroll","background-type":"","background-media":"","overlay-type":"","overlay-color":"","overlay-opacity":"","overlay-gradient":""},"tablet":{"background-color":"var(--ast-global-color-5)","background-image":"","background-repeat":"repeat","background-position":"center center","background-size":"auto","background-attachment":"scroll","background-type":"","background-media":"","overlay-type":"","overlay-color":"","overlay-opacity":"","overlay-gradient":""},"mobile":{"background-color":"var(--ast-global-color-5)","background-image":"","background-repeat":"repeat","background-position":"center center","background-size":"auto","background-attachment":"scroll","background-type":"","background-media":"","overlay-type":"","overlay-color":"","overlay-opacity":"","overlay-gradient":""}},"footnotes":""},"class_list":["post-73","page","type-page","status-publish","hentry"],"post_mailing_queue_ids":[],"_links":{"self":[{"href":"https:\/\/agora.xtec.cat\/ceipjvallmajo\/wp-json\/wp\/v2\/pages\/73","targetHints":{"allow":["GET"]}}],"collection":[{"href":"https:\/\/agora.xtec.cat\/ceipjvallmajo\/wp-json\/wp\/v2\/pages"}],"about":[{"href":"https:\/\/agora.xtec.cat\/ceipjvallmajo\/wp-json\/wp\/v2\/types\/page"}],"author":[{"embeddable":true,"href":"https:\/\/agora.xtec.cat\/ceipjvallmajo\/wp-json\/wp\/v2\/users\/1"}],"replies":[{"embeddable":true,"href":"https:\/\/agora.xtec.cat\/ceipjvallmajo\/wp-json\/wp\/v2\/comments?post=73"}],"version-history":[{"count":6,"href":"https:\/\/agora.xtec.cat\/ceipjvallmajo\/wp-json\/wp\/v2\/pages\/73\/revisions"}],"predecessor-version":[{"id":9688,"href":"https:\/\/agora.xtec.cat\/ceipjvallmajo\/wp-json\/wp\/v2\/pages\/73\/revisions\/9688"}],"up":[{"embeddable":true,"href":"https:\/\/agora.xtec.cat\/ceipjvallmajo\/wp-json\/wp\/v2\/pages\/66"}],"wp:attachment":[{"href":"https:\/\/agora.xtec.cat\/ceipjvallmajo\/wp-json\/wp\/v2\/media?parent=73"}],"curies":[{"name":"wp","href":"https:\/\/api.w.org\/{rel}","templated":true}]}}