{"id":2845,"date":"2022-04-28T12:03:35","date_gmt":"2022-04-28T10:03:35","guid":{"rendered":"https:\/\/agora.xtec.cat\/ceipjosepnin\/?page_id=2845"},"modified":"2026-03-18T12:52:40","modified_gmt":"2026-03-18T11:52:40","slug":"cultura-digital","status":"publish","type":"page","link":"https:\/\/agora.xtec.cat\/ceipjosepnin\/programes-dinnovacio-pedagogica\/estrategia-i-cultura-digital-de-centre\/cultura-digital\/","title":{"rendered":"Cultura Digital"},"content":{"rendered":"<h5><strong>En aquest apartat es recullen tots els documents del centre que fan refer\u00e8ncia a aspectes de la cultura digital. D\u2019aquesta manera, es pot tenir una visi\u00f3 completa de l\u2019assoliment d\u2019aquesta cultura pel que fa a centre.<\/strong><\/h5>\n<p><a href=\"https:\/\/agora.xtec.cat\/ceipjosepnin\/wp-content\/uploads\/usu1980\/2022\/05\/Capturap.jpg\"><img loading=\"lazy\" decoding=\"async\" class=\"wp-image-2973 aligncenter\" src=\"https:\/\/agora.xtec.cat\/ceipjosepnin\/wp-content\/uploads\/usu1980\/2022\/05\/Capturap.jpg\" alt=\"\" width=\"685\" height=\"485\" srcset=\"https:\/\/agora.xtec.cat\/ceipjosepnin\/wp-content\/uploads\/usu1980\/2022\/05\/Capturap.jpg 718w, https:\/\/agora.xtec.cat\/ceipjosepnin\/wp-content\/uploads\/usu1980\/2022\/05\/Capturap-300x212.jpg 300w\" sizes=\"auto, (max-width: 685px) 100vw, 685px\" \/><\/a><\/p>\n<h5><\/h5>\n<ul>\n<li>\n<h5><strong>Plataforma digital<\/strong><\/h5>\n<\/li>\n<\/ul>\n<p>El centre disposa d\u2019un domini G Suite for Education propi. D\u2019aquesta manera, alumnat, professorat, personal i d\u2019administraci\u00f3 disposen d\u2019un usuari @escjosepnin.cat.<\/p>\n<p>Tot el professorat i l\u2019alumnat disposa d\u2019un usuari que consisteix en: \u201d nom + cognom\u201d @escjosepnin.cat.<\/p>\n<p>La Direcci\u00f3 del centre proporciona als\/les tutors\/es legals una autoritzaci\u00f3 perqu\u00e8 l\u2019alumnat en pugui fer \u00fas en les activitats escolars.<\/p>\n<p><img loading=\"lazy\" decoding=\"async\" class=\" wp-image-9410 aligncenter\" src=\"https:\/\/projectes.xtec.cat\/edc-suport\/wp-content\/uploads\/usu2435\/2021\/12\/workspace-300x123.png\" sizes=\"auto, (max-width: 300px) 100vw, 300px\" srcset=\"https:\/\/projectes.xtec.cat\/edc-suport\/wp-content\/uploads\/usu2435\/2021\/12\/workspace-300x123.png 300w, https:\/\/projectes.xtec.cat\/edc-suport\/wp-content\/uploads\/usu2435\/2021\/12\/workspace-1024x421.png 1024w, https:\/\/projectes.xtec.cat\/edc-suport\/wp-content\/uploads\/usu2435\/2021\/12\/workspace-768x316.png 768w, https:\/\/projectes.xtec.cat\/edc-suport\/wp-content\/uploads\/usu2435\/2021\/12\/workspace.png 1280w\" alt=\"\" width=\"168\" height=\"69\" \/><\/p>\n<ul>\n<li>\n<h5><strong>Documentaci\u00f3<\/strong><\/h5>\n<\/li>\n<\/ul>\n<p>El centre organitza tota la documentaci\u00f3 en una unitat compartida. Aquesta unitat es comparteix exclusivament amb grups, de tal manera que en tot moment es controla qui t\u00e9 acc\u00e9s a la informaci\u00f3.<\/p>\n<p>En aquesta carpeta hi ha tota la resta d\u2019informaci\u00f3 que necessita el centre. Des de la documentaci\u00f3 oficial (PEC, NOFC, projecte de direcci\u00f3, etc), passant per llistes d\u2019alumnes i fins i tot informes d\u2019avaluaci\u00f3 de cada un dels alumnes.<\/p>\n<p>&nbsp;<\/p>\n<div><\/div>\n<ul>\n<li class=\"entry-title\">\n<h5><strong>Comunicaci\u00f3<\/strong><\/h5>\n<\/li>\n<\/ul>\n<pre class=\"entry-title\"><a href=\"https:\/\/drive.google.com\/file\/d\/1LjJUxyfhpgN65IgUD0mcxJnkOKshKimA\/view?usp=drive_link\"><strong>PLA DE COOMUNICACI\u00d3 DE CENTRE\r\n<\/strong><\/a><\/pre>\n<ul>\n<li>\n<h5><strong>Portal web<\/strong><\/h5>\n<\/li>\n<\/ul>\n<p>El centre disposa d\u2019un web amb la informaci\u00f3 p\u00fablica. S\u2019hi poden trobar informacions est\u00e0tiques,<img loading=\"lazy\" decoding=\"async\" class=\"alignright wp-image-9488\" src=\"https:\/\/projectes.xtec.cat\/edc-suport\/wp-content\/uploads\/usu2435\/2021\/12\/nodes-300x173.png\" sizes=\"auto, (max-width: 300px) 100vw, 300px\" srcset=\"https:\/\/projectes.xtec.cat\/edc-suport\/wp-content\/uploads\/usu2435\/2021\/12\/nodes-300x173.png 300w, https:\/\/projectes.xtec.cat\/edc-suport\/wp-content\/uploads\/usu2435\/2021\/12\/nodes.png 580w\" alt=\"\" width=\"149\" height=\"86\" \/>\u00a0que es revisen peri\u00f2dicament (documentaci\u00f3, claustre, dates del curs, etc.) i articles din\u00e0mics sobre el que va succeint al centre dia a dia.<\/p>\n<p>Aquest web est\u00e0 realitzat aprofitant el servei nodes que ofereix el Departament d\u2019Educaci\u00f3.<\/p>\n<p>&nbsp;<\/p>\n<ul>\n<li>\n<h5><strong>Comunicaci\u00f3 amb les fam\u00edlies<\/strong><\/h5>\n<\/li>\n<\/ul>\n<p>Totes les informacions amb les fam\u00edlies es realitzaran per un dels seg\u00fcents canals:<\/p>\n<ul>\n<li>per TPV<\/li>\n<li>per correu electr\u00f2nic, exclusivament amb l\u2019adre\u00e7a que el centre ha subministrat a cada fam\u00edlia.<a href=\"https:\/\/agora.xtec.cat\/ceipjosepnin\/programes-dinnovacio-pedagogica\/estrategia-i-cultura-digital-de-centre\/cultura-digital\/attachment\/tpv\/\" rel=\"attachment wp-att-5942\"><img loading=\"lazy\" decoding=\"async\" class=\"wp-image-5942 alignright\" src=\"https:\/\/agora.xtec.cat\/ceipjosepnin\/wp-content\/uploads\/usu1980\/2026\/03\/TPV.jpg\" alt=\"\" width=\"112\" height=\"125\" srcset=\"https:\/\/agora.xtec.cat\/ceipjosepnin\/wp-content\/uploads\/usu1980\/2026\/03\/TPV.jpg 279w, https:\/\/agora.xtec.cat\/ceipjosepnin\/wp-content\/uploads\/usu1980\/2026\/03\/TPV-268x300.jpg 268w\" sizes=\"auto, (max-width: 112px) 100vw, 112px\" \/><\/a><\/li>\n<li>per tel\u00e8fon fixe o tel\u00e8fon m\u00f2bil de l&#8217;escola<\/li>\n<li>per l&#8217;agenda de cada alumne\/a<\/li>\n<li>en persona, amb cita pr\u00e8via<\/li>\n<\/ul>\n<div><\/div>\n<div><\/div>\n<div><\/div>\n<div>\n<ul>\n<li>\n<h5><strong>Entorn virtual d&#8217;aprenentatge<\/strong><\/h5>\n<\/li>\n<\/ul>\n<\/div>\n<div>El centre disposa d&#8217;un entorn virtual d&#8217;aprenentatge &#8220;EVA&#8221; del domini G Suite for Education anomenat Clasroom, que incorpora eines per compartir recursos, fer seguiment del progr\u00e9s de lalumnat i fomentar el treball cooperatiu. Actualment el fan servir els alumnes de cicle mitj\u00e0 i cicle superior.<\/div>\n<p><img loading=\"lazy\" decoding=\"async\" class=\"aligncenter\" src=\"https:\/\/www.elgrupoinformatico.com\/static\/Manuales\/2020\/03\/clasroom-logo-1300x650.jpg\" alt=\"Google Classroom: c\u00f3mo usar la app\" width=\"204\" height=\"102\" \/><\/p>\n<ul>\n<li>\n<h5><strong>Xarxes socials<\/strong><\/h5>\n<\/li>\n<\/ul>\n<p>El centre disposa d\u2019Instagram amb el nom d\u2019usuari\u00a0<a href=\"https:\/\/www.instagram.com\/escolajosepnin\/\" target=\"_blank\" rel=\"noopener\">@escolajosepnin<\/a><\/p>\n<p>Seguiu-nos per estar al dia de totes les activitats i novetats de l&#8217;escola!<\/p>\n","protected":false},"excerpt":{"rendered":"<p>En aquest apartat es recullen tots els documents del centre que fan refer\u00e8ncia a aspectes de la cultura digital. D\u2019aquesta manera, es pot tenir una visi\u00f3 completa de l\u2019assoliment d\u2019aquesta cultura pel que fa a centre. Plataforma digital El centre disposa d\u2019un domini G Suite for Education propi. D\u2019aquesta manera, alumnat, professorat, personal i d\u2019administraci\u00f3 [&hellip;]<\/p>\n","protected":false},"author":1,"featured_media":0,"parent":2860,"menu_order":2,"comment_status":"closed","ping_status":"closed","template":"","meta":{"_bbp_topic_count":0,"_bbp_reply_count":0,"_bbp_total_topic_count":0,"_bbp_total_reply_count":0,"_bbp_voice_count":0,"_bbp_anonymous_reply_count":0,"_bbp_topic_count_hidden":0,"_bbp_reply_count_hidden":0,"_bbp_forum_subforum_count":0,"site-sidebar-layout":"default","site-content-layout":"","ast-site-content-layout":"default","site-content-style":"default","site-sidebar-style":"default","ast-global-header-display":"","ast-banner-title-visibility":"","ast-main-header-display":"","ast-hfb-above-header-display":"","ast-hfb-below-header-display":"","ast-hfb-mobile-header-display":"","site-post-title":"","ast-breadcrumbs-content":"","ast-featured-img":"","footer-sml-layout":"","theme-transparent-header-meta":"default","adv-header-id-meta":"","stick-header-meta":"","header-above-stick-meta":"","header-main-stick-meta":"","header-below-stick-meta":"","astra-migrate-meta-layouts":"set","ast-page-background-enabled":"default","ast-page-background-meta":{"desktop":{"background-color":"var(--ast-global-color-4)","background-image":"","background-repeat":"repeat","background-position":"center center","background-size":"auto","background-attachment":"scroll","background-type":"","background-media":"","overlay-type":"","overlay-color":"","overlay-opacity":"","overlay-gradient":""},"tablet":{"background-color":"","background-image":"","background-repeat":"repeat","background-position":"center center","background-size":"auto","background-attachment":"scroll","background-type":"","background-media":"","overlay-type":"","overlay-color":"","overlay-opacity":"","overlay-gradient":""},"mobile":{"background-color":"","background-image":"","background-repeat":"repeat","background-position":"center center","background-size":"auto","background-attachment":"scroll","background-type":"","background-media":"","overlay-type":"","overlay-color":"","overlay-opacity":"","overlay-gradient":""}},"ast-content-background-meta":{"desktop":{"background-color":"var(--ast-global-color-5)","background-image":"","background-repeat":"repeat","background-position":"center center","background-size":"auto","background-attachment":"scroll","background-type":"","background-media":"","overlay-type":"","overlay-color":"","overlay-opacity":"","overlay-gradient":""},"tablet":{"background-color":"var(--ast-global-color-5)","background-image":"","background-repeat":"repeat","background-position":"center center","background-size":"auto","background-attachment":"scroll","background-type":"","background-media":"","overlay-type":"","overlay-color":"","overlay-opacity":"","overlay-gradient":""},"mobile":{"background-color":"var(--ast-global-color-5)","background-image":"","background-repeat":"repeat","background-position":"center center","background-size":"auto","background-attachment":"scroll","background-type":"","background-media":"","overlay-type":"","overlay-color":"","overlay-opacity":"","overlay-gradient":""}},"footnotes":""},"class_list":["post-2845","page","type-page","status-publish","hentry"],"post_mailing_queue_ids":[],"_links":{"self":[{"href":"https:\/\/agora.xtec.cat\/ceipjosepnin\/wp-json\/wp\/v2\/pages\/2845","targetHints":{"allow":["GET"]}}],"collection":[{"href":"https:\/\/agora.xtec.cat\/ceipjosepnin\/wp-json\/wp\/v2\/pages"}],"about":[{"href":"https:\/\/agora.xtec.cat\/ceipjosepnin\/wp-json\/wp\/v2\/types\/page"}],"author":[{"embeddable":true,"href":"https:\/\/agora.xtec.cat\/ceipjosepnin\/wp-json\/wp\/v2\/users\/1"}],"replies":[{"embeddable":true,"href":"https:\/\/agora.xtec.cat\/ceipjosepnin\/wp-json\/wp\/v2\/comments?post=2845"}],"version-history":[{"count":6,"href":"https:\/\/agora.xtec.cat\/ceipjosepnin\/wp-json\/wp\/v2\/pages\/2845\/revisions"}],"predecessor-version":[{"id":5947,"href":"https:\/\/agora.xtec.cat\/ceipjosepnin\/wp-json\/wp\/v2\/pages\/2845\/revisions\/5947"}],"up":[{"embeddable":true,"href":"https:\/\/agora.xtec.cat\/ceipjosepnin\/wp-json\/wp\/v2\/pages\/2860"}],"wp:attachment":[{"href":"https:\/\/agora.xtec.cat\/ceipjosepnin\/wp-json\/wp\/v2\/media?parent=2845"}],"curies":[{"name":"wp","href":"https:\/\/api.w.org\/{rel}","templated":true}]}}