{"id":84,"date":"2019-10-25T10:57:31","date_gmt":"2019-10-25T08:57:31","guid":{"rendered":"http:\/\/agora.xtec.cat\/ceipjosepmadrenys\/?page_id=84"},"modified":"2019-10-25T11:11:51","modified_gmt":"2019-10-25T09:11:51","slug":"activitats-extraescolars","status":"publish","type":"page","link":"https:\/\/agora.xtec.cat\/ceipjosepmadrenys\/serveis\/activitats-extraescolars\/","title":{"rendered":"Activitats extraescolars"},"content":{"rendered":"<h4 style=\"text-align: center;\"><span style=\"color: #0000ff;\"><strong>ACLARIMENTS EN RELACI\u00d3 A LA <span style=\"color: #ff6600;\">SORTIDA DELS COMENSALS DURANT L&#8217;HORARI DE <\/span><\/strong><\/span><span style=\"color: #0000ff;\"><strong><span style=\"color: #ff6600;\">MENJADOR<\/span> PER A REALITZAR <span style=\"color: #ff6600;\">ACTIVITATS EXTRAESCOLARS EXTERNES<\/span> A L&#8217;ESCOLA JOSEP MADRENYS<\/strong><\/span><\/h4>\n<p>El Consell Escolar ha aprovat una normativa b\u00e0sica que possibilitar\u00e0 que l&#8217;alumnat usuari del menjador surti de l&#8217;escola per a realitzar activitats externes al centre al migdia.<br \/>\nAquesta normativa t\u00e9 els seg\u00fcents punts:<\/p>\n<ul>\n<li style=\"text-align: justify;\">El centre escolar haur\u00e0 de disposar de l&#8217;autoritzaci\u00f3 firmada pels pares, on es concreti els dies i les hores que l&#8217;alumne\/a ha de sortir del centre. Quan comen\u00e7a i quan acaba l&#8217;activitat, indicant la persona o persones en concret que vindran a buscar als seus fills\/es al centre (l&#8217;escola facilitar\u00e0 aquest model d&#8217;autoritzaci\u00f3).<\/li>\n<li style=\"text-align: justify;\">A efectes organitzatius del menjador, l&#8217;alumnat usuari del servei no sortir\u00e0 del centre per fer activitats fins a l&#8217;inici del mes d&#8217;octubre.<\/li>\n<li style=\"text-align: justify;\">L&#8217;entitat que es fa c\u00e0rrec de recollir l&#8217;alumnat haur\u00e0 de proporcionar una llista amb l&#8217;alumnat que s\u2019emporti, segons l&#8217;activitat.<\/li>\n<li style=\"text-align: justify;\">Les altes d&#8217;alumnat a les activitats s&#8217;hauran de fer a principis de cada mes, i la llista s&#8217;haur\u00e0 d&#8217;actualitzar.<\/li>\n<li style=\"text-align: justify;\">Cada dia, la persona de l&#8217;entitat que s&#8217;emporti l&#8217;alumnat del menjador haur\u00e0 de firmar un full amb la relaci\u00f3 d&#8217;alumnes que s&#8217;emporta i retorna.<\/li>\n<li style=\"text-align: justify;\">El nombre de grups que podran sortir cada dia, s&#8217;establir\u00e0 a l&#8217;inici del curs, i estar\u00e0 condicionat a les necessitats organitzatives del servei de menjador. En cap cas, la sortida de l&#8217;alumnat afectar\u00e0 als torns organitzats del servei de menjador.\n<ul>\n<li style=\"list-style-type: none;\">\n<ul>\n<li>Primer torn de menjador: 12:30 a 13:30 h. d&#8217;EI 3 a 2n.<\/li>\n<li>Segon torn de menjador: 13:30 14:30 h. de 3r a 6\u00e8.<\/li>\n<\/ul>\n<\/li>\n<\/ul>\n<\/li>\n<li>L&#8217;horari de les activitats extraescolars del migdia seran:\n<ul>\n<li style=\"list-style-type: none;\">\n<ul>\n<li style=\"text-align: justify;\">Primer torn extraescolars: 12:30 -13:30 h.<\/li>\n<li style=\"text-align: justify;\">Segon torn extraescolars: 13:55 &#8211; 14:55 h.<\/li>\n<\/ul>\n<\/li>\n<\/ul>\n<\/li>\n<\/ul>\n","protected":false},"excerpt":{"rendered":"<p>ACLARIMENTS EN RELACI\u00d3 A LA SORTIDA DELS COMENSALS DURANT L&#8217;HORARI DE MENJADOR PER A REALITZAR ACTIVITATS EXTRAESCOLARS EXTERNES A L&#8217;ESCOLA JOSEP MADRENYS<br \/>\nEl Consell Escolar ha aprovat una normativa b\u00e0sica que possibilitar\u00e0 que l&#8217;alumnat usuari del menjador surti de l&#8217;escola per a realitzar activitats externes al&hellip;  <a href=\"https:\/\/agora.xtec.cat\/ceipjosepmadrenys\/serveis\/activitats-extraescolars\/\" title=\"Read Activitats extraescolars\">Llegeix m\u00e9s\u00bb<\/a><\/p>\n","protected":false},"author":1,"featured_media":0,"parent":66,"menu_order":40,"comment_status":"closed","ping_status":"closed","template":"page-templates\/side-menu.php","meta":{"_bbp_topic_count":0,"_bbp_reply_count":0,"_bbp_total_topic_count":0,"_bbp_total_reply_count":0,"_bbp_voice_count":0,"_bbp_anonymous_reply_count":0,"_bbp_topic_count_hidden":0,"_bbp_reply_count_hidden":0,"_bbp_forum_subforum_count":0,"footnotes":""},"class_list":["post-84","page","type-page","status-publish","hentry"],"post_mailing_queue_ids":[],"_links":{"self":[{"href":"https:\/\/agora.xtec.cat\/ceipjosepmadrenys\/wp-json\/wp\/v2\/pages\/84","targetHints":{"allow":["GET"]}}],"collection":[{"href":"https:\/\/agora.xtec.cat\/ceipjosepmadrenys\/wp-json\/wp\/v2\/pages"}],"about":[{"href":"https:\/\/agora.xtec.cat\/ceipjosepmadrenys\/wp-json\/wp\/v2\/types\/page"}],"author":[{"embeddable":true,"href":"https:\/\/agora.xtec.cat\/ceipjosepmadrenys\/wp-json\/wp\/v2\/users\/1"}],"replies":[{"embeddable":true,"href":"https:\/\/agora.xtec.cat\/ceipjosepmadrenys\/wp-json\/wp\/v2\/comments?post=84"}],"version-history":[{"count":3,"href":"https:\/\/agora.xtec.cat\/ceipjosepmadrenys\/wp-json\/wp\/v2\/pages\/84\/revisions"}],"predecessor-version":[{"id":639,"href":"https:\/\/agora.xtec.cat\/ceipjosepmadrenys\/wp-json\/wp\/v2\/pages\/84\/revisions\/639"}],"up":[{"embeddable":true,"href":"https:\/\/agora.xtec.cat\/ceipjosepmadrenys\/wp-json\/wp\/v2\/pages\/66"}],"wp:attachment":[{"href":"https:\/\/agora.xtec.cat\/ceipjosepmadrenys\/wp-json\/wp\/v2\/media?parent=84"}],"curies":[{"name":"wp","href":"https:\/\/api.w.org\/{rel}","templated":true}]}}

<h4 style="text-align: center;"><span style="color: #0000ff;"><strong>ACLARIMENTS EN RELACIÓ A LA <span style="color: #ff6600;">SORTIDA DELS COMENSALS DURANT L&#8217;HORARI DE </span></strong></span><span style="color: #0000ff;"><strong><span style="color: #ff6600;">MENJADOR</span> PER A REALITZAR <span style="color: #ff6600;">ACTIVITATS EXTRAESCOLARS EXTERNES</span> A L&#8217;ESCOLA JOSEP MADRENYS</strong></span></h4>
<p>El Consell Escolar ha aprovat una normativa bàsica que possibilitarà que l&#8217;alumnat usuari del menjador surti de l&#8217;escola per a realitzar activitats externes al centre al migdia.<br />
Aquesta normativa té els següents punts:</p>
<ul>
<li style="text-align: justify;">El centre escolar haurà de disposar de l&#8217;autorització firmada pels pares, on es concreti els dies i les hores que l&#8217;alumne/a ha de sortir del centre. Quan comença i quan acaba l&#8217;activitat, indicant la persona o persones en concret que vindran a buscar als seus fills/es al centre (l&#8217;escola facilitarà aquest model d&#8217;autorització).</li>
<li style="text-align: justify;">A efectes organitzatius del menjador, l&#8217;alumnat usuari del servei no sortirà del centre per fer activitats fins a l&#8217;inici del mes d&#8217;octubre.</li>
<li style="text-align: justify;">L&#8217;entitat que es fa càrrec de recollir l&#8217;alumnat haurà de proporcionar una llista amb l&#8217;alumnat que s’emporti, segons l&#8217;activitat.</li>
<li style="text-align: justify;">Les altes d&#8217;alumnat a les activitats s&#8217;hauran de fer a principis de cada mes, i la llista s&#8217;haurà d&#8217;actualitzar.</li>
<li style="text-align: justify;">Cada dia, la persona de l&#8217;entitat que s&#8217;emporti l&#8217;alumnat del menjador haurà de firmar un full amb la relació d&#8217;alumnes que s&#8217;emporta i retorna.</li>
<li style="text-align: justify;">El nombre de grups que podran sortir cada dia, s&#8217;establirà a l&#8217;inici del curs, i estarà condicionat a les necessitats organitzatives del servei de menjador. En cap cas, la sortida de l&#8217;alumnat afectarà als torns organitzats del servei de menjador.
<ul>
<li style="list-style-type: none;">
<ul>
<li>Primer torn de menjador: 12:30 a 13:30 h. d&#8217;EI 3 a 2n.</li>
<li>Segon torn de menjador: 13:30 14:30 h. de 3r a 6è.</li>
</ul>
</li>
</ul>
</li>
<li>L&#8217;horari de les activitats extraescolars del migdia seran:
<ul>
<li style="list-style-type: none;">
<ul>
<li style="text-align: justify;">Primer torn extraescolars: 12:30 -13:30 h.</li>
<li style="text-align: justify;">Segon torn extraescolars: 13:55 &#8211; 14:55 h.</li>
</ul>
</li>
</ul>
</li>
</ul>

<p>ACLARIMENTS EN RELACIÓ A LA SORTIDA DELS COMENSALS DURANT L&#8217;HORARI DE MENJADOR PER A REALITZAR ACTIVITATS EXTRAESCOLARS EXTERNES A L&#8217;ESCOLA JOSEP MADRENYS<br />
El Consell Escolar ha aprovat una normativa bàsica que possibilitarà que l&#8217;alumnat usuari del menjador surti de l&#8217;escola per a realitzar activitats externes al&hellip;  <a href="https://agora.xtec.cat/ceipjosepmadrenys/serveis/activitats-extraescolars/" title="Read Activitats extraescolars">Llegeix més»</a></p>
