{"id":670,"date":"2019-10-25T13:07:18","date_gmt":"2019-10-25T11:07:18","guid":{"rendered":"https:\/\/agora.xtec.cat\/ceipjosepmadrenys\/?page_id=670"},"modified":"2024-11-22T16:09:57","modified_gmt":"2024-11-22T15:09:57","slug":"documents-per-families","status":"publish","type":"page","link":"https:\/\/agora.xtec.cat\/ceipjosepmadrenys\/lescola\/documents-per-families\/","title":{"rendered":"Documents per les fam\u00edlies"},"content":{"rendered":"<p><center>Documents de centre:<\/center><\/p>\n<ul>\n<li><a href=\"https:\/\/drive.google.com\/file\/d\/11HtMsjfXrz1PDjw-Sj3mq9ApeN_hGuMK\/view?usp=sharing\" target=\"_blank\" rel=\"noopener noreferrer\">Projecte Educatiu de Centre (PEC)<\/a><\/li>\n<li><a href=\"https:\/\/agora.xtec.cat\/ceipjosepmadrenys\/wp-content\/uploads\/usu1386\/2019\/10\/PROJECTE-LING\u00dc\u00cdSTIC-en-revisi\u00f3.pdf\" target=\"_blank\" rel=\"noopener noreferrer\">Projecte ling\u00fc\u00edstic (en revisi\u00f3)<\/a><\/li>\n<li><a href=\"https:\/\/drive.google.com\/file\/d\/1UG18-i6iLYJTyt4B7mxCxWrqDxHxw_-k\/view?usp=sharing\" target=\"_blank\" rel=\"noopener noreferrer\">Carta de comprom\u00eds educatiu<\/a><\/li>\n<li><a href=\"https:\/\/drive.google.com\/file\/d\/1GJigrFcO-a3N-raLRYndswFHdoGVLr5P\/view?usp=sharing\" target=\"_blank\" rel=\"noopener\">Pla de funcionament del menjador (curs 2024-2025)<\/a><\/li>\n<li><a href=\"https:\/\/drive.google.com\/file\/d\/1KnLY6UwMrPX91hiFw9v_0ZAIr-nhbudO\/view?usp=sharing\" target=\"_blank\" rel=\"noopener\">Protocol d&#8217;al\u00b7l\u00e8rgies, intoler\u00e0ncies i altres alternatives aliment\u00e0ries 2024-2025<\/a><\/li>\n<\/ul>\n<p>Documents relacionats amb la salut dels i les alumnes:<\/p>\n<ul>\n<li><a href=\"https:\/\/agora.xtec.cat\/ceipjosepmadrenys\/wp-content\/uploads\/usu1386\/2019\/10\/Autoritzaci\u00f3-medicaments.pdf\" target=\"_blank\" rel=\"noopener noreferrer\">Autoritzaci\u00f3 per l&#8217;administraci\u00f3 de medicaments<\/a><\/li>\n<li><a href=\"https:\/\/drive.google.com\/file\/d\/19uYpBjcErZvZa0zmkS3HmYO-nKZeYZZ5\/view?usp=sharing\" target=\"_blank\" rel=\"noopener noreferrer\">Sol\u00b7licitud de control de glucosa als alumnes amb diabetis i autoritzaci\u00f3 de l&#8217;administraci\u00f3 d&#8217;insulina<\/a><\/li>\n<li><a href=\"https:\/\/drive.google.com\/file\/d\/1p4zubMlyQ_E1b9uVxzMTdf1FStW-uIDd\/view?usp=sharing\" target=\"_blank\" rel=\"noopener noreferrer\">Comunicaci\u00f3 de l&#8217;escolaritzaci\u00f3 d&#8217;un infant amb diabetis al centre d&#8217;atenci\u00f3 prim\u00e0ria (CAP)<\/a><\/li>\n<li><a href=\"https:\/\/drive.google.com\/file\/d\/1hpenPdrMU_RdAFKqeho9mGILvKcl9czM\/view?usp=sharing\" target=\"_blank\" rel=\"noopener\">Autoritzaci\u00f3 administraci\u00f3 paracetamol<\/a><\/li>\n<\/ul>\n<p>Autoritzacions per l&#8217;\u00fas d&#8217;imatges i l&#8217;\u00fas de recursos digitals:<\/p>\n<ul>\n<li><a href=\"https:\/\/drive.google.com\/file\/d\/19wUM6J8m9ScHJPF2bphRVy39chHJ7hil\/view?usp=sharing\" target=\"_blank\" rel=\"noopener noreferrer\">Autoritzaci\u00f3 relativa als alumnes: \u00fas d\u2019imatges, publicaci\u00f3 de dades de car\u00e0cter personal i de material que elaboren (menors de 14 anys)<\/a><\/li>\n<li><a href=\"https:\/\/drive.google.com\/file\/d\/1-t2mKZNjwV1yHJ366tiZzUfJOwMUHpK_\/view?usp=sharing\" target=\"_blank\" rel=\"noopener noreferrer\">Autoritzaci\u00f3 relativa als alumnes de menys de 14 anys: \u00fas de serveis i recursos digitals per treballar a l&#8217;aula<\/a><\/li>\n<\/ul>\n<p>Altres autoritzacions:<\/p>\n<ul>\n<li><a href=\"https:\/\/drive.google.com\/file\/d\/14S6E5YTkfccFOD-2ZMSRcJNu-HdgKR2p\/view?usp=sharing\" target=\"_blank\" rel=\"noopener\">Autoritzaci\u00f3 de recollida d&#8217;alumnes d&#8217;educaci\u00f3 infantil i cicle inicial<\/a><\/li>\n<li><a href=\"https:\/\/drive.google.com\/file\/d\/1x1DVNsF4TuntO6LLu1yUFus6VXX7njSN\/view?usp=sharing\" target=\"_blank\" rel=\"noopener\">Autoritzaci\u00f3 de sortides d&#8217;entorn<\/a><\/li>\n<\/ul>\n","protected":false},"excerpt":{"rendered":"<p>Documents de centre:<\/p>\n<ul>\n<li><a href=\"https:\/\/drive.google.com\/file\/d\/11HtMsjfXrz1PDjw-Sj3mq9ApeN_hGuMK\/view?usp=sharing\" target=\"_blank\" rel=\"noopener noreferrer\">Projecte Educatiu de Centre (PEC)<\/a><\/li>\n<li><a href=\"https:\/\/agora.xtec.cat\/ceipjosepmadrenys\/wp-content\/uploads\/usu1386\/2019\/10\/PROJECTE-LING\u00dc\u00cdSTIC-en-revisi\u00f3.pdf\" target=\"_blank\" rel=\"noopener noreferrer\">Projecte ling\u00fc\u00edstic (en revisi\u00f3)<\/a><\/li>\n<li><a href=\"https:\/\/drive.google.com\/file\/d\/1UG18-i6iLYJTyt4B7mxCxWrqDxHxw_-k\/view?usp=sharing\" target=\"_blank\" rel=\"noopener noreferrer\">Carta de comprom\u00eds educatiu<\/a><\/li>\n<li><a href=\"https:\/\/drive.google.com\/file\/d\/1GJigrFcO-a3N-raLRYndswFHdoGVLr5P\/view?usp=sharing\" target=\"_blank\" rel=\"noopener\">Pla de funcionament del menjador (curs 2024-2025)<\/a><\/li>\n<li><a href=\"https:\/\/drive.google.com\/file\/d\/1KnLY6UwMrPX91hiFw9v_0ZAIr-nhbudO\/view?usp=sharing\" target=\"_blank\" rel=\"noopener\">Protocol d&#8217;al\u00b7l\u00e8rgies, intoler\u00e0ncies i altres alternatives aliment\u00e0ries 2024-2025<\/a><\/li>\n<\/ul>\n<p>Documents relacionats&hellip;  <a href=\"https:\/\/agora.xtec.cat\/ceipjosepmadrenys\/lescola\/documents-per-families\/\" title=\"Read Documents per les fam\u00edlies\">Llegeix m\u00e9s\u00bb<\/a><\/p>\n","protected":false},"author":3,"featured_media":0,"parent":22,"menu_order":10,"comment_status":"closed","ping_status":"closed","template":"page-templates\/side-menu.php","meta":{"_bbp_topic_count":0,"_bbp_reply_count":0,"_bbp_total_topic_count":0,"_bbp_total_reply_count":0,"_bbp_voice_count":0,"_bbp_anonymous_reply_count":0,"_bbp_topic_count_hidden":0,"_bbp_reply_count_hidden":0,"_bbp_forum_subforum_count":0,"footnotes":""},"class_list":["post-670","page","type-page","status-publish","hentry"],"post_mailing_queue_ids":[],"_links":{"self":[{"href":"https:\/\/agora.xtec.cat\/ceipjosepmadrenys\/wp-json\/wp\/v2\/pages\/670","targetHints":{"allow":["GET"]}}],"collection":[{"href":"https:\/\/agora.xtec.cat\/ceipjosepmadrenys\/wp-json\/wp\/v2\/pages"}],"about":[{"href":"https:\/\/agora.xtec.cat\/ceipjosepmadrenys\/wp-json\/wp\/v2\/types\/page"}],"author":[{"embeddable":true,"href":"https:\/\/agora.xtec.cat\/ceipjosepmadrenys\/wp-json\/wp\/v2\/users\/3"}],"replies":[{"embeddable":true,"href":"https:\/\/agora.xtec.cat\/ceipjosepmadrenys\/wp-json\/wp\/v2\/comments?post=670"}],"version-history":[{"count":6,"href":"https:\/\/agora.xtec.cat\/ceipjosepmadrenys\/wp-json\/wp\/v2\/pages\/670\/revisions"}],"predecessor-version":[{"id":4832,"href":"https:\/\/agora.xtec.cat\/ceipjosepmadrenys\/wp-json\/wp\/v2\/pages\/670\/revisions\/4832"}],"up":[{"embeddable":true,"href":"https:\/\/agora.xtec.cat\/ceipjosepmadrenys\/wp-json\/wp\/v2\/pages\/22"}],"wp:attachment":[{"href":"https:\/\/agora.xtec.cat\/ceipjosepmadrenys\/wp-json\/wp\/v2\/media?parent=670"}],"curies":[{"name":"wp","href":"https:\/\/api.w.org\/{rel}","templated":true}]}}

Documents per les famílies

<p><center>Documents de centre:</center></p>
<ul>
<li><a href="https://drive.google.com/file/d/11HtMsjfXrz1PDjw-Sj3mq9ApeN_hGuMK/view?usp=sharing" target="_blank" rel="noopener noreferrer">Projecte Educatiu de Centre (PEC)</a></li>
<li><a href="https://agora.xtec.cat/ceipjosepmadrenys/wp-content/uploads/usu1386/2019/10/PROJECTE-LINGÜÍSTIC-en-revisió.pdf" target="_blank" rel="noopener noreferrer">Projecte lingüístic (en revisió)</a></li>
<li><a href="https://drive.google.com/file/d/1UG18-i6iLYJTyt4B7mxCxWrqDxHxw_-k/view?usp=sharing" target="_blank" rel="noopener noreferrer">Carta de compromís educatiu</a></li>
<li><a href="https://drive.google.com/file/d/1GJigrFcO-a3N-raLRYndswFHdoGVLr5P/view?usp=sharing" target="_blank" rel="noopener">Pla de funcionament del menjador (curs 2024-2025)</a></li>
<li><a href="https://drive.google.com/file/d/1KnLY6UwMrPX91hiFw9v_0ZAIr-nhbudO/view?usp=sharing" target="_blank" rel="noopener">Protocol d&#8217;al·lèrgies, intoleràncies i altres alternatives alimentàries 2024-2025</a></li>
</ul>
<p>Documents relacionats amb la salut dels i les alumnes:</p>
<ul>
<li><a href="https://agora.xtec.cat/ceipjosepmadrenys/wp-content/uploads/usu1386/2019/10/Autorització-medicaments.pdf" target="_blank" rel="noopener noreferrer">Autorització per l&#8217;administració de medicaments</a></li>
<li><a href="https://drive.google.com/file/d/19uYpBjcErZvZa0zmkS3HmYO-nKZeYZZ5/view?usp=sharing" target="_blank" rel="noopener noreferrer">Sol·licitud de control de glucosa als alumnes amb diabetis i autorització de l&#8217;administració d&#8217;insulina</a></li>
<li><a href="https://drive.google.com/file/d/1p4zubMlyQ_E1b9uVxzMTdf1FStW-uIDd/view?usp=sharing" target="_blank" rel="noopener noreferrer">Comunicació de l&#8217;escolarització d&#8217;un infant amb diabetis al centre d&#8217;atenció primària (CAP)</a></li>
<li><a href="https://drive.google.com/file/d/1hpenPdrMU_RdAFKqeho9mGILvKcl9czM/view?usp=sharing" target="_blank" rel="noopener">Autorització administració paracetamol</a></li>
</ul>
<p>Autoritzacions per l&#8217;ús d&#8217;imatges i l&#8217;ús de recursos digitals:</p>
<ul>
<li><a href="https://drive.google.com/file/d/19wUM6J8m9ScHJPF2bphRVy39chHJ7hil/view?usp=sharing" target="_blank" rel="noopener noreferrer">Autorització relativa als alumnes: ús d’imatges, publicació de dades de caràcter personal i de material que elaboren (menors de 14 anys)</a></li>
<li><a href="https://drive.google.com/file/d/1-t2mKZNjwV1yHJ366tiZzUfJOwMUHpK_/view?usp=sharing" target="_blank" rel="noopener noreferrer">Autorització relativa als alumnes de menys de 14 anys: ús de serveis i recursos digitals per treballar a l&#8217;aula</a></li>
</ul>
<p>Altres autoritzacions:</p>
<ul>
<li><a href="https://drive.google.com/file/d/14S6E5YTkfccFOD-2ZMSRcJNu-HdgKR2p/view?usp=sharing" target="_blank" rel="noopener">Autorització de recollida d&#8217;alumnes d&#8217;educació infantil i cicle inicial</a></li>
<li><a href="https://drive.google.com/file/d/1x1DVNsF4TuntO6LLu1yUFus6VXX7njSN/view?usp=sharing" target="_blank" rel="noopener">Autorització de sortides d&#8217;entorn</a></li>
</ul>

<p>Documents de centre:</p>
<ul>
<li><a href="https://drive.google.com/file/d/11HtMsjfXrz1PDjw-Sj3mq9ApeN_hGuMK/view?usp=sharing" target="_blank" rel="noopener noreferrer">Projecte Educatiu de Centre (PEC)</a></li>
<li><a href="https://agora.xtec.cat/ceipjosepmadrenys/wp-content/uploads/usu1386/2019/10/PROJECTE-LINGÜÍSTIC-en-revisió.pdf" target="_blank" rel="noopener noreferrer">Projecte lingüístic (en revisió)</a></li>
<li><a href="https://drive.google.com/file/d/1UG18-i6iLYJTyt4B7mxCxWrqDxHxw_-k/view?usp=sharing" target="_blank" rel="noopener noreferrer">Carta de compromís educatiu</a></li>
<li><a href="https://drive.google.com/file/d/1GJigrFcO-a3N-raLRYndswFHdoGVLr5P/view?usp=sharing" target="_blank" rel="noopener">Pla de funcionament del menjador (curs 2024-2025)</a></li>
<li><a href="https://drive.google.com/file/d/1KnLY6UwMrPX91hiFw9v_0ZAIr-nhbudO/view?usp=sharing" target="_blank" rel="noopener">Protocol d&#8217;al·lèrgies, intoleràncies i altres alternatives alimentàries 2024-2025</a></li>
</ul>
<p>Documents relacionats&hellip;  <a href="https://agora.xtec.cat/ceipjosepmadrenys/lescola/documents-per-families/" title="Read Documents per les famílies">Llegeix més»</a></p>
