{"id":30,"date":"2019-10-25T09:30:23","date_gmt":"2019-10-25T07:30:23","guid":{"rendered":"http:\/\/agora.xtec.cat\/ceipjosepmadrenys\/?page_id=30"},"modified":"2019-10-25T09:32:07","modified_gmt":"2019-10-25T07:32:07","slug":"instal%c2%b7lacions","status":"publish","type":"page","link":"https:\/\/agora.xtec.cat\/ceipjosepmadrenys\/lescola\/instal%c2%b7lacions\/","title":{"rendered":"Instal\u00b7lacions"},"content":{"rendered":"<p><strong>Educaci\u00f3 Prim\u00e0ria:<\/strong><\/p>\n<p>L&#8217;edifici de prim\u00e0ria consta de 15 aules repartides en 3 plantes a les quals se&#8217;ls d\u00f3na \u00fas de tutoria, aules de desdoblament, educaci\u00f3 especial, m\u00fasica, angl\u00e8s i aula de recerca.<\/p>\n<p><strong>Educaci\u00f3 Infantil:<\/strong><\/p>\n<p>L&#8217;escola tamb\u00e9 gaudeix de 6 aularis d&#8217;educaci\u00f3 infantil amb aire condicionat i calefacci\u00f3 repartits per nivells.<\/p>\n<p><strong>Pati:<\/strong><\/p>\n<p>Actualment, a espera de les imminents reformes de millora, l&#8217;escola consta d&#8217;un pati de sorra equipat per educaci\u00f3 infantil, una pista on practicar diverses activitats, la zona gran d&#8217;esbarjo per prim\u00e0ria i un petit sorral. Tamb\u00e9 es destina un petit espai a jocs de taula.<\/p>\n<p><strong>Pavell\u00f3 i gimn\u00e0s:<\/strong><\/p>\n<p>Tenim la sort de gaudir d&#8217;un gimn\u00e0s per practicar psicomotricitat i que l&#8217;ajuntament ens cedeix el pavell\u00f3 per la pr\u00e0ctica d&#8217;educaci\u00f3 f\u00edsica.<\/p>\n<p>&nbsp;<\/p>\n","protected":false},"excerpt":{"rendered":"<p>Educaci\u00f3 Prim\u00e0ria:<br \/>\nL&#8217;edifici de prim\u00e0ria consta de 15 aules repartides en 3 plantes a les quals se&#8217;ls d\u00f3na \u00fas de tutoria, aules de desdoblament, educaci\u00f3 especial, m\u00fasica, angl\u00e8s i aula de recerca.<br \/>\nEducaci\u00f3 Infantil:<br \/>\nL&#8217;escola tamb\u00e9 gaudeix de 6 aularis d&#8217;educaci\u00f3 infantil amb aire condicionat i calefacci\u00f3 repartits&hellip;  <a href=\"https:\/\/agora.xtec.cat\/ceipjosepmadrenys\/lescola\/instal%c2%b7lacions\/\" title=\"Read Instal\u00b7lacions\">Llegeix m\u00e9s\u00bb<\/a><\/p>\n","protected":false},"author":1,"featured_media":0,"parent":22,"menu_order":30,"comment_status":"closed","ping_status":"closed","template":"page-templates\/side-menu.php","meta":{"_bbp_topic_count":0,"_bbp_reply_count":0,"_bbp_total_topic_count":0,"_bbp_total_reply_count":0,"_bbp_voice_count":0,"_bbp_anonymous_reply_count":0,"_bbp_topic_count_hidden":0,"_bbp_reply_count_hidden":0,"_bbp_forum_subforum_count":0,"footnotes":""},"class_list":["post-30","page","type-page","status-publish","hentry"],"post_mailing_queue_ids":[],"_links":{"self":[{"href":"https:\/\/agora.xtec.cat\/ceipjosepmadrenys\/wp-json\/wp\/v2\/pages\/30","targetHints":{"allow":["GET"]}}],"collection":[{"href":"https:\/\/agora.xtec.cat\/ceipjosepmadrenys\/wp-json\/wp\/v2\/pages"}],"about":[{"href":"https:\/\/agora.xtec.cat\/ceipjosepmadrenys\/wp-json\/wp\/v2\/types\/page"}],"author":[{"embeddable":true,"href":"https:\/\/agora.xtec.cat\/ceipjosepmadrenys\/wp-json\/wp\/v2\/users\/1"}],"replies":[{"embeddable":true,"href":"https:\/\/agora.xtec.cat\/ceipjosepmadrenys\/wp-json\/wp\/v2\/comments?post=30"}],"version-history":[{"count":2,"href":"https:\/\/agora.xtec.cat\/ceipjosepmadrenys\/wp-json\/wp\/v2\/pages\/30\/revisions"}],"predecessor-version":[{"id":590,"href":"https:\/\/agora.xtec.cat\/ceipjosepmadrenys\/wp-json\/wp\/v2\/pages\/30\/revisions\/590"}],"up":[{"embeddable":true,"href":"https:\/\/agora.xtec.cat\/ceipjosepmadrenys\/wp-json\/wp\/v2\/pages\/22"}],"wp:attachment":[{"href":"https:\/\/agora.xtec.cat\/ceipjosepmadrenys\/wp-json\/wp\/v2\/media?parent=30"}],"curies":[{"name":"wp","href":"https:\/\/api.w.org\/{rel}","templated":true}]}}

<p><strong>Educació Primària:</strong></p>
<p>L&#8217;edifici de primària consta de 15 aules repartides en 3 plantes a les quals se&#8217;ls dóna ús de tutoria, aules de desdoblament, educació especial, música, anglès i aula de recerca.</p>
<p><strong>Educació Infantil:</strong></p>
<p>L&#8217;escola també gaudeix de 6 aularis d&#8217;educació infantil amb aire condicionat i calefacció repartits per nivells.</p>
<p><strong>Pati:</strong></p>
<p>Actualment, a espera de les imminents reformes de millora, l&#8217;escola consta d&#8217;un pati de sorra equipat per educació infantil, una pista on practicar diverses activitats, la zona gran d&#8217;esbarjo per primària i un petit sorral. També es destina un petit espai a jocs de taula.</p>
<p><strong>Pavelló i gimnàs:</strong></p>
<p>Tenim la sort de gaudir d&#8217;un gimnàs per practicar psicomotricitat i que l&#8217;ajuntament ens cedeix el pavelló per la pràctica d&#8217;educació física.</p>
<p>&nbsp;</p>

<p>Educació Primària:<br />
L&#8217;edifici de primària consta de 15 aules repartides en 3 plantes a les quals se&#8217;ls dóna ús de tutoria, aules de desdoblament, educació especial, música, anglès i aula de recerca.<br />
Educació Infantil:<br />
L&#8217;escola també gaudeix de 6 aularis d&#8217;educació infantil amb aire condicionat i calefacció repartits&hellip;  <a href="https://agora.xtec.cat/ceipjosepmadrenys/lescola/instal%c2%b7lacions/" title="Read Instal·lacions">Llegeix més»</a></p>
