{"id":26,"date":"2014-09-18T12:24:32","date_gmt":"2014-09-18T11:24:32","guid":{"rendered":"http:\/\/agora.xtec.cat\/ceipjosepmadrenys\/?page_id=26"},"modified":"2019-10-25T09:31:19","modified_gmt":"2019-10-25T07:31:19","slug":"historia","status":"publish","type":"page","link":"https:\/\/agora.xtec.cat\/ceipjosepmadrenys\/lescola\/historia\/","title":{"rendered":"Hist\u00f2ria"},"content":{"rendered":"<p style=\"text-align: justify;\">L&#8217;any 1919 el govern civil inst\u00e0 a l&#8217;ajuntament a construir unes escoles noves, ja que, fins aleshores, les aules havien estat instal\u00b7lades en edificis de lloguer que no reunien les condicions \u00f2ptimes per aquesta funci\u00f3. <span style=\"color: #ff6600;\"><em><strong>Josep Madrenys i Boada<\/strong><\/em><\/span>, propietari del Castell de Vilob\u00ed i descendent d&#8217;un ric indi\u00e0, fa donaci\u00f3 dels terrenys que formaven part de la coromina del castell per edificar les noves escoles.<sup id=\"cite_ref-patmapa_1-7\" class=\"reference\"><\/sup><\/p>\n<p style=\"text-align: justify;\">Les <span style=\"color: #3366ff;\"><em><strong>Escoles Velles de Vilob\u00ed<\/strong><\/em><\/span> van ser projectades per Jeroni Martorell l&#8217;any 1919 i inaugurades l&#8217;11 de juny de 1922. L&#8217;any 1927 es construeix la casa del mestre. Probablement en aquesta \u00e8poca s&#8217;abandona la idea d&#8217;edificar l&#8217;ajuntament, i l&#8217;espai destinat a ser la porta d&#8217;entrada es va convertir en porta d&#8217;acc\u00e9s al pati de les escoles. Amb la construcci\u00f3 de les noves escoles s&#8217;obre el carrer que porta el nom del donant dels terrenys, Madrenys, de manera que es projecta l&#8217;urbanisme de la vila creant-se una de les vies principals d&#8217;acc\u00e9s al nucli urb\u00e0.<\/p>\n<p style=\"text-align: justify;\"><sup id=\"cite_ref-patmapa_1-10\" class=\"reference\"><\/sup>A principis dels anys 60 es va edificar la casa de la mestra, al costat dret, prescindint per\u00f2 del projecte original.<\/p>\n<p style=\"text-align: justify;\"><sup id=\"cite_ref-patmapa_1-11\" class=\"reference\"><\/sup>L&#8217;any <em><strong><span style=\"color: #ff6600;\">1971 <\/span><\/strong><\/em><span style=\"color: #000000;\">s&#8217;inaugura la nostra <\/span><em><strong><span style=\"color: #3366ff;\">escola Josep Madrenys<\/span><\/strong><\/em>, a l&#8217;edifici actual i les Escoles Velles deixen de tenir el seu \u00fas originari fins que el 1979 l&#8217;edifici va allotjar l&#8217;Escola d&#8217;Educaci\u00f3 Infantil &#8220;El Patufet&#8221;.<sup id=\"cite_ref-patmapa_1-12\" class=\"reference\"><\/sup><\/p>\n<p>L&#8217;any 2012 el centre va celebrar els seus 40 anys i mica en mica estem apunt d&#8217;arribar a la mitja centena!<\/p>\n<table>\n<tbody>\n<tr>\n<td style=\"text-align: center;\"><img loading=\"lazy\" decoding=\"async\" class=\"aligncenter\" src=\"https:\/\/upload.wikimedia.org\/wikipedia\/commons\/2\/29\/57_Escoles_Velles%2C_c._Madrenys_1-5%2C_Vilob%C3%AD_d%27Onyar.jpg\" alt=\"\" width=\"310\" height=\"233\" \/><\/td>\n<td style=\"text-align: center;\"><a href=\"https:\/\/agora.xtec.cat\/ceipjosepmadrenys\/wp-content\/uploads\/usu1386\/2019\/09\/MADRENYS.png\"><img loading=\"lazy\" decoding=\"async\" class=\"wp-image-483 aligncenter\" src=\"https:\/\/agora.xtec.cat\/ceipjosepmadrenys\/wp-content\/uploads\/usu1386\/2019\/09\/MADRENYS.png\" alt=\"\" width=\"650\" height=\"143\" srcset=\"https:\/\/agora.xtec.cat\/ceipjosepmadrenys\/wp-content\/uploads\/usu1386\/2019\/09\/MADRENYS.png 1000w, https:\/\/agora.xtec.cat\/ceipjosepmadrenys\/wp-content\/uploads\/usu1386\/2019\/09\/MADRENYS-300x66.png 300w, https:\/\/agora.xtec.cat\/ceipjosepmadrenys\/wp-content\/uploads\/usu1386\/2019\/09\/MADRENYS-768x169.png 768w\" sizes=\"auto, (max-width: 650px) 100vw, 650px\" \/><\/a><\/td>\n<\/tr>\n<tr>\n<td style=\"text-align: center;\">Escoles Velles<\/td>\n<td style=\"text-align: center;\">Escola Josep Madrenys<\/td>\n<\/tr>\n<\/tbody>\n<\/table>\n<p><span style=\"text-decoration: underline;\"><em>FONTS:<\/em><\/span><\/p>\n<p><em>Wikipedia contributors. (s.f.). [Escoles Velles (Vilob\u00ed d&#8217;Onyar) &#8211; Viquip\u00e8dia, l&#8217;enciclop\u00e8dia lliure]. Recuperat 5 d&#8217;octubre, 2019, de <a href=\"https:\/\/ca.wikipedia.org\/wiki\/Escoles_Velles_(Vilob\u00ed_d%27Onyar)\" target=\"_blank\" rel=\"noopener noreferrer\">https:\/\/ca.wikipedia.org\/wiki\/Escoles_Velles_(Vilob\u00ed_d%27Onyar)<\/a><\/em><\/p>\n<p><em>GONZALO, J. (2012, 3 abril). 40 anys de l&#8217;escola Josep Madrenys. Recuperat 5 d&#8217;octubre, 2019, de <a href=\"http:\/\/www.elpuntavui.cat\/societat\/article\/525217-40-anys-de-lescola-josep-madrenys.html\" target=\"_blank\" rel=\"noopener noreferrer\">http:\/\/www.elpuntavui.cat\/societat\/article\/525217-40-anys-de-lescola-josep-madrenys.html<\/a><\/em><\/p>\n","protected":false},"excerpt":{"rendered":"<p>L&#8217;any 1919 el govern civil inst\u00e0 a l&#8217;ajuntament a construir unes escoles noves, ja que, fins aleshores, les aules havien estat instal\u00b7lades en edificis de lloguer que no reunien les condicions \u00f2ptimes per aquesta funci\u00f3. Josep Madrenys i Boada, propietari del Castell de Vilob\u00ed i&hellip;  <a href=\"https:\/\/agora.xtec.cat\/ceipjosepmadrenys\/lescola\/historia\/\" title=\"Read Hist\u00f2ria\">Llegeix m\u00e9s\u00bb<\/a><\/p>\n","protected":false},"author":1,"featured_media":0,"parent":22,"menu_order":20,"comment_status":"closed","ping_status":"closed","template":"page-templates\/side-menu.php","meta":{"_bbp_topic_count":0,"_bbp_reply_count":0,"_bbp_total_topic_count":0,"_bbp_total_reply_count":0,"_bbp_voice_count":0,"_bbp_anonymous_reply_count":0,"_bbp_topic_count_hidden":0,"_bbp_reply_count_hidden":0,"_bbp_forum_subforum_count":0,"footnotes":""},"class_list":["post-26","page","type-page","status-publish","hentry"],"post_mailing_queue_ids":[],"_links":{"self":[{"href":"https:\/\/agora.xtec.cat\/ceipjosepmadrenys\/wp-json\/wp\/v2\/pages\/26","targetHints":{"allow":["GET"]}}],"collection":[{"href":"https:\/\/agora.xtec.cat\/ceipjosepmadrenys\/wp-json\/wp\/v2\/pages"}],"about":[{"href":"https:\/\/agora.xtec.cat\/ceipjosepmadrenys\/wp-json\/wp\/v2\/types\/page"}],"author":[{"embeddable":true,"href":"https:\/\/agora.xtec.cat\/ceipjosepmadrenys\/wp-json\/wp\/v2\/users\/1"}],"replies":[{"embeddable":true,"href":"https:\/\/agora.xtec.cat\/ceipjosepmadrenys\/wp-json\/wp\/v2\/comments?post=26"}],"version-history":[{"count":3,"href":"https:\/\/agora.xtec.cat\/ceipjosepmadrenys\/wp-json\/wp\/v2\/pages\/26\/revisions"}],"predecessor-version":[{"id":536,"href":"https:\/\/agora.xtec.cat\/ceipjosepmadrenys\/wp-json\/wp\/v2\/pages\/26\/revisions\/536"}],"up":[{"embeddable":true,"href":"https:\/\/agora.xtec.cat\/ceipjosepmadrenys\/wp-json\/wp\/v2\/pages\/22"}],"wp:attachment":[{"href":"https:\/\/agora.xtec.cat\/ceipjosepmadrenys\/wp-json\/wp\/v2\/media?parent=26"}],"curies":[{"name":"wp","href":"https:\/\/api.w.org\/{rel}","templated":true}]}}

Història

<p style="text-align: justify;">L&#8217;any 1919 el govern civil instà a l&#8217;ajuntament a construir unes escoles noves, ja que, fins aleshores, les aules havien estat instal·lades en edificis de lloguer que no reunien les condicions òptimes per aquesta funció. <span style="color: #ff6600;"><em><strong>Josep Madrenys i Boada</strong></em></span>, propietari del Castell de Vilobí i descendent d&#8217;un ric indià, fa donació dels terrenys que formaven part de la coromina del castell per edificar les noves escoles.<sup id="cite_ref-patmapa_1-7" class="reference"></sup></p>
<p style="text-align: justify;">Les <span style="color: #3366ff;"><em><strong>Escoles Velles de Vilobí</strong></em></span> van ser projectades per Jeroni Martorell l&#8217;any 1919 i inaugurades l&#8217;11 de juny de 1922. L&#8217;any 1927 es construeix la casa del mestre. Probablement en aquesta època s&#8217;abandona la idea d&#8217;edificar l&#8217;ajuntament, i l&#8217;espai destinat a ser la porta d&#8217;entrada es va convertir en porta d&#8217;accés al pati de les escoles. Amb la construcció de les noves escoles s&#8217;obre el carrer que porta el nom del donant dels terrenys, Madrenys, de manera que es projecta l&#8217;urbanisme de la vila creant-se una de les vies principals d&#8217;accés al nucli urbà.</p>
<p style="text-align: justify;"><sup id="cite_ref-patmapa_1-10" class="reference"></sup>A principis dels anys 60 es va edificar la casa de la mestra, al costat dret, prescindint però del projecte original.</p>
<p style="text-align: justify;"><sup id="cite_ref-patmapa_1-11" class="reference"></sup>L&#8217;any <em><strong><span style="color: #ff6600;">1971 </span></strong></em><span style="color: #000000;">s&#8217;inaugura la nostra </span><em><strong><span style="color: #3366ff;">escola Josep Madrenys</span></strong></em>, a l&#8217;edifici actual i les Escoles Velles deixen de tenir el seu ús originari fins que el 1979 l&#8217;edifici va allotjar l&#8217;Escola d&#8217;Educació Infantil &#8220;El Patufet&#8221;.<sup id="cite_ref-patmapa_1-12" class="reference"></sup></p>
<p>L&#8217;any 2012 el centre va celebrar els seus 40 anys i mica en mica estem apunt d&#8217;arribar a la mitja centena!</p>
<table>
<tbody>
<tr>
<td style="text-align: center;"><img loading="lazy" decoding="async" class="aligncenter" src="https://upload.wikimedia.org/wikipedia/commons/2/29/57_Escoles_Velles%2C_c._Madrenys_1-5%2C_Vilob%C3%AD_d%27Onyar.jpg" alt="" width="310" height="233" /></td>
<td style="text-align: center;"><a href="https://agora.xtec.cat/ceipjosepmadrenys/wp-content/uploads/usu1386/2019/09/MADRENYS.png"><img loading="lazy" decoding="async" class="wp-image-483 aligncenter" src="https://agora.xtec.cat/ceipjosepmadrenys/wp-content/uploads/usu1386/2019/09/MADRENYS.png" alt="" width="650" height="143" srcset="https://agora.xtec.cat/ceipjosepmadrenys/wp-content/uploads/usu1386/2019/09/MADRENYS.png 1000w, https://agora.xtec.cat/ceipjosepmadrenys/wp-content/uploads/usu1386/2019/09/MADRENYS-300x66.png 300w, https://agora.xtec.cat/ceipjosepmadrenys/wp-content/uploads/usu1386/2019/09/MADRENYS-768x169.png 768w" sizes="auto, (max-width: 650px) 100vw, 650px" /></a></td>
</tr>
<tr>
<td style="text-align: center;">Escoles Velles</td>
<td style="text-align: center;">Escola Josep Madrenys</td>
</tr>
</tbody>
</table>
<p><span style="text-decoration: underline;"><em>FONTS:</em></span></p>
<p><em>Wikipedia contributors. (s.f.). [Escoles Velles (Vilobí d&#8217;Onyar) &#8211; Viquipèdia, l&#8217;enciclopèdia lliure]. Recuperat 5 d&#8217;octubre, 2019, de <a href="https://ca.wikipedia.org/wiki/Escoles_Velles_(Vilobí_d%27Onyar)" target="_blank" rel="noopener noreferrer">https://ca.wikipedia.org/wiki/Escoles_Velles_(Vilobí_d%27Onyar)</a></em></p>
<p><em>GONZALO, J. (2012, 3 abril). 40 anys de l&#8217;escola Josep Madrenys. Recuperat 5 d&#8217;octubre, 2019, de <a href="http://www.elpuntavui.cat/societat/article/525217-40-anys-de-lescola-josep-madrenys.html" target="_blank" rel="noopener noreferrer">http://www.elpuntavui.cat/societat/article/525217-40-anys-de-lescola-josep-madrenys.html</a></em></p>

<p>L&#8217;any 1919 el govern civil instà a l&#8217;ajuntament a construir unes escoles noves, ja que, fins aleshores, les aules havien estat instal·lades en edificis de lloguer que no reunien les condicions òptimes per aquesta funció. Josep Madrenys i Boada, propietari del Castell de Vilobí i&hellip;  <a href="https://agora.xtec.cat/ceipjosepmadrenys/lescola/historia/" title="Read Història">Llegeix més»</a></p>
